{"id":9886,"date":"2025-07-14T16:33:00","date_gmt":"2025-07-14T14:33:00","guid":{"rendered":"https:\/\/www.bynaldis-shop.com\/?post_type=product&#038;p=9886"},"modified":"2026-04-26T20:35:26","modified_gmt":"2026-04-26T18:35:26","slug":"sitzkissen-quadratisch-braun","status":"publish","type":"product","link":"https:\/\/www.bynaldis-shop.com\/?product=sitzkissen-quadratisch-braun","title":{"rendered":"Quadratisches Sitzkissen \u201eLieblingsplatz\u201c \u2013  braun"},"content":{"rendered":"<p data-start=\"123\" data-end=\"202\"><strong data-start=\"123\" data-end=\"200\">Quadratisches Sitzkissen \u201eLieblingsplatz\u201c \u2013 dein pers\u00f6nlicher Wohlf\u00fchlort<\/strong><\/p>\n<p data-start=\"204\" data-end=\"452\">Dieses einzelne Sitzkissen in warmem Braun bringt Komfort und eine herzliche Botschaft an deinen Lieblingsplatz. Die wei\u00dfe Aufschrift \u201eLieblingsplatz\u201c macht jeden Sitzplatz zu einem besonderen Ort, an dem du dich entspannen und wohlf\u00fchlen kannst.<\/p>\n<p data-start=\"454\" data-end=\"691\">Ob auf dem Stuhl, der Bank oder im Garten \u2013 dieses Kissen sorgt f\u00fcr angenehmen Sitzkomfort und l\u00e4dt zum Verweilen ein. Sein schlichtes Design passt zu vielen Einrichtungsstilen und schenkt deinem Raum eine warme, einladende Atmosph\u00e4re.<\/p>\n<p data-start=\"693\" data-end=\"714\"><strong data-start=\"693\" data-end=\"712\">Produktdetails:<\/strong><\/p>\n<ul data-start=\"715\" data-end=\"855\">\n<li data-start=\"715\" data-end=\"736\">\n<p data-start=\"717\" data-end=\"736\">Form: quadratisch<\/p>\n<\/li>\n<li data-start=\"737\" data-end=\"753\">\n<p data-start=\"739\" data-end=\"753\">Farbe: Braun<\/p>\n<\/li>\n<li data-start=\"754\" data-end=\"776\">\n<p data-start=\"756\" data-end=\"776\">Schriftfarbe: Wei\u00df<\/p>\n<\/li>\n<li data-start=\"777\" data-end=\"809\">\n<p data-start=\"779\" data-end=\"809\">Aufschrift: \u201eLieblingsplatz\u201c<\/p>\n<\/li>\n<li data-start=\"810\" data-end=\"855\">\n<p data-start=\"812\" data-end=\"855\">Ideal f\u00fcr St\u00fchle, B\u00e4nke und Outdoor-M\u00f6bel<\/p>\n<\/li>\n<\/ul>\n<p data-start=\"857\" data-end=\"973\">Mach deinen Lieblingsplatz noch gem\u00fctlicher \u2013 mit diesem sch\u00f6nen Sitzkissen, das Ruhe und Herzlichkeit ausstrahlt.<\/p>\n","protected":false},"excerpt":{"rendered":"<p>Quadratisches Sitzkissen \u201eLieblingsplatz\u201c \u2013 dein pers\u00f6nlicher Wohlf\u00fchlort Dieses einzelne Sitzkissen in warmem Braun bringt Komfort und eine herzliche Botschaft an deinen Lieblingsplatz. Die wei\u00dfe Aufschrift \u201eLieblingsplatz\u201c macht jeden Sitzplatz zu einem besonderen Ort, an dem du dich entspannen und wohlf\u00fchlen kannst. Ob auf dem Stuhl, der Bank oder im Garten \u2013 dieses Kissen sorgt f\u00fcr [&hellip;]<\/p>\n<p><a class=\"read-more\" href=\"https:\/\/www.bynaldis-shop.com\/?product=sitzkissen-quadratisch-braun\">Mehr lesen<span class=\"meta-nav\">&rarr;<\/span><\/a><\/p>\n","protected":false},"featured_media":9906,"template":"","meta":[],"product_brand":[],"product_cat":[349],"product_tag":[],"class_list":{"0":"post-9886","1":"product","2":"type-product","3":"status-publish","4":"has-post-thumbnail","6":"product_cat-kissen","8":"first","9":"instock","10":"taxable","11":"shipping-taxable","12":"purchasable","13":"product-type-simple"},"_links":{"self":[{"href":"https:\/\/www.bynaldis-shop.com\/index.php?rest_route=\/wp\/v2\/product\/9886","targetHints":{"allow":["GET"]}}],"collection":[{"href":"https:\/\/www.bynaldis-shop.com\/index.php?rest_route=\/wp\/v2\/product"}],"about":[{"href":"https:\/\/www.bynaldis-shop.com\/index.php?rest_route=\/wp\/v2\/types\/product"}],"wp:featuredmedia":[{"embeddable":true,"href":"https:\/\/www.bynaldis-shop.com\/index.php?rest_route=\/wp\/v2\/media\/9906"}],"wp:attachment":[{"href":"https:\/\/www.bynaldis-shop.com\/index.php?rest_route=%2Fwp%2Fv2%2Fmedia&parent=9886"}],"wp:term":[{"taxonomy":"product_brand","embeddable":true,"href":"https:\/\/www.bynaldis-shop.com\/index.php?rest_route=%2Fwp%2Fv2%2Fproduct_brand&post=9886"},{"taxonomy":"product_cat","embeddable":true,"href":"https:\/\/www.bynaldis-shop.com\/index.php?rest_route=%2Fwp%2Fv2%2Fproduct_cat&post=9886"},{"taxonomy":"product_tag","embeddable":true,"href":"https:\/\/www.bynaldis-shop.com\/index.php?rest_route=%2Fwp%2Fv2%2Fproduct_tag&post=9886"}],"curies":[{"name":"wp","href":"https:\/\/api.w.org\/{rel}","templated":true}]}}