{"id":9850,"date":"2025-07-03T08:18:56","date_gmt":"2025-07-03T06:18:56","guid":{"rendered":"https:\/\/www.bynaldis-shop.com\/?post_type=product&#038;p=9850"},"modified":"2025-08-11T18:48:10","modified_gmt":"2025-08-11T16:48:10","slug":"chakra-armband-haematit-demnaechst-lieferbar","status":"publish","type":"product","link":"https:\/\/www.bynaldis-shop.com\/?product=chakra-armband-haematit-demnaechst-lieferbar","title":{"rendered":"Elastisches Armband mit H\u00e4matitperlen und sieben Chakren-Edelsteinen"},"content":{"rendered":"<p data-start=\"135\" data-end=\"209\"><strong data-start=\"135\" data-end=\"207\">Elastisches Armband mit H\u00e4matitperlen und sieben Chakren-Edelsteinen<\/strong><\/p>\n<p data-start=\"211\" data-end=\"411\">Dieses wundersch\u00f6ne Armband vereint sieben kraftvolle Edelsteine, die jeweils f\u00fcr eines der Chakren stehen: roten Jaspis, Karneol, gelben Aventurin, gr\u00fcnen Aventurin, Angelit, Sodalith und Amethyst.<\/p>\n<p data-start=\"413\" data-end=\"595\">Die Perlen haben einen angenehmen Durchmesser von ca. 8 mm und werden durch den metallisch gl\u00e4nzenden H\u00e4matit erg\u00e4nzt, der dem Armband eine erdende und sch\u00fctzende Wirkung verleiht.<\/p>\n<p data-start=\"597\" data-end=\"749\">Gemeinsam sollen die Steine f\u00fcr energetisches Gleichgewicht, emotionale Ausgeglichenheit und eine harmonische Verbindung von K\u00f6rper und Geist sorgen.*<\/p>\n<p data-start=\"751\" data-end=\"893\">Mit einer elastischen Gr\u00f6\u00dfe von 8 cm passt das Armband bequem an dein Handgelenk und begleitet dich stilvoll und kraftvoll durch den Alltag.<\/p>\n<p data-start=\"895\" data-end=\"1170\"><strong data-start=\"895\" data-end=\"907\">Hinweis:<\/strong> Die beschriebenen Wirkungen basieren auf Erfahrungen von Anwendern und Edelsteintherapeuten und sind wissenschaftlich nicht erwiesen. Sie ersetzen keine medizinische Diagnose oder Behandlung. Bitte konsultiere bei gesundheitlichen Beschwerden immer einen Arzt.<\/p>\n","protected":false},"excerpt":{"rendered":"<p>Elastisches Armband mit H\u00e4matitperlen und sieben Chakren-Edelsteinen Dieses wundersch\u00f6ne Armband vereint sieben kraftvolle Edelsteine, die jeweils f\u00fcr eines der Chakren stehen: roten Jaspis, Karneol, gelben Aventurin, gr\u00fcnen Aventurin, Angelit, Sodalith und Amethyst. Die Perlen haben einen angenehmen Durchmesser von ca. 8 mm und werden durch den metallisch gl\u00e4nzenden H\u00e4matit erg\u00e4nzt, der dem Armband eine erdende [&hellip;]<\/p>\n<p><a class=\"read-more\" href=\"https:\/\/www.bynaldis-shop.com\/?product=chakra-armband-haematit-demnaechst-lieferbar\">Mehr lesen<span class=\"meta-nav\">&rarr;<\/span><\/a><\/p>\n","protected":false},"featured_media":9851,"template":"","meta":[],"product_brand":[],"product_cat":[282],"product_tag":[],"class_list":{"0":"post-9850","1":"product","2":"type-product","3":"status-publish","4":"has-post-thumbnail","6":"product_cat-anhaenger-und-armbaender","8":"first","9":"instock","10":"taxable","11":"shipping-taxable","12":"purchasable","13":"product-type-simple"},"_links":{"self":[{"href":"https:\/\/www.bynaldis-shop.com\/index.php?rest_route=\/wp\/v2\/product\/9850","targetHints":{"allow":["GET"]}}],"collection":[{"href":"https:\/\/www.bynaldis-shop.com\/index.php?rest_route=\/wp\/v2\/product"}],"about":[{"href":"https:\/\/www.bynaldis-shop.com\/index.php?rest_route=\/wp\/v2\/types\/product"}],"wp:featuredmedia":[{"embeddable":true,"href":"https:\/\/www.bynaldis-shop.com\/index.php?rest_route=\/wp\/v2\/media\/9851"}],"wp:attachment":[{"href":"https:\/\/www.bynaldis-shop.com\/index.php?rest_route=%2Fwp%2Fv2%2Fmedia&parent=9850"}],"wp:term":[{"taxonomy":"product_brand","embeddable":true,"href":"https:\/\/www.bynaldis-shop.com\/index.php?rest_route=%2Fwp%2Fv2%2Fproduct_brand&post=9850"},{"taxonomy":"product_cat","embeddable":true,"href":"https:\/\/www.bynaldis-shop.com\/index.php?rest_route=%2Fwp%2Fv2%2Fproduct_cat&post=9850"},{"taxonomy":"product_tag","embeddable":true,"href":"https:\/\/www.bynaldis-shop.com\/index.php?rest_route=%2Fwp%2Fv2%2Fproduct_tag&post=9850"}],"curies":[{"name":"wp","href":"https:\/\/api.w.org\/{rel}","templated":true}]}}