{"id":9848,"date":"2025-07-03T08:16:34","date_gmt":"2025-07-03T06:16:34","guid":{"rendered":"https:\/\/www.bynaldis-shop.com\/?post_type=product&#038;p=9848"},"modified":"2025-08-11T18:48:42","modified_gmt":"2025-08-11T16:48:42","slug":"anhaenger-engelfluegel-amethyst-demnaechst-lieferbar","status":"publish","type":"product","link":"https:\/\/www.bynaldis-shop.com\/?product=anhaenger-engelfluegel-amethyst-demnaechst-lieferbar","title":{"rendered":"Zierlicher Engelsfl\u00fcgel-Anh\u00e4nger aus nat\u00fcrlichem Amethyst"},"content":{"rendered":"<p data-start=\"134\" data-end=\"197\"><strong data-start=\"134\" data-end=\"195\">Zierlicher Engelsfl\u00fcgel-Anh\u00e4nger aus nat\u00fcrlichem Amethyst<\/strong><\/p>\n<p data-start=\"199\" data-end=\"468\">Dieser filigrane Anh\u00e4nger in Engelsfl\u00fcgelform wurde aus wundersch\u00f6nem, nat\u00fcrlichem Amethyst gefertigt. Mit seiner kleinen Metall\u00f6se l\u00e4sst er sich leicht an einer Kette oder einem Schl\u00fcsselanh\u00e4nger befestigen \u2013 so hast du deinen pers\u00f6nlichen Schutzengel immer bei dir.<\/p>\n<p data-start=\"470\" data-end=\"744\">Der Amethyst ist bekannt f\u00fcr seine beruhigenden Eigenschaften und unterst\u00fctzt innere Ruhe und Ausgeglichenheit. In Verbindung mit Rosenquarz, dem Stein der Liebe und des Mitgef\u00fchls, f\u00f6rdert er Selbstannahme, inneren Frieden und eine sanfte Verbindung zu anderen Menschen.*<\/p>\n<p data-start=\"746\" data-end=\"854\">Mit einer Gr\u00f6\u00dfe von ca. 3 x 1,5 cm ist dieser Anh\u00e4nger ein zartes Schmuckst\u00fcck voller Bedeutung und Kraft.<\/p>\n<p data-start=\"856\" data-end=\"1131\"><strong data-start=\"856\" data-end=\"868\">Hinweis:<\/strong> Die beschriebenen Wirkungen basieren auf Erfahrungen von Anwendern und Edelsteintherapeuten und sind wissenschaftlich nicht erwiesen. Sie ersetzen keine medizinische Diagnose oder Behandlung. Bitte konsultiere bei gesundheitlichen Beschwerden immer einen Arzt.<\/p>\n","protected":false},"excerpt":{"rendered":"<p>Zierlicher Engelsfl\u00fcgel-Anh\u00e4nger aus nat\u00fcrlichem Amethyst Dieser filigrane Anh\u00e4nger in Engelsfl\u00fcgelform wurde aus wundersch\u00f6nem, nat\u00fcrlichem Amethyst gefertigt. Mit seiner kleinen Metall\u00f6se l\u00e4sst er sich leicht an einer Kette oder einem Schl\u00fcsselanh\u00e4nger befestigen \u2013 so hast du deinen pers\u00f6nlichen Schutzengel immer bei dir. Der Amethyst ist bekannt f\u00fcr seine beruhigenden Eigenschaften und unterst\u00fctzt innere Ruhe und Ausgeglichenheit. [&hellip;]<\/p>\n<p><a class=\"read-more\" href=\"https:\/\/www.bynaldis-shop.com\/?product=anhaenger-engelfluegel-amethyst-demnaechst-lieferbar\">Mehr lesen<span class=\"meta-nav\">&rarr;<\/span><\/a><\/p>\n","protected":false},"featured_media":9849,"template":"","meta":[],"product_brand":[],"product_cat":[219,282],"product_tag":[],"class_list":{"0":"post-9848","1":"product","2":"type-product","3":"status-publish","4":"has-post-thumbnail","6":"product_cat-noch-mehr-engel","7":"product_cat-anhaenger-und-armbaender","9":"first","10":"instock","11":"taxable","12":"shipping-taxable","13":"purchasable","14":"product-type-simple"},"_links":{"self":[{"href":"https:\/\/www.bynaldis-shop.com\/index.php?rest_route=\/wp\/v2\/product\/9848","targetHints":{"allow":["GET"]}}],"collection":[{"href":"https:\/\/www.bynaldis-shop.com\/index.php?rest_route=\/wp\/v2\/product"}],"about":[{"href":"https:\/\/www.bynaldis-shop.com\/index.php?rest_route=\/wp\/v2\/types\/product"}],"wp:featuredmedia":[{"embeddable":true,"href":"https:\/\/www.bynaldis-shop.com\/index.php?rest_route=\/wp\/v2\/media\/9849"}],"wp:attachment":[{"href":"https:\/\/www.bynaldis-shop.com\/index.php?rest_route=%2Fwp%2Fv2%2Fmedia&parent=9848"}],"wp:term":[{"taxonomy":"product_brand","embeddable":true,"href":"https:\/\/www.bynaldis-shop.com\/index.php?rest_route=%2Fwp%2Fv2%2Fproduct_brand&post=9848"},{"taxonomy":"product_cat","embeddable":true,"href":"https:\/\/www.bynaldis-shop.com\/index.php?rest_route=%2Fwp%2Fv2%2Fproduct_cat&post=9848"},{"taxonomy":"product_tag","embeddable":true,"href":"https:\/\/www.bynaldis-shop.com\/index.php?rest_route=%2Fwp%2Fv2%2Fproduct_tag&post=9848"}],"curies":[{"name":"wp","href":"https:\/\/api.w.org\/{rel}","templated":true}]}}