{"id":9814,"date":"2025-06-22T19:29:27","date_gmt":"2025-06-22T17:29:27","guid":{"rendered":"https:\/\/www.bynaldis-shop.com\/?post_type=product&#038;p=9814"},"modified":"2025-08-12T11:21:41","modified_gmt":"2025-08-12T09:21:41","slug":"windlicht-hase-gross-2","status":"publish","type":"product","link":"https:\/\/www.bynaldis-shop.com\/?product=windlicht-hase-gross-2","title":{"rendered":"Windlicht mit liebevollem Hasenmotiv \u2013 Gl\u00fcckliche Momente zu Ostern"},"content":{"rendered":"<p data-start=\"87\" data-end=\"160\"><strong data-start=\"87\" data-end=\"158\">Windlicht mit liebevollem Hasenmotiv \u2013 Gl\u00fcckliche Momente zu Ostern<\/strong><\/p>\n<p data-start=\"162\" data-end=\"357\">Dieses bezaubernde Windlicht zeigt einen liegenden Hasen \u2013 vielleicht Mama oder Papa \u2013 auf dessen Bauch ein kleiner Hasenkind sitzt. Beide schauen gemeinsam gl\u00fccklich und vertr\u00e4umt in die Luft.<\/p>\n<p data-start=\"359\" data-end=\"506\">Das sanfte Licht, das durch das Milchglas strahlt, schafft eine warme und friedliche Atmosph\u00e4re, die Geborgenheit und Familiengl\u00fcck symbolisiert.<\/p>\n<p data-start=\"508\" data-end=\"632\">Ein liebevolles Dekost\u00fcck f\u00fcr dein Zuhause, das die Freude, Liebe und N\u00e4he in der Osterzeit besonders zum Ausdruck bringt.<\/p>\n<p data-start=\"508\" data-end=\"632\">Passend dazu findest du in unserem Shop liebevoll ausgew\u00e4hlte Bienenwachsteelichter und weitere Teelichter, die deinem Stern ein besonders warmes und nat\u00fcrliches Licht schenken. Entdecke deine Lieblingslichter und kreiere magische Momente.<\/p>\n","protected":false},"excerpt":{"rendered":"<p>Windlicht mit liebevollem Hasenmotiv \u2013 Gl\u00fcckliche Momente zu Ostern Dieses bezaubernde Windlicht zeigt einen liegenden Hasen \u2013 vielleicht Mama oder Papa \u2013 auf dessen Bauch ein kleiner Hasenkind sitzt. Beide schauen gemeinsam gl\u00fccklich und vertr\u00e4umt in die Luft. Das sanfte Licht, das durch das Milchglas strahlt, schafft eine warme und friedliche Atmosph\u00e4re, die Geborgenheit und [&hellip;]<\/p>\n<p><a class=\"read-more\" href=\"https:\/\/www.bynaldis-shop.com\/?product=windlicht-hase-gross-2\">Mehr lesen<span class=\"meta-nav\">&rarr;<\/span><\/a><\/p>\n","protected":false},"featured_media":9761,"template":"","meta":[],"product_brand":[],"product_cat":[264,211],"product_tag":[],"class_list":{"0":"post-9814","1":"product","2":"type-product","3":"status-publish","4":"has-post-thumbnail","6":"product_cat-teelichter-und-halter","7":"product_cat-ostern","9":"first","10":"instock","11":"taxable","12":"shipping-taxable","13":"purchasable","14":"product-type-simple"},"_links":{"self":[{"href":"https:\/\/www.bynaldis-shop.com\/index.php?rest_route=\/wp\/v2\/product\/9814","targetHints":{"allow":["GET"]}}],"collection":[{"href":"https:\/\/www.bynaldis-shop.com\/index.php?rest_route=\/wp\/v2\/product"}],"about":[{"href":"https:\/\/www.bynaldis-shop.com\/index.php?rest_route=\/wp\/v2\/types\/product"}],"wp:featuredmedia":[{"embeddable":true,"href":"https:\/\/www.bynaldis-shop.com\/index.php?rest_route=\/wp\/v2\/media\/9761"}],"wp:attachment":[{"href":"https:\/\/www.bynaldis-shop.com\/index.php?rest_route=%2Fwp%2Fv2%2Fmedia&parent=9814"}],"wp:term":[{"taxonomy":"product_brand","embeddable":true,"href":"https:\/\/www.bynaldis-shop.com\/index.php?rest_route=%2Fwp%2Fv2%2Fproduct_brand&post=9814"},{"taxonomy":"product_cat","embeddable":true,"href":"https:\/\/www.bynaldis-shop.com\/index.php?rest_route=%2Fwp%2Fv2%2Fproduct_cat&post=9814"},{"taxonomy":"product_tag","embeddable":true,"href":"https:\/\/www.bynaldis-shop.com\/index.php?rest_route=%2Fwp%2Fv2%2Fproduct_tag&post=9814"}],"curies":[{"name":"wp","href":"https:\/\/api.w.org\/{rel}","templated":true}]}}