{"id":9808,"date":"2025-06-22T19:21:22","date_gmt":"2025-06-22T17:21:22","guid":{"rendered":"https:\/\/www.bynaldis-shop.com\/?post_type=product&#038;p=9808"},"modified":"2026-04-26T20:43:49","modified_gmt":"2026-04-26T18:43:49","slug":"weihnachtsbecher-fiete-demnaechst-lieferbar-2","status":"publish","type":"product","link":"https:\/\/www.bynaldis-shop.com\/?product=weihnachtsbecher-fiete-demnaechst-lieferbar-2","title":{"rendered":"Weihnachtsbecher Fiete \u2013 Herzensw\u00e4rme f\u00fcr kalte Wintertage"},"content":{"rendered":"<p data-start=\"97\" data-end=\"161\"><strong data-start=\"97\" data-end=\"159\">Weihnachtsbecher Fiete \u2013 Herzensw\u00e4rme f\u00fcr kalte Wintertage<\/strong><\/p>\n<p data-start=\"163\" data-end=\"486\">Fiete ist mehr als nur ein Becher \u2013 er ist ein kleiner Begleiter f\u00fcr gem\u00fctliche Momente in der Weihnachtszeit. Aus hochwertiger Keramik gefertigt, liegt er angenehm in der Hand und bringt mit seinen Ma\u00dfen von 12,5 x 8,7 x 8,7 cm genau die richtige Gr\u00f6\u00dfe f\u00fcr deinen Lieblingskaffee, Tee oder eine cremige hei\u00dfe Schokolade.<\/p>\n<p data-start=\"488\" data-end=\"660\">Mit liebevollen Details und einem Hauch festlicher Stimmung erinnert Fiete daran, innezuhalten, den Duft von Zimt und Geb\u00e4ck zu genie\u00dfen und das Herz mit W\u00e4rme zu f\u00fcllen.<\/p>\n<p data-start=\"662\" data-end=\"810\">Ob am festlich gedeckten Fr\u00fchst\u00fcckstisch oder beim entspannten Abend am Kamin \u2013 Fiete schenkt dir ein St\u00fcck Weihnachtszauber, Schluck f\u00fcr Schluck.<\/p>\n","protected":false},"excerpt":{"rendered":"<p>Weihnachtsbecher Fiete \u2013 Herzensw\u00e4rme f\u00fcr kalte Wintertage Fiete ist mehr als nur ein Becher \u2013 er ist ein kleiner Begleiter f\u00fcr gem\u00fctliche Momente in der Weihnachtszeit. Aus hochwertiger Keramik gefertigt, liegt er angenehm in der Hand und bringt mit seinen Ma\u00dfen von 12,5 x 8,7 x 8,7 cm genau die richtige Gr\u00f6\u00dfe f\u00fcr deinen Lieblingskaffee, [&hellip;]<\/p>\n<p><a class=\"read-more\" href=\"https:\/\/www.bynaldis-shop.com\/?product=weihnachtsbecher-fiete-demnaechst-lieferbar-2\">Mehr lesen<span class=\"meta-nav\">&rarr;<\/span><\/a><\/p>\n","protected":false},"featured_media":9759,"template":"","meta":[],"product_brand":[],"product_cat":[358,271,276,280],"product_tag":[],"class_list":{"0":"post-9808","1":"product","2":"type-product","3":"status-publish","4":"has-post-thumbnail","6":"product_cat-wohl-fuehl-geschirr","7":"product_cat-zubehoer-tee-und-zubehoer","8":"product_cat-weihnachtsmaenner-und-wichtel","9":"product_cat-noch-mehr-weihnachten","11":"first","12":"instock","13":"taxable","14":"shipping-taxable","15":"purchasable","16":"product-type-simple"},"_links":{"self":[{"href":"https:\/\/www.bynaldis-shop.com\/index.php?rest_route=\/wp\/v2\/product\/9808","targetHints":{"allow":["GET"]}}],"collection":[{"href":"https:\/\/www.bynaldis-shop.com\/index.php?rest_route=\/wp\/v2\/product"}],"about":[{"href":"https:\/\/www.bynaldis-shop.com\/index.php?rest_route=\/wp\/v2\/types\/product"}],"wp:featuredmedia":[{"embeddable":true,"href":"https:\/\/www.bynaldis-shop.com\/index.php?rest_route=\/wp\/v2\/media\/9759"}],"wp:attachment":[{"href":"https:\/\/www.bynaldis-shop.com\/index.php?rest_route=%2Fwp%2Fv2%2Fmedia&parent=9808"}],"wp:term":[{"taxonomy":"product_brand","embeddable":true,"href":"https:\/\/www.bynaldis-shop.com\/index.php?rest_route=%2Fwp%2Fv2%2Fproduct_brand&post=9808"},{"taxonomy":"product_cat","embeddable":true,"href":"https:\/\/www.bynaldis-shop.com\/index.php?rest_route=%2Fwp%2Fv2%2Fproduct_cat&post=9808"},{"taxonomy":"product_tag","embeddable":true,"href":"https:\/\/www.bynaldis-shop.com\/index.php?rest_route=%2Fwp%2Fv2%2Fproduct_tag&post=9808"}],"curies":[{"name":"wp","href":"https:\/\/api.w.org\/{rel}","templated":true}]}}