{"id":9585,"date":"2025-06-22T10:19:26","date_gmt":"2025-06-22T08:19:26","guid":{"rendered":"https:\/\/www.bynaldis-shop.com\/?post_type=product&#038;p=9585"},"modified":"2025-10-28T10:06:33","modified_gmt":"2025-10-28T09:06:33","slug":"weihnachtsmann-2-demnaechst-lieferbar","status":"publish","type":"product","link":"https:\/\/www.bynaldis-shop.com\/?product=weihnachtsmann-2-demnaechst-lieferbar","title":{"rendered":"Nostalgischer Weihnachtsmann mit kugeligem Bauch und Geschenkesack \u2013 Ein Bote der Weihnachtsfreude"},"content":{"rendered":"<p data-start=\"137\" data-end=\"239\"><strong data-start=\"137\" data-end=\"239\">Nostalgischer Weihnachtsmann mit kugeligem Bauch und Geschenkesack \u2013 Ein Bote der Weihnachtsfreude<\/strong><\/p>\n<p data-start=\"241\" data-end=\"471\">Weihnachten ist die Zeit, in der kleine Gesten und liebevolle Geschenke besondere Bedeutung bekommen. Es sind die Momente des Miteinanders und der Herzlichkeit, die unser Zuhause mit W\u00e4rme erf\u00fcllen und f\u00fcr strahlende Augen sorgen.<\/p>\n<p data-start=\"473\" data-end=\"761\">Unser kleiner Weihnachtsmann ist liebevoll gestaltet, nur 5 cm gro\u00df, mit klassischer roter Kutte, roter M\u00fctze und wei\u00dfem Bart. \u00dcber seine rechte Schulter tr\u00e4gt er einen prall gef\u00fcllten Weihnachtssack \u2013 als wolle er sagen: \u201eIch bringe euch Freude und sch\u00f6ne Geschenke zur festlichen Zeit.\u201c<\/p>\n<p data-start=\"763\" data-end=\"1082\">Dieser Weihnachtsmann ist das perfekte kleine Mitbringsel oder eine herzerw\u00e4rmende Dekoration f\u00fcr Nachbarn, Freunde, Kollegen oder alle, die du in der Weihnachtszeit beschenken und erfreuen m\u00f6chtest. Mit seinem stillen, warmen Ausdruck und dem Geschenk voller Liebe bringt er festlichen Zauber direkt zu dir nach Hause.<\/p>\n","protected":false},"excerpt":{"rendered":"<p>Nostalgischer Weihnachtsmann mit kugeligem Bauch und Geschenkesack \u2013 Ein Bote der Weihnachtsfreude Weihnachten ist die Zeit, in der kleine Gesten und liebevolle Geschenke besondere Bedeutung bekommen. Es sind die Momente des Miteinanders und der Herzlichkeit, die unser Zuhause mit W\u00e4rme erf\u00fcllen und f\u00fcr strahlende Augen sorgen. Unser kleiner Weihnachtsmann ist liebevoll gestaltet, nur 5 cm [&hellip;]<\/p>\n<p><a class=\"read-more\" href=\"https:\/\/www.bynaldis-shop.com\/?product=weihnachtsmann-2-demnaechst-lieferbar\">Mehr lesen<span class=\"meta-nav\">&rarr;<\/span><\/a><\/p>\n","protected":false},"featured_media":9586,"template":"","meta":[],"product_brand":[],"product_cat":[276],"product_tag":[],"class_list":{"0":"post-9585","1":"product","2":"type-product","3":"status-publish","4":"has-post-thumbnail","6":"product_cat-weihnachtsmaenner-und-wichtel","8":"first","9":"instock","10":"taxable","11":"shipping-taxable","12":"purchasable","13":"product-type-simple"},"_links":{"self":[{"href":"https:\/\/www.bynaldis-shop.com\/index.php?rest_route=\/wp\/v2\/product\/9585","targetHints":{"allow":["GET"]}}],"collection":[{"href":"https:\/\/www.bynaldis-shop.com\/index.php?rest_route=\/wp\/v2\/product"}],"about":[{"href":"https:\/\/www.bynaldis-shop.com\/index.php?rest_route=\/wp\/v2\/types\/product"}],"wp:featuredmedia":[{"embeddable":true,"href":"https:\/\/www.bynaldis-shop.com\/index.php?rest_route=\/wp\/v2\/media\/9586"}],"wp:attachment":[{"href":"https:\/\/www.bynaldis-shop.com\/index.php?rest_route=%2Fwp%2Fv2%2Fmedia&parent=9585"}],"wp:term":[{"taxonomy":"product_brand","embeddable":true,"href":"https:\/\/www.bynaldis-shop.com\/index.php?rest_route=%2Fwp%2Fv2%2Fproduct_brand&post=9585"},{"taxonomy":"product_cat","embeddable":true,"href":"https:\/\/www.bynaldis-shop.com\/index.php?rest_route=%2Fwp%2Fv2%2Fproduct_cat&post=9585"},{"taxonomy":"product_tag","embeddable":true,"href":"https:\/\/www.bynaldis-shop.com\/index.php?rest_route=%2Fwp%2Fv2%2Fproduct_tag&post=9585"}],"curies":[{"name":"wp","href":"https:\/\/api.w.org\/{rel}","templated":true}]}}