{"id":9523,"date":"2025-06-18T13:47:54","date_gmt":"2025-06-18T11:47:54","guid":{"rendered":"https:\/\/www.bynaldis-shop.com\/?post_type=product&#038;p=9523"},"modified":"2026-04-26T20:25:41","modified_gmt":"2026-04-26T18:25:41","slug":"engelkreis","status":"publish","type":"product","link":"https:\/\/www.bynaldis-shop.com\/?product=engelkreis","title":{"rendered":"Engelkreis \u2013 Besch\u00fctzer des Lichts und der Herzensw\u00e4rme"},"content":{"rendered":"<p data-start=\"83\" data-end=\"142\"><strong data-start=\"83\" data-end=\"142\">Engelkreis \u2013 Besch\u00fctzer des Lichts und der Herzensw\u00e4rme<\/strong><\/p>\n<p data-start=\"144\" data-end=\"417\">In der stillen, besinnlichen Zeit der Weihnacht sind es die Engel, die uns sanft begleiten, sch\u00fctzen und beh\u00fcten. Unser Engelkreis mit einer H\u00f6he von 10,9 cm zeigt drei wundersch\u00f6ne Engel, die sich an den H\u00e4nden halten und gemeinsam ein Teelicht in ihrer Mitte umschlie\u00dfen.<\/p>\n<p data-start=\"419\" data-end=\"636\">Mit ihren roten Kleidchen, wei\u00dfen Fl\u00fcgeln, braunen Haaren und goldenen Heiligenscheinen strahlen sie W\u00e4rme, Frieden und Geborgenheit aus \u2013 ein Symbol f\u00fcr den Schutz und die Liebe, die uns in der Weihnachtszeit umgibt.\u00a0Das Teelicht kann sicher in der Mitte platziert werden, um sanftes, stimmungsvolles Licht zu schenken.\u00a0Dieser Engelkreis ist die perfekte Dekoration f\u00fcr dein Zuhause oder ein liebevolles Geschenk, das Herz und Seele ber\u00fchrt.<\/p>\n<p data-start=\"918\" data-end=\"1039\">Passend dazu findest du in unserem Shop liebevoll ausgew\u00e4hlte Bienenwachsteelichter und weitere Teelichter, die deinem Stern ein besonders warmes und nat\u00fcrliches Licht schenken. Entdecke deine Lieblingslichter und kreiere magische Momente.<\/p>\n","protected":false},"excerpt":{"rendered":"<p>Engelkreis \u2013 Besch\u00fctzer des Lichts und der Herzensw\u00e4rme In der stillen, besinnlichen Zeit der Weihnacht sind es die Engel, die uns sanft begleiten, sch\u00fctzen und beh\u00fcten. Unser Engelkreis mit einer H\u00f6he von 10,9 cm zeigt drei wundersch\u00f6ne Engel, die sich an den H\u00e4nden halten und gemeinsam ein Teelicht in ihrer Mitte umschlie\u00dfen. Mit ihren roten [&hellip;]<\/p>\n<p><a class=\"read-more\" href=\"https:\/\/www.bynaldis-shop.com\/?product=engelkreis\">Mehr lesen<span class=\"meta-nav\">&rarr;<\/span><\/a><\/p>\n","protected":false},"featured_media":9522,"template":"","meta":[],"product_brand":[],"product_cat":[291,219,264,279,274],"product_tag":[],"class_list":{"0":"post-9523","1":"product","2":"type-product","3":"status-publish","4":"has-post-thumbnail","6":"product_cat-engel-fuer-kleine-herzen","7":"product_cat-noch-mehr-engel","8":"product_cat-teelichter-und-halter","9":"product_cat-weihnachtsengel","10":"product_cat-lichter","12":"first","13":"instock","14":"taxable","15":"shipping-taxable","16":"purchasable","17":"product-type-simple"},"_links":{"self":[{"href":"https:\/\/www.bynaldis-shop.com\/index.php?rest_route=\/wp\/v2\/product\/9523","targetHints":{"allow":["GET"]}}],"collection":[{"href":"https:\/\/www.bynaldis-shop.com\/index.php?rest_route=\/wp\/v2\/product"}],"about":[{"href":"https:\/\/www.bynaldis-shop.com\/index.php?rest_route=\/wp\/v2\/types\/product"}],"wp:featuredmedia":[{"embeddable":true,"href":"https:\/\/www.bynaldis-shop.com\/index.php?rest_route=\/wp\/v2\/media\/9522"}],"wp:attachment":[{"href":"https:\/\/www.bynaldis-shop.com\/index.php?rest_route=%2Fwp%2Fv2%2Fmedia&parent=9523"}],"wp:term":[{"taxonomy":"product_brand","embeddable":true,"href":"https:\/\/www.bynaldis-shop.com\/index.php?rest_route=%2Fwp%2Fv2%2Fproduct_brand&post=9523"},{"taxonomy":"product_cat","embeddable":true,"href":"https:\/\/www.bynaldis-shop.com\/index.php?rest_route=%2Fwp%2Fv2%2Fproduct_cat&post=9523"},{"taxonomy":"product_tag","embeddable":true,"href":"https:\/\/www.bynaldis-shop.com\/index.php?rest_route=%2Fwp%2Fv2%2Fproduct_tag&post=9523"}],"curies":[{"name":"wp","href":"https:\/\/api.w.org\/{rel}","templated":true}]}}