{"id":9446,"date":"2025-05-06T17:57:41","date_gmt":"2025-05-06T15:57:41","guid":{"rendered":"https:\/\/www.bynaldis-shop.com\/?post_type=product&#038;p=9446"},"modified":"2026-04-26T19:40:18","modified_gmt":"2026-04-26T17:40:18","slug":"seife-pinie","status":"publish","type":"product","link":"https:\/\/www.bynaldis-shop.com\/?product=seife-pinie","title":{"rendered":"Seife Pinie \u2013 Ein St\u00fcck Natur f\u00fcr deine Haut und Seele"},"content":{"rendered":"<article class=\"text-token-text-primary w-full focus:outline-none scroll-mt-[calc(var(--header-height)+min(200px,max(70px,20svh)))]\" dir=\"auto\" tabindex=\"-1\" data-turn-id=\"request-6884d4ac-8230-8324-9295-a90d37ba8eae-186\" data-testid=\"conversation-turn-852\" data-scroll-anchor=\"true\" data-turn=\"assistant\">\n<div class=\"text-base my-auto mx-auto pb-10 [--thread-content-margin:--spacing(4)] @[37rem]:[--thread-content-margin:--spacing(6)] @[72rem]:[--thread-content-margin:--spacing(16)] px-(--thread-content-margin)\">\n<div class=\"[--thread-content-max-width:32rem] @[34rem]:[--thread-content-max-width:40rem] @[64rem]:[--thread-content-max-width:48rem] mx-auto max-w-(--thread-content-max-width) flex-1 group\/turn-messages focus-visible:outline-hidden relative flex w-full min-w-0 flex-col agent-turn\" tabindex=\"-1\">\n<div class=\"flex max-w-full flex-col grow\">\n<div class=\"min-h-8 text-message relative flex w-full flex-col items-end gap-2 text-start break-words whitespace-normal [.text-message+&amp;]:mt-5\" dir=\"auto\" data-message-author-role=\"assistant\" data-message-id=\"14c11a01-b7d8-4cc2-afa7-871776f92f91\" data-message-model-slug=\"gpt-4-1-mini\">\n<div class=\"flex w-full flex-col gap-1 empty:hidden first:pt-[3px]\">\n<div class=\"markdown prose dark:prose-invert w-full break-words light markdown-new-styling\">\n<p data-start=\"110\" data-end=\"462\"><strong data-start=\"110\" data-end=\"168\">Seife Pinie \u2013 Ein St\u00fcck Natur f\u00fcr deine Haut und Seele<\/strong><br data-start=\"168\" data-end=\"171\" \/>Diese handgefertigte Seife wurde mit nat\u00fcrlichen Kiefernknospen und \u00e4therischen \u00d6len veredelt, um dir ein erfrischendes und belebendes Pflegeerlebnis zu schenken. Der Duft von Pinienw\u00e4ldern bringt einen Hauch von Natur direkt in dein Badezimmer und umh\u00fcllt deine Sinne mit frischer Waldluft.<\/p>\n<p data-start=\"464\" data-end=\"755\"><strong data-start=\"464\" data-end=\"537\">F\u00fcr alle Hauttypen geeignet \u2013 auch f\u00fcr trockene und empfindliche Haut<\/strong><br data-start=\"537\" data-end=\"540\" \/>Sie reinigt deine Haut sanft und gr\u00fcndlich, entfernt Schmutz, ohne sie auszutrocknen. Dank der n\u00e4hrenden Kraft von Mandel- und Oliven\u00f6l f\u00fchlt sich deine Haut nach der Anwendung geschmeidig und wunderbar gepflegt an.<\/p>\n<p data-start=\"757\" data-end=\"792\"><strong data-start=\"757\" data-end=\"790\">Das macht Pinie so besonders:<\/strong><\/p>\n<ul data-start=\"793\" data-end=\"1124\">\n<li data-start=\"793\" data-end=\"835\">\n<p data-start=\"795\" data-end=\"835\">Entfernt Schmutz schonend und effektiv<\/p>\n<\/li>\n<li data-start=\"836\" data-end=\"900\">\n<p data-start=\"838\" data-end=\"900\">Spendet intensive Feuchtigkeit durch hochwertige Pflanzen\u00f6le<\/p>\n<\/li>\n<li data-start=\"901\" data-end=\"953\">\n<p data-start=\"903\" data-end=\"953\">Reich an Vitamin E, sch\u00fctzt vor freien Radikalen<\/p>\n<\/li>\n<li data-start=\"954\" data-end=\"1008\">\n<p data-start=\"956\" data-end=\"1008\">Ohne tierisches Glycerin, vegan und hautfreundlich<\/p>\n<\/li>\n<li data-start=\"1009\" data-end=\"1070\">\n<p data-start=\"1011\" data-end=\"1070\">Anti-Aging-Wirkung f\u00fcr einen jugendlich strahlenden Teint<\/p>\n<\/li>\n<li data-start=\"1071\" data-end=\"1124\">\n<p data-start=\"1073\" data-end=\"1124\">Hergestellt aus 90-95% nat\u00fcrlichen Inhaltsstoffen<\/p>\n<\/li>\n<\/ul>\n<p data-start=\"1126\" data-end=\"1320\" data-is-last-node=\"\" data-is-only-node=\"\"><strong data-start=\"1126\" data-end=\"1151\">Inhaltsstoffe (INCI):<\/strong><br data-start=\"1151\" data-end=\"1154\" \/>Aqua, Glycerin, Sodium Stearate, Propylene Glycol, Sorbitol, Sodium Laurate Sodium Laureth Sulfate, Parfum, Pinus Sylvestris Bud, Sodium Lauryl Sulfate, Sodium Chlor<\/p>\n<\/div>\n<\/div>\n<\/div>\n<\/div>\n<div class=\"flex min-h-[46px] justify-start\">\n<div class=\"touch:-me-2 touch:-ms-3.5 -ms-2.5 -me-1 flex flex-wrap items-center gap-y-4 p-1 select-none touch:w-[calc(100%+--spacing(3.5))] -mt-1 w-[calc(100%+--spacing(2.5))] duration-[1.5s] focus-within:transition-none hover:transition-none pointer-events-none [mask-image:linear-gradient(to_right,black_33%,transparent_66%)] [mask-size:300%_100%] [mask-position:100%_0%] motion-safe:transition-[mask-position] group-hover\/turn-messages:pointer-events-auto group-hover\/turn-messages:[mask-position:0_0] group-focus-within\/turn-messages:pointer-events-auto group-focus-within\/turn-messages:[mask-position:0_0] has-data-[state=open]:pointer-events-auto has-data-[state=open]:[mask-position:0_0]\">\n<p>Passend zu unseren wunderbaren Seifen findest du in unserem Shop auch eine liebevoll ausgew\u00e4hlte Auswahl an Seifenschalen und praktischen Seifenmuscheln. So kannst du dein Pflegeritual perfekt erg\u00e4nzen und deine Seifen stilvoll und hygienisch aufbewahren. Ob als sch\u00f6nes Set oder einzeln \u2013 entdecke das ideale Zubeh\u00f6r, das nicht nur funktional ist, sondern auch dein Badezimmer oder deine Wohlf\u00fchloase noch sch\u00f6ner macht. Schau gerne vorbei und lass dich inspirieren!<\/p>\n<div class=\"grow\"><\/div>\n<\/div>\n<\/div>\n<div class=\"aria-live=polite absolute select-none\">\n<div class=\"flex items-center justify-center\"><\/div>\n<\/div>\n<\/div>\n<\/div>\n<\/article>\n<div class=\"pointer-events-none h-px w-px\" aria-hidden=\"true\" data-edge=\"true\"><\/div>\n","protected":false},"excerpt":{"rendered":"<p>Seife Pinie \u2013 Ein St\u00fcck Natur f\u00fcr deine Haut und SeeleDiese handgefertigte Seife wurde mit nat\u00fcrlichen Kiefernknospen und \u00e4therischen \u00d6len veredelt, um dir ein erfrischendes und belebendes Pflegeerlebnis zu schenken. Der Duft von Pinienw\u00e4ldern bringt einen Hauch von Natur direkt in dein Badezimmer und umh\u00fcllt deine Sinne mit frischer Waldluft. F\u00fcr alle Hauttypen geeignet \u2013 [&hellip;]<\/p>\n<p><a class=\"read-more\" href=\"https:\/\/www.bynaldis-shop.com\/?product=seife-pinie\">Mehr lesen<span class=\"meta-nav\">&rarr;<\/span><\/a><\/p>\n","protected":false},"featured_media":9447,"template":"","meta":[],"product_brand":[],"product_cat":[257],"product_tag":[],"class_list":{"0":"post-9446","1":"product","2":"type-product","3":"status-publish","4":"has-post-thumbnail","6":"product_cat-seife","8":"first","9":"instock","10":"taxable","11":"shipping-taxable","12":"purchasable","13":"product-type-simple"},"_links":{"self":[{"href":"https:\/\/www.bynaldis-shop.com\/index.php?rest_route=\/wp\/v2\/product\/9446","targetHints":{"allow":["GET"]}}],"collection":[{"href":"https:\/\/www.bynaldis-shop.com\/index.php?rest_route=\/wp\/v2\/product"}],"about":[{"href":"https:\/\/www.bynaldis-shop.com\/index.php?rest_route=\/wp\/v2\/types\/product"}],"wp:featuredmedia":[{"embeddable":true,"href":"https:\/\/www.bynaldis-shop.com\/index.php?rest_route=\/wp\/v2\/media\/9447"}],"wp:attachment":[{"href":"https:\/\/www.bynaldis-shop.com\/index.php?rest_route=%2Fwp%2Fv2%2Fmedia&parent=9446"}],"wp:term":[{"taxonomy":"product_brand","embeddable":true,"href":"https:\/\/www.bynaldis-shop.com\/index.php?rest_route=%2Fwp%2Fv2%2Fproduct_brand&post=9446"},{"taxonomy":"product_cat","embeddable":true,"href":"https:\/\/www.bynaldis-shop.com\/index.php?rest_route=%2Fwp%2Fv2%2Fproduct_cat&post=9446"},{"taxonomy":"product_tag","embeddable":true,"href":"https:\/\/www.bynaldis-shop.com\/index.php?rest_route=%2Fwp%2Fv2%2Fproduct_tag&post=9446"}],"curies":[{"name":"wp","href":"https:\/\/api.w.org\/{rel}","templated":true}]}}