{"id":9444,"date":"2025-05-06T17:55:46","date_gmt":"2025-05-06T15:55:46","guid":{"rendered":"https:\/\/www.bynaldis-shop.com\/?post_type=product&#038;p=9444"},"modified":"2026-04-26T19:40:18","modified_gmt":"2026-04-26T17:40:18","slug":"seife-elegance","status":"publish","type":"product","link":"https:\/\/www.bynaldis-shop.com\/?product=seife-elegance","title":{"rendered":"Emotion \u2013 ein sinnliches Erlebnis f\u00fcr Haut und Seele"},"content":{"rendered":"<p data-start=\"71\" data-end=\"451\"><strong data-start=\"71\" data-end=\"127\">Emotion \u2013 ein sinnliches Erlebnis f\u00fcr Haut und Seele<\/strong><br data-start=\"127\" data-end=\"130\" \/>Lass dich verf\u00fchren von der einzigartigen Duftkomposition aus spritziger Bergamotte, leicht s\u00e4uerlicher Kirsche und zarten Mandeln, liebevoll abgerundet durch den zarten Hauch von Morgenrosen und dem erdigen Zauber des Patchouli. Diese Seife bringt nicht nur deine Haut zum Strahlen, sondern auch dein Herz zum Schwingen.<\/p>\n<p data-start=\"453\" data-end=\"716\"><strong data-start=\"453\" data-end=\"519\">F\u00fcr alle Hauttypen \u2013 selbst f\u00fcr empfindliche und trockene Haut<\/strong><br data-start=\"519\" data-end=\"522\" \/>Emotion reinigt sanft, entfernt Schmutz zuverl\u00e4ssig und bewahrt dabei die nat\u00fcrliche Feuchtigkeit deiner Haut. So f\u00fchlt sie sich weich, gepflegt und voller Lebendigkeit an \u2013 jeden Tag aufs Neue.<\/p>\n<p data-start=\"718\" data-end=\"755\"><strong data-start=\"718\" data-end=\"753\">Was macht Emotion so besonders?<\/strong><\/p>\n<ul data-start=\"756\" data-end=\"1079\">\n<li data-start=\"756\" data-end=\"807\">\n<p data-start=\"758\" data-end=\"807\">Sanfte, gr\u00fcndliche Reinigung mit Liebe zur Haut<\/p>\n<\/li>\n<li data-start=\"808\" data-end=\"855\">\n<p data-start=\"810\" data-end=\"855\">Intensive Pflege durch Mandel- und Oliven\u00f6l<\/p>\n<\/li>\n<li data-start=\"856\" data-end=\"910\">\n<p data-start=\"858\" data-end=\"910\">Reich an Vitamin E f\u00fcr Schutz vor freien Radikalen<\/p>\n<\/li>\n<li data-start=\"911\" data-end=\"960\">\n<p data-start=\"913\" data-end=\"960\">Frei von tierischem Glycerin, rein pflanzlich<\/p>\n<\/li>\n<li data-start=\"961\" data-end=\"1025\">\n<p data-start=\"963\" data-end=\"1025\">Anti-Aging-Eigenschaften f\u00fcr eine jugendlich strahlende Haut<\/p>\n<\/li>\n<li data-start=\"1026\" data-end=\"1079\">\n<p data-start=\"1028\" data-end=\"1079\">Hergestellt aus 90-95% nat\u00fcrlichen Inhaltsstoffen<\/p>\n<\/li>\n<\/ul>\n<p data-start=\"1081\" data-end=\"1502\"><strong data-start=\"1081\" data-end=\"1106\">Inhaltsstoffe (INCI):<\/strong><br data-start=\"1106\" data-end=\"1109\" \/>Aqua, Glycerin, Natriumstearat, Propylenglykol, Sorbit, Natriumlaurat, Natriumlaurethsulfat, Parfum, Natriumlaurylsulfat, Natriumchlorid, Olea Europaea (Oliven\u00f6l) Frucht\u00f6l, Prunus Amygdalus Dulcis (S\u00fc\u00dfmandel) \u00d6l, Stearins\u00e4ure, Laurins\u00e4ure, Pentanatriumpentetat, Tetranatriumetidronat, Limonen, Cumarin, Citronellol, Linalool, Geraniol, Tocopherol (Vitamin E), CI 51319, CI 12490.<\/p>\n<p data-start=\"1504\" data-end=\"1897\"><strong data-start=\"1504\" data-end=\"1567\">Handgefertigte Naturseife nach traditionellem Kaltverfahren<\/strong><br data-start=\"1567\" data-end=\"1570\" \/>In liebevoller Handarbeit entstehen bei uns Seifen, die mit nat\u00fcrlichen, unbedenklichen Zutaten deine Haut sanft verw\u00f6hnen. Beim Kaltverfahren verschmelzen \u00d6le und Lauge zu einer reichhaltigen Seife, die mehr Pflegekraft und Qualit\u00e4t bietet als herk\u00f6mmliche Produkte. G\u00f6nn dir ein St\u00fcck Natur, das deine Haut mit Liebe umsorgt.<\/p>\n<p data-start=\"1504\" data-end=\"1897\">Passend zu unseren wunderbaren Seifen findest du in unserem Shop auch eine liebevoll ausgew\u00e4hlte Auswahl an Seifenschalen und praktischen Seifenmuscheln. So kannst du dein Pflegeritual perfekt erg\u00e4nzen und deine Seifen stilvoll und hygienisch aufbewahren. Ob als sch\u00f6nes Set oder einzeln \u2013 entdecke das ideale Zubeh\u00f6r, das nicht nur funktional ist, sondern auch dein Badezimmer oder deine Wohlf\u00fchloase noch sch\u00f6ner macht. Schau gerne vorbei und lass dich inspirieren!<\/p>\n","protected":false},"excerpt":{"rendered":"<p>Emotion \u2013 ein sinnliches Erlebnis f\u00fcr Haut und SeeleLass dich verf\u00fchren von der einzigartigen Duftkomposition aus spritziger Bergamotte, leicht s\u00e4uerlicher Kirsche und zarten Mandeln, liebevoll abgerundet durch den zarten Hauch von Morgenrosen und dem erdigen Zauber des Patchouli. Diese Seife bringt nicht nur deine Haut zum Strahlen, sondern auch dein Herz zum Schwingen. F\u00fcr alle [&hellip;]<\/p>\n<p><a class=\"read-more\" href=\"https:\/\/www.bynaldis-shop.com\/?product=seife-elegance\">Mehr lesen<span class=\"meta-nav\">&rarr;<\/span><\/a><\/p>\n","protected":false},"featured_media":9445,"template":"","meta":[],"product_brand":[],"product_cat":[257],"product_tag":[],"class_list":{"0":"post-9444","1":"product","2":"type-product","3":"status-publish","4":"has-post-thumbnail","6":"product_cat-seife","8":"first","9":"instock","10":"taxable","11":"shipping-taxable","12":"purchasable","13":"product-type-simple"},"_links":{"self":[{"href":"https:\/\/www.bynaldis-shop.com\/index.php?rest_route=\/wp\/v2\/product\/9444","targetHints":{"allow":["GET"]}}],"collection":[{"href":"https:\/\/www.bynaldis-shop.com\/index.php?rest_route=\/wp\/v2\/product"}],"about":[{"href":"https:\/\/www.bynaldis-shop.com\/index.php?rest_route=\/wp\/v2\/types\/product"}],"wp:featuredmedia":[{"embeddable":true,"href":"https:\/\/www.bynaldis-shop.com\/index.php?rest_route=\/wp\/v2\/media\/9445"}],"wp:attachment":[{"href":"https:\/\/www.bynaldis-shop.com\/index.php?rest_route=%2Fwp%2Fv2%2Fmedia&parent=9444"}],"wp:term":[{"taxonomy":"product_brand","embeddable":true,"href":"https:\/\/www.bynaldis-shop.com\/index.php?rest_route=%2Fwp%2Fv2%2Fproduct_brand&post=9444"},{"taxonomy":"product_cat","embeddable":true,"href":"https:\/\/www.bynaldis-shop.com\/index.php?rest_route=%2Fwp%2Fv2%2Fproduct_cat&post=9444"},{"taxonomy":"product_tag","embeddable":true,"href":"https:\/\/www.bynaldis-shop.com\/index.php?rest_route=%2Fwp%2Fv2%2Fproduct_tag&post=9444"}],"curies":[{"name":"wp","href":"https:\/\/api.w.org\/{rel}","templated":true}]}}