{"id":9437,"date":"2025-05-06T17:48:15","date_gmt":"2025-05-06T15:48:15","guid":{"rendered":"https:\/\/www.bynaldis-shop.com\/?post_type=product&#038;p=9437"},"modified":"2026-04-26T19:27:28","modified_gmt":"2026-04-26T17:27:28","slug":"seife-harmonie","status":"publish","type":"product","link":"https:\/\/www.bynaldis-shop.com\/?product=seife-harmonie","title":{"rendered":"Angel \u2013 die Seife f\u00fcr die Sinne und die Haut"},"content":{"rendered":"<p data-start=\"53\" data-end=\"440\"><strong data-start=\"53\" data-end=\"101\">Angel \u2013 die Seife f\u00fcr die Sinne und die Haut<\/strong><br data-start=\"101\" data-end=\"104\" \/>Tauche ein in die verf\u00fchrerische Harmonie von Mandarine, Bergamotte, Karamell, Schokolade, Vanille und einem Hauch von Patchouli. Diese einzigartige Komposition verw\u00f6hnt nicht nur deine Sinne, sondern schenkt deiner Haut intensive Feuchtigkeit und neue Vitalit\u00e4t. Angel sorgt f\u00fcr einen gesunden, strahlenden Teint \u2013 jeden Tag aufs Neue.<\/p>\n<p data-start=\"442\" data-end=\"714\"><strong data-start=\"442\" data-end=\"517\">F\u00fcr alle Hauttypen \u2013 besonders mild zu trockener und empfindlicher Haut<\/strong><br data-start=\"517\" data-end=\"520\" \/>Sanft reinigt Angel die Haut, entfernt Schmutz und Unreinheiten, ohne sie auszutrocknen oder zu reizen. Die Pflegeformel mit wertvollem Mandel- und Oliven\u00f6l n\u00e4hrt und sch\u00fctzt deine Haut sp\u00fcrbar.<\/p>\n<p data-start=\"716\" data-end=\"751\"><strong data-start=\"716\" data-end=\"749\">Die Vorteile auf einen Blick:<\/strong><\/p>\n<ul data-start=\"752\" data-end=\"1067\">\n<li data-start=\"752\" data-end=\"787\">\n<p data-start=\"754\" data-end=\"787\">Sanfte und gr\u00fcndliche Reinigung<\/p>\n<\/li>\n<li data-start=\"788\" data-end=\"835\">\n<p data-start=\"790\" data-end=\"835\">Intensive Feuchtigkeit dank nat\u00fcrlicher \u00d6le<\/p>\n<\/li>\n<li data-start=\"836\" data-end=\"900\">\n<p data-start=\"838\" data-end=\"900\">Reich an Vitamin E f\u00fcr optimalen Schutz vor freien Radikalen<\/p>\n<\/li>\n<li data-start=\"901\" data-end=\"951\">\n<p data-start=\"903\" data-end=\"951\">Frei von tierischem Glycerin \u2013 rein pflanzlich<\/p>\n<\/li>\n<li data-start=\"952\" data-end=\"1013\">\n<p data-start=\"954\" data-end=\"1013\">Anti-Aging-Eigenschaften f\u00fcr eine jugendlich frische Haut<\/p>\n<\/li>\n<li data-start=\"1014\" data-end=\"1067\">\n<p data-start=\"1016\" data-end=\"1067\">Hergestellt aus 90-95% nat\u00fcrlichen Inhaltsstoffen<\/p>\n<\/li>\n<\/ul>\n<p data-start=\"1069\" data-end=\"1495\"><strong data-start=\"1069\" data-end=\"1094\">Inhaltsstoffe (INCI):<\/strong><br data-start=\"1094\" data-end=\"1097\" \/>Aqua, Glycerin, Natriumstearat, Propylenglykol, Sorbit, Natriumlaurat, Natriumlaurethsulfat, Parfum, Natriumlaurylsulfat, Natriumchlorid, Olea Europaea (Oliven\u00f6l) Frucht\u00f6l, Prunus Amygdalus Dulcis (S\u00fc\u00dfmandel) \u00d6l, Stearins\u00e4ure, Laurins\u00e4ure, Pentanatriumpentetat, Tetranatriumetidronat, Hexylzimt, Cumarin, Limonen, Linalool, Tocopherol (Vitamin E), CI 42090, CI 77891, CI 51319.<\/p>\n<p data-start=\"1497\" data-end=\"1938\"><strong data-start=\"1497\" data-end=\"1539\">Naturseife mit Herz und Hand gefertigt<\/strong><br data-start=\"1539\" data-end=\"1542\" \/>Angel wird im schonenden Kaltverfahren hergestellt \u2013 ein traditionelles Handwerk, bei dem \u00d6le und Lauge sorgf\u00e4ltig verseift werden. So bleiben die nat\u00fcrlichen Pflegestoffe erhalten und machen jede Seife zu einem kleinen Meisterwerk f\u00fcr deine Haut. Unsere handgemachten Seifen sind bewusst hochwertiger als industrielle Produkte und setzen auf reine, unbedenkliche Zutaten, die deiner Haut guttun.<\/p>\n<p data-start=\"1497\" data-end=\"1938\">Passend zu unseren wunderbaren Seifen findest du in unserem Shop auch eine liebevoll ausgew\u00e4hlte Auswahl an Seifenschalen und praktischen Seifenmuscheln. So kannst du dein Pflegeritual perfekt erg\u00e4nzen und deine Seifen stilvoll und hygienisch aufbewahren. Ob als sch\u00f6nes Set oder einzeln \u2013 entdecke das ideale Zubeh\u00f6r, das nicht nur funktional ist, sondern auch dein Badezimmer oder deine Wohlf\u00fchloase noch sch\u00f6ner macht. Schau gerne vorbei und lass dich inspirieren!<\/p>\n","protected":false},"excerpt":{"rendered":"<p>Angel \u2013 die Seife f\u00fcr die Sinne und die HautTauche ein in die verf\u00fchrerische Harmonie von Mandarine, Bergamotte, Karamell, Schokolade, Vanille und einem Hauch von Patchouli. Diese einzigartige Komposition verw\u00f6hnt nicht nur deine Sinne, sondern schenkt deiner Haut intensive Feuchtigkeit und neue Vitalit\u00e4t. Angel sorgt f\u00fcr einen gesunden, strahlenden Teint \u2013 jeden Tag aufs Neue. [&hellip;]<\/p>\n<p><a class=\"read-more\" href=\"https:\/\/www.bynaldis-shop.com\/?product=seife-harmonie\">Mehr lesen<span class=\"meta-nav\">&rarr;<\/span><\/a><\/p>\n","protected":false},"featured_media":9438,"template":"","meta":[],"product_brand":[],"product_cat":[257],"product_tag":[],"class_list":{"0":"post-9437","1":"product","2":"type-product","3":"status-publish","4":"has-post-thumbnail","6":"product_cat-seife","8":"first","9":"instock","10":"taxable","11":"shipping-taxable","12":"purchasable","13":"product-type-simple"},"_links":{"self":[{"href":"https:\/\/www.bynaldis-shop.com\/index.php?rest_route=\/wp\/v2\/product\/9437","targetHints":{"allow":["GET"]}}],"collection":[{"href":"https:\/\/www.bynaldis-shop.com\/index.php?rest_route=\/wp\/v2\/product"}],"about":[{"href":"https:\/\/www.bynaldis-shop.com\/index.php?rest_route=\/wp\/v2\/types\/product"}],"wp:featuredmedia":[{"embeddable":true,"href":"https:\/\/www.bynaldis-shop.com\/index.php?rest_route=\/wp\/v2\/media\/9438"}],"wp:attachment":[{"href":"https:\/\/www.bynaldis-shop.com\/index.php?rest_route=%2Fwp%2Fv2%2Fmedia&parent=9437"}],"wp:term":[{"taxonomy":"product_brand","embeddable":true,"href":"https:\/\/www.bynaldis-shop.com\/index.php?rest_route=%2Fwp%2Fv2%2Fproduct_brand&post=9437"},{"taxonomy":"product_cat","embeddable":true,"href":"https:\/\/www.bynaldis-shop.com\/index.php?rest_route=%2Fwp%2Fv2%2Fproduct_cat&post=9437"},{"taxonomy":"product_tag","embeddable":true,"href":"https:\/\/www.bynaldis-shop.com\/index.php?rest_route=%2Fwp%2Fv2%2Fproduct_tag&post=9437"}],"curies":[{"name":"wp","href":"https:\/\/api.w.org\/{rel}","templated":true}]}}