{"id":9389,"date":"2025-02-27T18:50:52","date_gmt":"2025-02-27T17:50:52","guid":{"rendered":"https:\/\/www.bynaldis-shop.com\/?post_type=product&#038;p=9389"},"modified":"2025-10-22T15:32:37","modified_gmt":"2025-10-22T13:32:37","slug":"kerzenset-rosa","status":"publish","type":"product","link":"https:\/\/www.bynaldis-shop.com\/?product=kerzenset-rosa","title":{"rendered":"6er Stabkerzen-Set in Rosa"},"content":{"rendered":"<p data-start=\"101\" data-end=\"562\"><strong data-start=\"101\" data-end=\"134\">6er Stabkerzen-Set in Rosa<\/strong><br data-start=\"134\" data-end=\"137\" \/>Bringen Sie mit diesem Set aus sechs wundersch\u00f6nen, rosafarbenen Stabkerzen eine warme und harmonische Stimmung in Ihr Zuhause. Die sanfte, tiefviolette Farbe verleiht jedem Raum eine edle Note und l\u00e4dt zu entspannten Stunden ein \u2013 ob beim gem\u00fctlichen Abendessen, ruhigen Lesemomenten oder festlichen Anl\u00e4ssen. Die gleichm\u00e4\u00dfige Flamme verbreitet ein sanftes Licht, das f\u00fcr ein behagliches Ambiente sorgt und zum Tr\u00e4umen einl\u00e4dt.<\/p>\n<p data-start=\"564\" data-end=\"709\">Diese Kerzen sind hochwertig verarbeitet und brennen sauber und gleichm\u00e4\u00dfig ab. Perfekt f\u00fcr alle, die nat\u00fcrliche W\u00e4rme und stilvolle Deko lieben.<\/p>\n<p data-start=\"97\" data-end=\"123\"><strong data-start=\"97\" data-end=\"121\">Sicherheitshinweise:<\/strong><\/p>\n<ul data-start=\"124\" data-end=\"753\">\n<li data-start=\"124\" data-end=\"176\">\n<p data-start=\"126\" data-end=\"176\">Brennende Kerzen niemals unbeaufsichtigt lassen.<\/p>\n<\/li>\n<li data-start=\"177\" data-end=\"251\">\n<p data-start=\"179\" data-end=\"251\">Kerzen au\u00dferhalb der Reichweite von Kindern und Haustieren aufstellen.<\/p>\n<\/li>\n<li data-start=\"252\" data-end=\"349\">\n<p data-start=\"254\" data-end=\"349\">Kerzen immer aufrecht und standfest in geeigneten, nicht brennbaren Kerzenhaltern platzieren.<\/p>\n<\/li>\n<li data-start=\"350\" data-end=\"446\">\n<p data-start=\"352\" data-end=\"446\">Abstand zu leicht entflammbaren Gegenst\u00e4nden einhalten (mindestens 10 cm zu anderen Kerzen).<\/p>\n<\/li>\n<li data-start=\"447\" data-end=\"538\">\n<p data-start=\"449\" data-end=\"538\">Zugluft vermeiden, um Tropfen, ungleichm\u00e4\u00dfiges Abbrennen oder Funkenflug zu verhindern.<\/p>\n<\/li>\n<li data-start=\"539\" data-end=\"599\">\n<p data-start=\"541\" data-end=\"599\">Kerze nicht bewegen, solange das Wachs noch fl\u00fcssig ist.<\/p>\n<\/li>\n<li data-start=\"600\" data-end=\"649\">\n<p data-start=\"602\" data-end=\"649\">Docht vor jedem Anz\u00fcnden auf ca. 1 cm k\u00fcrzen.<\/p>\n<\/li>\n<li data-start=\"650\" data-end=\"753\">\n<p data-start=\"652\" data-end=\"753\">Kerze l\u00f6schen, bevor sie vollst\u00e4ndig heruntergebrannt ist, um Hitze- oder Brandgefahr zu vermeiden.<\/p>\n<\/li>\n<\/ul>\n","protected":false},"excerpt":{"rendered":"<p>6er Stabkerzen-Set in RosaBringen Sie mit diesem Set aus sechs wundersch\u00f6nen, rosafarbenen Stabkerzen eine warme und harmonische Stimmung in Ihr Zuhause. Die sanfte, tiefviolette Farbe verleiht jedem Raum eine edle Note und l\u00e4dt zu entspannten Stunden ein \u2013 ob beim gem\u00fctlichen Abendessen, ruhigen Lesemomenten oder festlichen Anl\u00e4ssen. Die gleichm\u00e4\u00dfige Flamme verbreitet ein sanftes Licht, das [&hellip;]<\/p>\n<p><a class=\"read-more\" href=\"https:\/\/www.bynaldis-shop.com\/?product=kerzenset-rosa\">Mehr lesen<span class=\"meta-nav\">&rarr;<\/span><\/a><\/p>\n","protected":false},"featured_media":9390,"template":"","meta":[],"product_brand":[],"product_cat":[263],"product_tag":[],"class_list":{"0":"post-9389","1":"product","2":"type-product","3":"status-publish","4":"has-post-thumbnail","6":"product_cat-stabkerzen-und-halter","8":"first","9":"instock","10":"taxable","11":"shipping-taxable","12":"purchasable","13":"product-type-simple"},"_links":{"self":[{"href":"https:\/\/www.bynaldis-shop.com\/index.php?rest_route=\/wp\/v2\/product\/9389","targetHints":{"allow":["GET"]}}],"collection":[{"href":"https:\/\/www.bynaldis-shop.com\/index.php?rest_route=\/wp\/v2\/product"}],"about":[{"href":"https:\/\/www.bynaldis-shop.com\/index.php?rest_route=\/wp\/v2\/types\/product"}],"wp:featuredmedia":[{"embeddable":true,"href":"https:\/\/www.bynaldis-shop.com\/index.php?rest_route=\/wp\/v2\/media\/9390"}],"wp:attachment":[{"href":"https:\/\/www.bynaldis-shop.com\/index.php?rest_route=%2Fwp%2Fv2%2Fmedia&parent=9389"}],"wp:term":[{"taxonomy":"product_brand","embeddable":true,"href":"https:\/\/www.bynaldis-shop.com\/index.php?rest_route=%2Fwp%2Fv2%2Fproduct_brand&post=9389"},{"taxonomy":"product_cat","embeddable":true,"href":"https:\/\/www.bynaldis-shop.com\/index.php?rest_route=%2Fwp%2Fv2%2Fproduct_cat&post=9389"},{"taxonomy":"product_tag","embeddable":true,"href":"https:\/\/www.bynaldis-shop.com\/index.php?rest_route=%2Fwp%2Fv2%2Fproduct_tag&post=9389"}],"curies":[{"name":"wp","href":"https:\/\/api.w.org\/{rel}","templated":true}]}}