{"id":9354,"date":"2025-02-26T19:27:00","date_gmt":"2025-02-26T18:27:00","guid":{"rendered":"https:\/\/www.bynaldis-shop.com\/?post_type=product&#038;p=9354"},"modified":"2025-10-22T15:14:17","modified_gmt":"2025-10-22T13:14:17","slug":"hase-grau-porzellan","status":"publish","type":"product","link":"https:\/\/www.bynaldis-shop.com\/?product=hase-grau-porzellan","title":{"rendered":"Dieser schlichte, hockende Glanzhase in warmem Grau"},"content":{"rendered":"<p><strong>Dieser schlichte, hockende Glanzhase in warmem Grau<\/strong><\/p>\n<p>bezaubert mit seiner zur\u00fcckhaltenden Eleganz und sanften Ausstrahlung. Seine gl\u00e4nzende Oberfl\u00e4che f\u00e4ngt das Licht zart ein und verleiht ihm einen edlen, nat\u00fcrlichen Charme. Perfekt als dezentes Deko-Highlight bringt er W\u00e4rme und Harmonie in jeden Raum \u2013 ein kleines, liebevolles Symbol f\u00fcr Ruhe und Geborgenheit, das besonders in der Fr\u00fchlings- und Osterzeit Herzen h\u00f6herschlagen l\u00e4sst.<\/p>\n","protected":false},"excerpt":{"rendered":"<p>Dieser schlichte, hockende Glanzhase in warmem Grau bezaubert mit seiner zur\u00fcckhaltenden Eleganz und sanften Ausstrahlung. Seine gl\u00e4nzende Oberfl\u00e4che f\u00e4ngt das Licht zart ein und verleiht ihm einen edlen, nat\u00fcrlichen Charme. Perfekt als dezentes Deko-Highlight bringt er W\u00e4rme und Harmonie in jeden Raum \u2013 ein kleines, liebevolles Symbol f\u00fcr Ruhe und Geborgenheit, das besonders in der [&hellip;]<\/p>\n<p><a class=\"read-more\" href=\"https:\/\/www.bynaldis-shop.com\/?product=hase-grau-porzellan\">Mehr lesen<span class=\"meta-nav\">&rarr;<\/span><\/a><\/p>\n","protected":false},"featured_media":9355,"template":"","meta":[],"product_brand":[],"product_cat":[211],"product_tag":[],"class_list":{"0":"post-9354","1":"product","2":"type-product","3":"status-publish","4":"has-post-thumbnail","6":"product_cat-ostern","8":"first","9":"instock","10":"taxable","11":"shipping-taxable","12":"purchasable","13":"product-type-simple"},"_links":{"self":[{"href":"https:\/\/www.bynaldis-shop.com\/index.php?rest_route=\/wp\/v2\/product\/9354","targetHints":{"allow":["GET"]}}],"collection":[{"href":"https:\/\/www.bynaldis-shop.com\/index.php?rest_route=\/wp\/v2\/product"}],"about":[{"href":"https:\/\/www.bynaldis-shop.com\/index.php?rest_route=\/wp\/v2\/types\/product"}],"wp:featuredmedia":[{"embeddable":true,"href":"https:\/\/www.bynaldis-shop.com\/index.php?rest_route=\/wp\/v2\/media\/9355"}],"wp:attachment":[{"href":"https:\/\/www.bynaldis-shop.com\/index.php?rest_route=%2Fwp%2Fv2%2Fmedia&parent=9354"}],"wp:term":[{"taxonomy":"product_brand","embeddable":true,"href":"https:\/\/www.bynaldis-shop.com\/index.php?rest_route=%2Fwp%2Fv2%2Fproduct_brand&post=9354"},{"taxonomy":"product_cat","embeddable":true,"href":"https:\/\/www.bynaldis-shop.com\/index.php?rest_route=%2Fwp%2Fv2%2Fproduct_cat&post=9354"},{"taxonomy":"product_tag","embeddable":true,"href":"https:\/\/www.bynaldis-shop.com\/index.php?rest_route=%2Fwp%2Fv2%2Fproduct_tag&post=9354"}],"curies":[{"name":"wp","href":"https:\/\/api.w.org\/{rel}","templated":true}]}}