{"id":9324,"date":"2025-02-26T12:01:59","date_gmt":"2025-02-26T11:01:59","guid":{"rendered":"https:\/\/www.bynaldis-shop.com\/?post_type=product&#038;p=9324"},"modified":"2025-10-22T15:04:20","modified_gmt":"2025-10-22T13:04:20","slug":"hase-hockend","status":"publish","type":"product","link":"https:\/\/www.bynaldis-shop.com\/?product=hase-hockend","title":{"rendered":"Kleiner hockender Porzellanhase in Wei\u00df mit l\u00e4chelndem Gesicht"},"content":{"rendered":"<p data-start=\"46\" data-end=\"112\"><strong data-start=\"46\" data-end=\"112\">Kleiner hockender Porzellanhase in Wei\u00df mit l\u00e4chelndem Gesicht<\/strong><\/p>\n<p data-start=\"114\" data-end=\"385\">Dieser zauberhafte, handgefertigte Porzellanhase sitzt gem\u00fctlich hockend und strahlt mit seinem freundlichen, l\u00e4chelnden Gesicht pure Lebensfreude aus. Ein liebevolles Deko-Highlight, das besonders zu Ostern oder als ganzj\u00e4hriger Gl\u00fccksbringer f\u00fcr dein Zuhause bezaubert.<\/p>\n<p data-start=\"387\" data-end=\"465\">Ma\u00dfe: Klein und handlich \u2013 perfekt f\u00fcr Regale, Fensterb\u00e4nke oder als Geschenk.<\/p>\n","protected":false},"excerpt":{"rendered":"<p>Kleiner hockender Porzellanhase in Wei\u00df mit l\u00e4chelndem Gesicht Dieser zauberhafte, handgefertigte Porzellanhase sitzt gem\u00fctlich hockend und strahlt mit seinem freundlichen, l\u00e4chelnden Gesicht pure Lebensfreude aus. Ein liebevolles Deko-Highlight, das besonders zu Ostern oder als ganzj\u00e4hriger Gl\u00fccksbringer f\u00fcr dein Zuhause bezaubert. Ma\u00dfe: Klein und handlich \u2013 perfekt f\u00fcr Regale, Fensterb\u00e4nke oder als Geschenk.<\/p>\n<p><a class=\"read-more\" href=\"https:\/\/www.bynaldis-shop.com\/?product=hase-hockend\">Mehr lesen<span class=\"meta-nav\">&rarr;<\/span><\/a><\/p>\n","protected":false},"featured_media":9325,"template":"","meta":[],"product_brand":[],"product_cat":[211],"product_tag":[],"class_list":{"0":"post-9324","1":"product","2":"type-product","3":"status-publish","4":"has-post-thumbnail","6":"product_cat-ostern","8":"first","9":"instock","10":"taxable","11":"shipping-taxable","12":"purchasable","13":"product-type-simple"},"_links":{"self":[{"href":"https:\/\/www.bynaldis-shop.com\/index.php?rest_route=\/wp\/v2\/product\/9324","targetHints":{"allow":["GET"]}}],"collection":[{"href":"https:\/\/www.bynaldis-shop.com\/index.php?rest_route=\/wp\/v2\/product"}],"about":[{"href":"https:\/\/www.bynaldis-shop.com\/index.php?rest_route=\/wp\/v2\/types\/product"}],"wp:featuredmedia":[{"embeddable":true,"href":"https:\/\/www.bynaldis-shop.com\/index.php?rest_route=\/wp\/v2\/media\/9325"}],"wp:attachment":[{"href":"https:\/\/www.bynaldis-shop.com\/index.php?rest_route=%2Fwp%2Fv2%2Fmedia&parent=9324"}],"wp:term":[{"taxonomy":"product_brand","embeddable":true,"href":"https:\/\/www.bynaldis-shop.com\/index.php?rest_route=%2Fwp%2Fv2%2Fproduct_brand&post=9324"},{"taxonomy":"product_cat","embeddable":true,"href":"https:\/\/www.bynaldis-shop.com\/index.php?rest_route=%2Fwp%2Fv2%2Fproduct_cat&post=9324"},{"taxonomy":"product_tag","embeddable":true,"href":"https:\/\/www.bynaldis-shop.com\/index.php?rest_route=%2Fwp%2Fv2%2Fproduct_tag&post=9324"}],"curies":[{"name":"wp","href":"https:\/\/api.w.org\/{rel}","templated":true}]}}