{"id":9184,"date":"2024-12-25T14:46:30","date_gmt":"2024-12-25T13:46:30","guid":{"rendered":"https:\/\/www.bynaldis-shop.com\/?post_type=product&#038;p=9184"},"modified":"2026-04-26T19:41:27","modified_gmt":"2026-04-26T17:41:27","slug":"stoevchen-olive","status":"publish","type":"product","link":"https:\/\/www.bynaldis-shop.com\/?product=stoevchen-olive","title":{"rendered":"St\u00f6vchen f\u00fcr Aroma\u00f6le &#038; Kerzenwachschips \u2013 Wohlf\u00fchlatmosph\u00e4re auf Knopfdruck"},"content":{"rendered":"<div class=\"relative flex basis-auto flex-col -mb-(--composer-overlap-px) [--composer-overlap-px:28px] grow overflow-hidden\">\n<div class=\"relative h-full\">\n<div class=\"flex h-full flex-col overflow-y-auto [scrollbar-gutter:stable_both-edges] @[84rem]\/thread:pt-(--header-height)\">\n<div class=\"@thread-xl\/thread:pt-header-height flex flex-col text-sm pb-25\">\n<article class=\"text-token-text-primary w-full focus:outline-none scroll-mt-[calc(var(--header-height)+min(200px,max(70px,20svh)))]\" dir=\"auto\" tabindex=\"-1\" data-turn-id=\"request-6884d4ac-8230-8324-9295-a90d37ba8eae-94\" data-testid=\"conversation-turn-668\" data-scroll-anchor=\"true\" data-turn=\"assistant\">\n<div class=\"text-base my-auto mx-auto pb-10 [--thread-content-margin:--spacing(4)] @[37rem]:[--thread-content-margin:--spacing(6)] @[72rem]:[--thread-content-margin:--spacing(16)] px-(--thread-content-margin)\">\n<div class=\"[--thread-content-max-width:32rem] @[34rem]:[--thread-content-max-width:40rem] @[64rem]:[--thread-content-max-width:48rem] mx-auto max-w-(--thread-content-max-width) flex-1 group\/turn-messages focus-visible:outline-hidden relative flex w-full min-w-0 flex-col agent-turn\" tabindex=\"-1\">\n<div class=\"flex max-w-full flex-col grow\">\n<div class=\"min-h-8 text-message relative flex w-full flex-col items-end gap-2 text-start break-words whitespace-normal [.text-message+&amp;]:mt-5\" dir=\"auto\" data-message-author-role=\"assistant\" data-message-id=\"de8fc5fc-a1fa-458a-b3b3-5471221b995d\" data-message-model-slug=\"gpt-4-1-mini\">\n<div class=\"flex w-full flex-col gap-1 empty:hidden first:pt-[3px]\">\n<div class=\"markdown prose dark:prose-invert w-full break-words light markdown-new-styling\">\n<p data-start=\"0\" data-end=\"80\"><strong data-start=\"0\" data-end=\"80\">St\u00f6vchen f\u00fcr Aroma\u00f6le &amp; Kerzenwachschips \u2013 Wohlf\u00fchlatmosph\u00e4re auf Knopfdruck<\/strong><\/p>\n<p data-start=\"82\" data-end=\"284\">Dieses vielseitige St\u00f6vchen eignet sich perfekt zum sanften Erw\u00e4rmen von Schmelzwachs oder \u00e4therischen \u00d6len, um dein Zuhause mit angenehmen D\u00fcften zu erf\u00fcllen und eine entspannte Atmosph\u00e4re zu schaffen.<\/p>\n<p data-start=\"286\" data-end=\"308\"><strong data-start=\"286\" data-end=\"308\">So funktioniert\u2019s:<\/strong><\/p>\n<ul data-start=\"310\" data-end=\"749\">\n<li data-start=\"310\" data-end=\"515\">\n<p data-start=\"312\" data-end=\"515\"><strong data-start=\"312\" data-end=\"333\">F\u00fcr Schmelzwachs:<\/strong> Gib 1 St\u00fcck Schmelzwachs in den oberen Beh\u00e4lter des Aromabrenners. Z\u00fcnde ein Teelicht an und stelle es unten hinein. Das Wachs schmilzt langsam und gibt seinen herrlichen Duft frei.<\/p>\n<\/li>\n<li data-start=\"517\" data-end=\"749\">\n<p data-start=\"519\" data-end=\"749\"><strong data-start=\"519\" data-end=\"542\">F\u00fcr \u00e4therische \u00d6le:<\/strong> F\u00fclle den oberen Beh\u00e4lter mit Wasser und f\u00fcge etwa 4 Tropfen deines Lieblings-\u00e4therischen \u00d6ls hinzu. Z\u00fcnde ein Teelicht an und platziere es unten im Brenner. Genie\u00dfe die sanfte, nat\u00fcrliche Aromaverbreitung.<\/p>\n<\/li>\n<\/ul>\n<p data-start=\"751\" data-end=\"775\"><strong data-start=\"751\" data-end=\"773\">Wichtige Hinweise:<\/strong><\/p>\n<ul data-start=\"776\" data-end=\"1083\">\n<li data-start=\"776\" data-end=\"904\">\n<p data-start=\"778\" data-end=\"904\">Der Aromabrenner wird w\u00e4hrend und nach der Benutzung hei\u00df \u2013 bitte nicht bewegen, um Verbrennungen oder Unf\u00e4lle zu vermeiden.<\/p>\n<\/li>\n<li data-start=\"905\" data-end=\"971\">\n<p data-start=\"907\" data-end=\"971\">Au\u00dferhalb der Reichweite von Kindern und Haustieren verwenden.<\/p>\n<\/li>\n<li data-start=\"972\" data-end=\"1007\">\n<p data-start=\"974\" data-end=\"1007\">Niemals unbeaufsichtigt lassen.<\/p>\n<\/li>\n<li data-start=\"1008\" data-end=\"1083\">\n<p data-start=\"1010\" data-end=\"1083\">Nicht an zugigen Orten aufstellen, damit das Teelicht gleichm\u00e4\u00dfig brennt.<\/p>\n<\/li>\n<\/ul>\n<p data-start=\"1085\" data-end=\"1279\" data-is-last-node=\"\" data-is-only-node=\"\">Dieses St\u00f6vchen ist ein praktischer und stilvoller Begleiter f\u00fcr alle, die Raumduft und gem\u00fctliche Stimmung lieben. Perfekt f\u00fcr dein Zuhause, als Geschenk oder zur kleinen Auszeit zwischendurch.<\/p>\n<p data-start=\"1085\" data-end=\"1279\" data-is-last-node=\"\" data-is-only-node=\"\">Passend zu unseren liebevoll gefertigten Aroma-\u00d6l-St\u00f6vchen erwartet dich in unserem Shop eine bezaubernde Vielfalt an hochwertigen Aroma-\u00d6len. Entdecke deinen ganz pers\u00f6nlichen Lieblingsduft und kreiere immer wieder neue Duftwelten f\u00fcr dein Zuhause. Lass dich inspirieren, probiere aus und genie\u00dfe das wundervolle Spiel der Aromen f\u00fcr Momente voller Wohlgef\u00fchl und Harmonie.<\/p>\n<\/div>\n<\/div>\n<\/div>\n<\/div>\n<\/div>\n<\/div>\n<\/article>\n<\/div>\n<\/div>\n<\/div>\n<\/div>\n","protected":false},"excerpt":{"rendered":"<p>St\u00f6vchen f\u00fcr Aroma\u00f6le &amp; Kerzenwachschips \u2013 Wohlf\u00fchlatmosph\u00e4re auf Knopfdruck Dieses vielseitige St\u00f6vchen eignet sich perfekt zum sanften Erw\u00e4rmen von Schmelzwachs oder \u00e4therischen \u00d6len, um dein Zuhause mit angenehmen D\u00fcften zu erf\u00fcllen und eine entspannte Atmosph\u00e4re zu schaffen. So funktioniert\u2019s: F\u00fcr Schmelzwachs: Gib 1 St\u00fcck Schmelzwachs in den oberen Beh\u00e4lter des Aromabrenners. Z\u00fcnde ein Teelicht an [&hellip;]<\/p>\n<p><a class=\"read-more\" href=\"https:\/\/www.bynaldis-shop.com\/?product=stoevchen-olive\">Mehr lesen<span class=\"meta-nav\">&rarr;<\/span><\/a><\/p>\n","protected":false},"featured_media":9185,"template":"","meta":[],"product_brand":[],"product_cat":[347],"product_tag":[],"class_list":{"0":"post-9184","1":"product","2":"type-product","3":"status-publish","4":"has-post-thumbnail","6":"product_cat-stoevchen","8":"first","9":"instock","10":"taxable","11":"shipping-taxable","12":"purchasable","13":"product-type-simple"},"_links":{"self":[{"href":"https:\/\/www.bynaldis-shop.com\/index.php?rest_route=\/wp\/v2\/product\/9184","targetHints":{"allow":["GET"]}}],"collection":[{"href":"https:\/\/www.bynaldis-shop.com\/index.php?rest_route=\/wp\/v2\/product"}],"about":[{"href":"https:\/\/www.bynaldis-shop.com\/index.php?rest_route=\/wp\/v2\/types\/product"}],"wp:featuredmedia":[{"embeddable":true,"href":"https:\/\/www.bynaldis-shop.com\/index.php?rest_route=\/wp\/v2\/media\/9185"}],"wp:attachment":[{"href":"https:\/\/www.bynaldis-shop.com\/index.php?rest_route=%2Fwp%2Fv2%2Fmedia&parent=9184"}],"wp:term":[{"taxonomy":"product_brand","embeddable":true,"href":"https:\/\/www.bynaldis-shop.com\/index.php?rest_route=%2Fwp%2Fv2%2Fproduct_brand&post=9184"},{"taxonomy":"product_cat","embeddable":true,"href":"https:\/\/www.bynaldis-shop.com\/index.php?rest_route=%2Fwp%2Fv2%2Fproduct_cat&post=9184"},{"taxonomy":"product_tag","embeddable":true,"href":"https:\/\/www.bynaldis-shop.com\/index.php?rest_route=%2Fwp%2Fv2%2Fproduct_tag&post=9184"}],"curies":[{"name":"wp","href":"https:\/\/api.w.org\/{rel}","templated":true}]}}