{"id":9169,"date":"2024-12-25T14:23:12","date_gmt":"2024-12-25T13:23:12","guid":{"rendered":"https:\/\/www.bynaldis-shop.com\/?post_type=product&#038;p=9169"},"modified":"2026-04-26T19:38:50","modified_gmt":"2026-04-26T17:38:50","slug":"lavendelseife","status":"publish","type":"product","link":"https:\/\/www.bynaldis-shop.com\/?product=lavendelseife","title":{"rendered":"Seife Lavendel"},"content":{"rendered":"<p data-start=\"0\" data-end=\"49\"><strong>Beruhigende Lavendelseife<\/strong><\/p>\n<p data-start=\"0\" data-end=\"49\">Handgemacht mit Liebe<\/p>\n<p data-start=\"51\" data-end=\"336\">Erlebe bei jeder Anwendung den sanften, berauschenden Duft von Lavendel, der deine Sinne umh\u00fcllt und K\u00f6rper sowie Geist in eine tiefe Entspannung f\u00fchrt. Diese handgefertigte Seife ist ein kleines Wohlf\u00fchlritual, das deine Haut pflegt und gleichzeitig f\u00fcr ein Gef\u00fchl der Euphorie sorgt.<\/p>\n<p data-start=\"338\" data-end=\"373\"><strong data-start=\"338\" data-end=\"373\">Die Vorteile der Lavendelseife:<\/strong><\/p>\n<ul data-start=\"374\" data-end=\"645\">\n<li data-start=\"374\" data-end=\"438\">\n<p data-start=\"376\" data-end=\"438\">Verzaubert mit dem aufregenden und beruhigenden Lavendelduft<\/p>\n<\/li>\n<li data-start=\"439\" data-end=\"502\">\n<p data-start=\"441\" data-end=\"502\">Spendet intensive Feuchtigkeit dank Oliven- und S\u00fc\u00dfmandel\u00f6l<\/p>\n<\/li>\n<li data-start=\"503\" data-end=\"577\">\n<p data-start=\"505\" data-end=\"577\">Reich an Antioxidantien und Vitamin E f\u00fcr einen nat\u00fcrlichen Hautschutz<\/p>\n<\/li>\n<li data-start=\"578\" data-end=\"645\">\n<p data-start=\"580\" data-end=\"645\">100 % handgemacht, aus nat\u00fcrlichen Zutaten und umweltfreundlich<\/p>\n<\/li>\n<\/ul>\n<p data-start=\"647\" data-end=\"871\"><strong data-start=\"647\" data-end=\"661\">Anwendung:<\/strong><br data-start=\"661\" data-end=\"664\" \/>Befeuchte deine Haut und das Seifenst\u00fcck. Reibe die Seife sanft in deinen H\u00e4nden, um einen feinen Schaum zu erzeugen, und trage ihn dann auf deine Haut auf. Anschlie\u00dfend gr\u00fcndlich mit warmem Wasser absp\u00fclen.<\/p>\n<p data-start=\"873\" data-end=\"893\"><strong data-start=\"873\" data-end=\"891\">Inhaltsstoffe:<\/strong><\/p>\n<ul data-start=\"894\" data-end=\"1264\">\n<li data-start=\"894\" data-end=\"950\">\n<p data-start=\"896\" data-end=\"950\">Glycerin: H\u00e4lt die Haut geschmeidig und hydratisiert<\/p>\n<\/li>\n<li data-start=\"951\" data-end=\"1012\">\n<p data-start=\"953\" data-end=\"1012\">Oliven\u00f6l (Olea Europaea): Pflegt und macht die Haut weich<\/p>\n<\/li>\n<li data-start=\"1013\" data-end=\"1115\">\n<p data-start=\"1015\" data-end=\"1115\">S\u00fc\u00dfmandel\u00f6l (Prunus Amygdalus Dulcis): Versorgt die Haut mit Feuchtigkeit und wichtigen Fetts\u00e4uren<\/p>\n<\/li>\n<li data-start=\"1116\" data-end=\"1201\">\n<p data-start=\"1118\" data-end=\"1201\">Vitamin E (Tocopherylacetat): Sch\u00fctzt und n\u00e4hrt die Haut mit antioxidativer Kraft<\/p>\n<\/li>\n<li data-start=\"1202\" data-end=\"1264\">\n<p data-start=\"1204\" data-end=\"1264\">Feiner Lavendelduft, der Ruhe und Ausgeglichenheit schenkt<\/p>\n<\/li>\n<\/ul>\n<p data-start=\"1266\" data-end=\"1379\" data-is-last-node=\"\" data-is-only-node=\"\">Tauche ein in ein entspannendes Pflegeerlebnis \u2013 mit der liebevollen Kraft der Natur und der Magie des Lavendels.<\/p>\n<p data-start=\"1266\" data-end=\"1379\" data-is-last-node=\"\" data-is-only-node=\"\">Passend zu unseren wunderbaren Seifen findest du in unserem Shop auch eine liebevoll ausgew\u00e4hlte Auswahl an Seifenschalen und praktischen Seifenmuscheln. So kannst du dein Pflegeritual perfekt erg\u00e4nzen und deine Seifen stilvoll und hygienisch aufbewahren. Ob als sch\u00f6nes Set oder einzeln \u2013 entdecke das ideale Zubeh\u00f6r, das nicht nur funktional ist, sondern auch dein Badezimmer oder deine Wohlf\u00fchloase noch sch\u00f6ner macht. Schau gerne vorbei und lass dich inspirieren!<\/p>\n","protected":false},"excerpt":{"rendered":"<p>Beruhigende Lavendelseife Handgemacht mit Liebe Erlebe bei jeder Anwendung den sanften, berauschenden Duft von Lavendel, der deine Sinne umh\u00fcllt und K\u00f6rper sowie Geist in eine tiefe Entspannung f\u00fchrt. Diese handgefertigte Seife ist ein kleines Wohlf\u00fchlritual, das deine Haut pflegt und gleichzeitig f\u00fcr ein Gef\u00fchl der Euphorie sorgt. Die Vorteile der Lavendelseife: Verzaubert mit dem aufregenden [&hellip;]<\/p>\n<p><a class=\"read-more\" href=\"https:\/\/www.bynaldis-shop.com\/?product=lavendelseife\">Mehr lesen<span class=\"meta-nav\">&rarr;<\/span><\/a><\/p>\n","protected":false},"featured_media":10335,"template":"","meta":[],"product_brand":[],"product_cat":[257],"product_tag":[],"class_list":{"0":"post-9169","1":"product","2":"type-product","3":"status-publish","4":"has-post-thumbnail","6":"product_cat-seife","8":"first","9":"instock","10":"taxable","11":"shipping-taxable","12":"purchasable","13":"product-type-simple"},"_links":{"self":[{"href":"https:\/\/www.bynaldis-shop.com\/index.php?rest_route=\/wp\/v2\/product\/9169","targetHints":{"allow":["GET"]}}],"collection":[{"href":"https:\/\/www.bynaldis-shop.com\/index.php?rest_route=\/wp\/v2\/product"}],"about":[{"href":"https:\/\/www.bynaldis-shop.com\/index.php?rest_route=\/wp\/v2\/types\/product"}],"wp:featuredmedia":[{"embeddable":true,"href":"https:\/\/www.bynaldis-shop.com\/index.php?rest_route=\/wp\/v2\/media\/10335"}],"wp:attachment":[{"href":"https:\/\/www.bynaldis-shop.com\/index.php?rest_route=%2Fwp%2Fv2%2Fmedia&parent=9169"}],"wp:term":[{"taxonomy":"product_brand","embeddable":true,"href":"https:\/\/www.bynaldis-shop.com\/index.php?rest_route=%2Fwp%2Fv2%2Fproduct_brand&post=9169"},{"taxonomy":"product_cat","embeddable":true,"href":"https:\/\/www.bynaldis-shop.com\/index.php?rest_route=%2Fwp%2Fv2%2Fproduct_cat&post=9169"},{"taxonomy":"product_tag","embeddable":true,"href":"https:\/\/www.bynaldis-shop.com\/index.php?rest_route=%2Fwp%2Fv2%2Fproduct_tag&post=9169"}],"curies":[{"name":"wp","href":"https:\/\/api.w.org\/{rel}","templated":true}]}}