{"id":9068,"date":"2024-11-04T10:49:25","date_gmt":"2024-11-04T09:49:25","guid":{"rendered":"https:\/\/www.bynaldis-shop.com\/?post_type=product&#038;p=9068"},"modified":"2025-10-21T20:01:30","modified_gmt":"2025-10-21T18:01:30","slug":"buddha-in-weissmetall","status":"publish","type":"product","link":"https:\/\/www.bynaldis-shop.com\/?product=buddha-in-weissmetall","title":{"rendered":"Leichte Wei\u00dfmetall-Halter f\u00fcr R\u00e4ucherst\u00e4bchen &#038; R\u00e4ucherkegel"},"content":{"rendered":"<p data-start=\"102\" data-end=\"212\"><strong data-start=\"102\" data-end=\"166\">Leichte Wei\u00dfmetall-Halter f\u00fcr R\u00e4ucherst\u00e4bchen &amp; R\u00e4ucherkegel<\/strong><\/p>\n<p data-start=\"102\" data-end=\"212\"><br data-start=\"166\" data-end=\"169\" \/>Sch\u00f6n verziert \u2013 praktisch &amp; erschwinglich.<\/p>\n<p data-start=\"214\" data-end=\"551\">Diese filigranen Halter aus Wei\u00dfmetall verbinden zarte Eleganz mit Funktionalit\u00e4t. Reich verziert, fangen sie sanft die Asche deiner R\u00e4ucherungen auf und schenken deinem Ritual einen besonderen Rahmen. Ihre Leichtigkeit macht sie besonders handlich, w\u00e4hrend die L\u00e4nge von ca. 24 cm genug Platz f\u00fcr deine R\u00e4ucherst\u00e4bchen und Kegel bietet.<\/p>\n<p data-start=\"553\" data-end=\"645\">Erlebe die Harmonie aus Sch\u00f6nheit und Leichtigkeit \u2013 perfekt f\u00fcr deinen spirituellen Alltag<\/p>\n<p data-start=\"553\" data-end=\"645\">Und weil ein sch\u00f6ner Halter noch mehr Freude macht mit dem passenden Duft, findest du in unserem Shop eine gro\u00dfe Auswahl an herrlichen R\u00e4ucherst\u00e4bchen \u2013 von sanft blumig bis w\u00fcrzig warm. St\u00f6bere gern ein bisschen, lass dich von den D\u00fcften inspirieren und finde genau die Aromen, die dein Herz ber\u00fchren.<\/p>\n","protected":false},"excerpt":{"rendered":"<p>Leichte Wei\u00dfmetall-Halter f\u00fcr R\u00e4ucherst\u00e4bchen &amp; R\u00e4ucherkegel Sch\u00f6n verziert \u2013 praktisch &amp; erschwinglich. Diese filigranen Halter aus Wei\u00dfmetall verbinden zarte Eleganz mit Funktionalit\u00e4t. Reich verziert, fangen sie sanft die Asche deiner R\u00e4ucherungen auf und schenken deinem Ritual einen besonderen Rahmen. Ihre Leichtigkeit macht sie besonders handlich, w\u00e4hrend die L\u00e4nge von ca. 24 cm genug Platz f\u00fcr [&hellip;]<\/p>\n<p><a class=\"read-more\" href=\"https:\/\/www.bynaldis-shop.com\/?product=buddha-in-weissmetall\">Mehr lesen<span class=\"meta-nav\">&rarr;<\/span><\/a><\/p>\n","protected":false},"featured_media":9069,"template":"","meta":[],"product_brand":[],"product_cat":[252],"product_tag":[],"class_list":{"0":"post-9068","1":"product","2":"type-product","3":"status-publish","4":"has-post-thumbnail","6":"product_cat-zubehoer","8":"first","9":"instock","10":"taxable","11":"shipping-taxable","12":"purchasable","13":"product-type-simple"},"_links":{"self":[{"href":"https:\/\/www.bynaldis-shop.com\/index.php?rest_route=\/wp\/v2\/product\/9068","targetHints":{"allow":["GET"]}}],"collection":[{"href":"https:\/\/www.bynaldis-shop.com\/index.php?rest_route=\/wp\/v2\/product"}],"about":[{"href":"https:\/\/www.bynaldis-shop.com\/index.php?rest_route=\/wp\/v2\/types\/product"}],"wp:featuredmedia":[{"embeddable":true,"href":"https:\/\/www.bynaldis-shop.com\/index.php?rest_route=\/wp\/v2\/media\/9069"}],"wp:attachment":[{"href":"https:\/\/www.bynaldis-shop.com\/index.php?rest_route=%2Fwp%2Fv2%2Fmedia&parent=9068"}],"wp:term":[{"taxonomy":"product_brand","embeddable":true,"href":"https:\/\/www.bynaldis-shop.com\/index.php?rest_route=%2Fwp%2Fv2%2Fproduct_brand&post=9068"},{"taxonomy":"product_cat","embeddable":true,"href":"https:\/\/www.bynaldis-shop.com\/index.php?rest_route=%2Fwp%2Fv2%2Fproduct_cat&post=9068"},{"taxonomy":"product_tag","embeddable":true,"href":"https:\/\/www.bynaldis-shop.com\/index.php?rest_route=%2Fwp%2Fv2%2Fproduct_tag&post=9068"}],"curies":[{"name":"wp","href":"https:\/\/api.w.org\/{rel}","templated":true}]}}