{"id":9059,"date":"2024-11-04T10:01:41","date_gmt":"2024-11-04T09:01:41","guid":{"rendered":"https:\/\/www.bynaldis-shop.com\/?post_type=product&#038;p=9059"},"modified":"2025-10-21T19:58:32","modified_gmt":"2025-10-21T17:58:32","slug":"salbei-kegel","status":"publish","type":"product","link":"https:\/\/www.bynaldis-shop.com\/?product=salbei-kegel","title":{"rendered":"R\u00e4ucherpyramide Wei\u00dfer Salbei"},"content":{"rendered":"<p data-start=\"117\" data-end=\"197\"><strong data-start=\"117\" data-end=\"150\">R\u00e4ucherpyramide Wei\u00dfer Salbei<\/strong><\/p>\n<p data-start=\"117\" data-end=\"197\"><br data-start=\"150\" data-end=\"153\" \/>Die kraftvolle Reinigung f\u00fcr Raum und Seele.<\/p>\n<p data-start=\"199\" data-end=\"422\">Wei\u00dfer Salbei gilt bei den Ureinwohnern Nordamerikas als eine der heiligsten Pflanzen. Sein Rauch reinigt sanft die Atmosph\u00e4re, zieht positive Energien an und kl\u00e4rt das Bewusstsein \u2013 ein Ritual der Reinigung und Erneuerung.<\/p>\n<p data-start=\"424\" data-end=\"661\">Diese besonderen Kegel sind als Pyramiden geformt und verbreiten schon beim Anz\u00fcnden eine mystische, beruhigende Aura. Lass dich entf\u00fchren in die magische Welt unserer feinen Duftkreationen und sp\u00fcre die Kraft der spirituellen Reinigung.<\/p>\n<p data-start=\"663\" data-end=\"799\">Im Set enthalten: 8 handgefertigte Kegel (20 g) und ein zauberhafter kleiner Keramikhalter, der deine R\u00e4ucherzeremonie stilvoll erg\u00e4nzt.<\/p>\n","protected":false},"excerpt":{"rendered":"<p>R\u00e4ucherpyramide Wei\u00dfer Salbei Die kraftvolle Reinigung f\u00fcr Raum und Seele. Wei\u00dfer Salbei gilt bei den Ureinwohnern Nordamerikas als eine der heiligsten Pflanzen. Sein Rauch reinigt sanft die Atmosph\u00e4re, zieht positive Energien an und kl\u00e4rt das Bewusstsein \u2013 ein Ritual der Reinigung und Erneuerung. Diese besonderen Kegel sind als Pyramiden geformt und verbreiten schon beim Anz\u00fcnden [&hellip;]<\/p>\n<p><a class=\"read-more\" href=\"https:\/\/www.bynaldis-shop.com\/?product=salbei-kegel\">Mehr lesen<span class=\"meta-nav\">&rarr;<\/span><\/a><\/p>\n","protected":false},"featured_media":9063,"template":"","meta":[],"product_brand":[],"product_cat":[248,247],"product_tag":[],"class_list":{"0":"post-9059","1":"product","2":"type-product","3":"status-publish","4":"has-post-thumbnail","6":"product_cat-salbei-zubehoer","7":"product_cat-raeucherkegel-zubehoer","9":"first","10":"instock","11":"taxable","12":"shipping-taxable","13":"purchasable","14":"product-type-simple"},"_links":{"self":[{"href":"https:\/\/www.bynaldis-shop.com\/index.php?rest_route=\/wp\/v2\/product\/9059","targetHints":{"allow":["GET"]}}],"collection":[{"href":"https:\/\/www.bynaldis-shop.com\/index.php?rest_route=\/wp\/v2\/product"}],"about":[{"href":"https:\/\/www.bynaldis-shop.com\/index.php?rest_route=\/wp\/v2\/types\/product"}],"wp:featuredmedia":[{"embeddable":true,"href":"https:\/\/www.bynaldis-shop.com\/index.php?rest_route=\/wp\/v2\/media\/9063"}],"wp:attachment":[{"href":"https:\/\/www.bynaldis-shop.com\/index.php?rest_route=%2Fwp%2Fv2%2Fmedia&parent=9059"}],"wp:term":[{"taxonomy":"product_brand","embeddable":true,"href":"https:\/\/www.bynaldis-shop.com\/index.php?rest_route=%2Fwp%2Fv2%2Fproduct_brand&post=9059"},{"taxonomy":"product_cat","embeddable":true,"href":"https:\/\/www.bynaldis-shop.com\/index.php?rest_route=%2Fwp%2Fv2%2Fproduct_cat&post=9059"},{"taxonomy":"product_tag","embeddable":true,"href":"https:\/\/www.bynaldis-shop.com\/index.php?rest_route=%2Fwp%2Fv2%2Fproduct_tag&post=9059"}],"curies":[{"name":"wp","href":"https:\/\/api.w.org\/{rel}","templated":true}]}}