{"id":9030,"date":"2024-10-05T16:55:28","date_gmt":"2024-10-05T14:55:28","guid":{"rendered":"https:\/\/www.bynaldis-shop.com\/?post_type=product&#038;p=9030"},"modified":"2025-10-21T19:57:26","modified_gmt":"2025-10-21T17:57:26","slug":"spirituelle-liebe","status":"publish","type":"product","link":"https:\/\/www.bynaldis-shop.com\/?product=spirituelle-liebe","title":{"rendered":"R\u00e4ucherst\u00e4bchen \u201eSpirituelle Liebe\u201c"},"content":{"rendered":"<p data-start=\"142\" data-end=\"260\"><strong data-start=\"142\" data-end=\"181\">R\u00e4ucherst\u00e4bchen \u201eSpirituelle Liebe\u201c<\/strong><\/p>\n<p data-start=\"142\" data-end=\"260\">Lass dein Herz in den hohen Schwingungen der bedingungslosen Liebe erbl\u00fchen.<\/p>\n<p data-start=\"262\" data-end=\"531\">Der Kosmos schenkt uns alle Kr\u00e4fte, die wir brauchen, um ein gl\u00fcckliches, ausgeglichenes Leben im Einklang mit dem G\u00f6ttlichen zu f\u00fchren. Mutter Erde birgt viele wunderbare Pflanzen, die uns helfen, zur Ruhe zu kommen, unsere Sinne zu \u00f6ffnen und unsere Seele zu st\u00e4rken.<\/p>\n<p data-start=\"533\" data-end=\"789\">In dieser besonderen R\u00e4ucherst\u00e4bchenlinie b\u00fcndeln wir die reinsten Essenzen dieser Pflanzen, um dich auf deinem spirituellen Weg zu begleiten. Jedes St\u00e4bchen wird liebevoll von Hand gerollt, frei von chemischen Zus\u00e4tzen und mit h\u00f6chster Qualit\u00e4t gefertigt.<\/p>\n<p data-start=\"791\" data-end=\"1114\"><strong data-start=\"791\" data-end=\"812\">Spirituelle Liebe<\/strong> verstr\u00f6mt den exotischen, verf\u00fchrerischen Duft von Jasmin \u2013 dem edelsten aller Bl\u00fcten \u2013 kombiniert mit der warmen Tiefe von Sandelholz und der feinen, erhabenen Note von Weihrauch. Diese harmonische Komposition \u00f6ffnet dein Herz und macht dich empf\u00e4nglich f\u00fcr die heilende Kraft der spirituellen Liebe.<\/p>\n<p data-start=\"1116\" data-end=\"1352\"><strong data-start=\"1116\" data-end=\"1134\">Inhaltsstoffe:<\/strong><br data-start=\"1134\" data-end=\"1137\" \/>Jasminium pubescens \u00d6l &amp; Bl\u00fctenbl\u00e4tter (Mogra), Sandelholzpulver (inklusive \u00e4u\u00dferer Rinde), Weihrauch, Litsea Sebifera, Ayurvedische Kr\u00e4utermischung (Himalaya Eibe, Costuswurzel, Hedychium spicatum, Zypresse u.v.m.)<\/p>\n<p>&nbsp;<\/p>\n","protected":false},"excerpt":{"rendered":"<p>R\u00e4ucherst\u00e4bchen \u201eSpirituelle Liebe\u201c Lass dein Herz in den hohen Schwingungen der bedingungslosen Liebe erbl\u00fchen. Der Kosmos schenkt uns alle Kr\u00e4fte, die wir brauchen, um ein gl\u00fcckliches, ausgeglichenes Leben im Einklang mit dem G\u00f6ttlichen zu f\u00fchren. Mutter Erde birgt viele wunderbare Pflanzen, die uns helfen, zur Ruhe zu kommen, unsere Sinne zu \u00f6ffnen und unsere Seele [&hellip;]<\/p>\n<p><a class=\"read-more\" href=\"https:\/\/www.bynaldis-shop.com\/?product=spirituelle-liebe\">Mehr lesen<span class=\"meta-nav\">&rarr;<\/span><\/a><\/p>\n","protected":false},"featured_media":9031,"template":"","meta":[],"product_brand":[],"product_cat":[250],"product_tag":[],"class_list":{"0":"post-9030","1":"product","2":"type-product","3":"status-publish","4":"has-post-thumbnail","6":"product_cat-packung","8":"first","9":"instock","10":"taxable","11":"shipping-taxable","12":"purchasable","13":"product-type-simple"},"_links":{"self":[{"href":"https:\/\/www.bynaldis-shop.com\/index.php?rest_route=\/wp\/v2\/product\/9030","targetHints":{"allow":["GET"]}}],"collection":[{"href":"https:\/\/www.bynaldis-shop.com\/index.php?rest_route=\/wp\/v2\/product"}],"about":[{"href":"https:\/\/www.bynaldis-shop.com\/index.php?rest_route=\/wp\/v2\/types\/product"}],"wp:featuredmedia":[{"embeddable":true,"href":"https:\/\/www.bynaldis-shop.com\/index.php?rest_route=\/wp\/v2\/media\/9031"}],"wp:attachment":[{"href":"https:\/\/www.bynaldis-shop.com\/index.php?rest_route=%2Fwp%2Fv2%2Fmedia&parent=9030"}],"wp:term":[{"taxonomy":"product_brand","embeddable":true,"href":"https:\/\/www.bynaldis-shop.com\/index.php?rest_route=%2Fwp%2Fv2%2Fproduct_brand&post=9030"},{"taxonomy":"product_cat","embeddable":true,"href":"https:\/\/www.bynaldis-shop.com\/index.php?rest_route=%2Fwp%2Fv2%2Fproduct_cat&post=9030"},{"taxonomy":"product_tag","embeddable":true,"href":"https:\/\/www.bynaldis-shop.com\/index.php?rest_route=%2Fwp%2Fv2%2Fproduct_tag&post=9030"}],"curies":[{"name":"wp","href":"https:\/\/api.w.org\/{rel}","templated":true}]}}