{"id":9026,"date":"2024-10-05T16:51:59","date_gmt":"2024-10-05T14:51:59","guid":{"rendered":"https:\/\/www.bynaldis-shop.com\/?post_type=product&#038;p=9026"},"modified":"2025-10-21T19:56:24","modified_gmt":"2025-10-21T17:56:24","slug":"innere-sonne","status":"publish","type":"product","link":"https:\/\/www.bynaldis-shop.com\/?product=innere-sonne","title":{"rendered":"R\u00e4ucherst\u00e4bchen \u201eInnere Sonne\u201c \u2013 Harmonie f\u00fcr Seele und Geist"},"content":{"rendered":"<article class=\"text-token-text-primary w-full focus:outline-none scroll-mt-[calc(var(--header-height)+min(200px,max(70px,20svh)))]\" dir=\"auto\" tabindex=\"-1\" data-turn-id=\"request-6884d4ac-8230-8324-9295-a90d37ba8eae-47\" data-testid=\"conversation-turn-574\" data-scroll-anchor=\"true\" data-turn=\"assistant\">\n<div class=\"text-base my-auto mx-auto pb-10 [--thread-content-margin:--spacing(4)] @[37rem]:[--thread-content-margin:--spacing(6)] @[72rem]:[--thread-content-margin:--spacing(16)] px-(--thread-content-margin)\">\n<div class=\"[--thread-content-max-width:32rem] @[34rem]:[--thread-content-max-width:40rem] @[64rem]:[--thread-content-max-width:48rem] mx-auto max-w-(--thread-content-max-width) flex-1 group\/turn-messages focus-visible:outline-hidden relative flex w-full min-w-0 flex-col agent-turn\" tabindex=\"-1\">\n<div class=\"flex max-w-full flex-col grow\">\n<div class=\"min-h-8 text-message relative flex w-full flex-col items-end gap-2 text-start break-words whitespace-normal [.text-message+&amp;]:mt-5\" dir=\"auto\" data-message-author-role=\"assistant\" data-message-id=\"58658426-a311-4f40-9d25-83ef032443e7\" data-message-model-slug=\"gpt-4-1-mini\">\n<div class=\"flex w-full flex-col gap-1 empty:hidden first:pt-[3px]\">\n<div class=\"markdown prose dark:prose-invert w-full break-words light markdown-new-styling\">\n<p data-start=\"0\" data-end=\"61\"><strong>R\u00e4ucherst\u00e4bchen \u201eInnere Sonne\u201c \u2013 Harmonie f\u00fcr Seele und Geist<\/strong><\/p>\n<p data-start=\"63\" data-end=\"337\">Der Kosmos schenkt uns alles, was wir brauchen, um ein gl\u00fcckliches, ausgeglichenes Leben im Einklang mit dem G\u00f6ttlichen zu f\u00fchren. Mutter Erde beherbergt zahlreiche Pflanzen mit kraftvoller Wirkung \u2013 zur Entspannung, Konzentration und Aktivierung unserer kreativen Energie.<\/p>\n<p data-start=\"339\" data-end=\"599\">Unsere besondere R\u00e4ucherst\u00e4bchenlinie \u201eInnere Sonne\u201c vereint die Kr\u00e4fte ausgew\u00e4hlter Pflanzen in einer liebevollen Komposition, die dein Seelenleben sanft unterst\u00fctzt. Handgerollt und frei von chemischen Zus\u00e4tzen, garantieren wir h\u00f6chste Qualit\u00e4t und Reinheit.<\/p>\n<p data-start=\"601\" data-end=\"905\">Die Hauptnoten dieses Duftes sind das fruchtig-frische Bergamotte\u00f6l und das blumig-s\u00fc\u00dfe Neroli\u00f6l. Bergamotte hebt die Stimmung und kl\u00e4rt den Geist, schenkt Leichtigkeit und neues Licht f\u00fcr deine Gedanken. Neroli beruhigt angespannte Nerven, lindert Schlaflosigkeit und hilft bei geistiger \u00dcberforderung.<\/p>\n<p data-start=\"907\" data-end=\"1046\">Lass mit dieser harmonischen Duftkomposition deine innere Sonne wieder aufgehen und sp\u00fcre, wie Leichtigkeit und Ruhe in dein Leben flie\u00dfen.<\/p>\n<p data-start=\"1048\" data-end=\"1172\" data-is-last-node=\"\" data-is-only-node=\"\">Inhaltsstoffe: Bergamotte, Neroli, Zedernholz, Weihrauch, Benzoe, Sandelholz, Sandelholzrinde, Rosenbl\u00e4tter, Litsea Sebifera<\/p>\n<\/div>\n<\/div>\n<\/div>\n<\/div>\n<div class=\"flex min-h-[46px] justify-start\"><\/div>\n<div class=\"aria-live=polite absolute select-none\">\n<div class=\"flex items-center justify-center\"><\/div>\n<\/div>\n<\/div>\n<\/div>\n<\/article>\n<div class=\"pointer-events-none h-px w-px\" aria-hidden=\"true\" data-edge=\"true\"><\/div>\n","protected":false},"excerpt":{"rendered":"<p>R\u00e4ucherst\u00e4bchen \u201eInnere Sonne\u201c \u2013 Harmonie f\u00fcr Seele und Geist Der Kosmos schenkt uns alles, was wir brauchen, um ein gl\u00fcckliches, ausgeglichenes Leben im Einklang mit dem G\u00f6ttlichen zu f\u00fchren. Mutter Erde beherbergt zahlreiche Pflanzen mit kraftvoller Wirkung \u2013 zur Entspannung, Konzentration und Aktivierung unserer kreativen Energie. Unsere besondere R\u00e4ucherst\u00e4bchenlinie \u201eInnere Sonne\u201c vereint die Kr\u00e4fte ausgew\u00e4hlter [&hellip;]<\/p>\n<p><a class=\"read-more\" href=\"https:\/\/www.bynaldis-shop.com\/?product=innere-sonne\">Mehr lesen<span class=\"meta-nav\">&rarr;<\/span><\/a><\/p>\n","protected":false},"featured_media":9027,"template":"","meta":[],"product_brand":[],"product_cat":[250],"product_tag":[],"class_list":{"0":"post-9026","1":"product","2":"type-product","3":"status-publish","4":"has-post-thumbnail","6":"product_cat-packung","8":"first","9":"instock","10":"taxable","11":"shipping-taxable","12":"purchasable","13":"product-type-simple"},"_links":{"self":[{"href":"https:\/\/www.bynaldis-shop.com\/index.php?rest_route=\/wp\/v2\/product\/9026","targetHints":{"allow":["GET"]}}],"collection":[{"href":"https:\/\/www.bynaldis-shop.com\/index.php?rest_route=\/wp\/v2\/product"}],"about":[{"href":"https:\/\/www.bynaldis-shop.com\/index.php?rest_route=\/wp\/v2\/types\/product"}],"wp:featuredmedia":[{"embeddable":true,"href":"https:\/\/www.bynaldis-shop.com\/index.php?rest_route=\/wp\/v2\/media\/9027"}],"wp:attachment":[{"href":"https:\/\/www.bynaldis-shop.com\/index.php?rest_route=%2Fwp%2Fv2%2Fmedia&parent=9026"}],"wp:term":[{"taxonomy":"product_brand","embeddable":true,"href":"https:\/\/www.bynaldis-shop.com\/index.php?rest_route=%2Fwp%2Fv2%2Fproduct_brand&post=9026"},{"taxonomy":"product_cat","embeddable":true,"href":"https:\/\/www.bynaldis-shop.com\/index.php?rest_route=%2Fwp%2Fv2%2Fproduct_cat&post=9026"},{"taxonomy":"product_tag","embeddable":true,"href":"https:\/\/www.bynaldis-shop.com\/index.php?rest_route=%2Fwp%2Fv2%2Fproduct_tag&post=9026"}],"curies":[{"name":"wp","href":"https:\/\/api.w.org\/{rel}","templated":true}]}}