{"id":8884,"date":"2024-08-04T17:31:50","date_gmt":"2024-08-04T15:31:50","guid":{"rendered":"https:\/\/www.bynaldis-shop.com\/?post_type=product&#038;p=8884"},"modified":"2026-01-26T15:04:24","modified_gmt":"2026-01-26T14:04:24","slug":"immer-mit-der-ruhe-demnaechst-lieferbar","status":"publish","type":"product","link":"https:\/\/www.bynaldis-shop.com\/?product=immer-mit-der-ruhe-demnaechst-lieferbar","title":{"rendered":"Immer mit der Ruhe"},"content":{"rendered":"<p data-start=\"0\" data-end=\"22\"><strong>Immer mit der Ruhe &#8211; Postkarte im A6 Format<\/strong><\/p>\n<p data-start=\"0\" data-end=\"22\">F\u00fcr die Frau, die in der Hektik des Alltags Ruhe und Gelassenheit sucht. \u201eImmer mit der Ruhe\u201c schenkt dir eine sanfte Erinnerung, bewusst zu atmen, innezuhalten und dich mit deiner inneren Mitte zu verbinden.<\/p>\n<p data-start=\"234\" data-end=\"377\" data-is-last-node=\"\" data-is-only-node=\"\">Diese zarte Postkarte begleitet dich liebevoll durch den Tag und l\u00e4dt dich ein, im Einklang mit dir selbst Ruhe und Ausgeglichenheit zu finden.<\/p>\n<p data-start=\"234\" data-end=\"377\" data-is-last-node=\"\" data-is-only-node=\"\">Passend zu unseren liebevoll gestalteten Postkarten findest du in unserem Shop auch wundersch\u00f6ne Postkartenhalter aus Holz und Gips. Sie setzen deine Karten elegant in Szene und sorgen daf\u00fcr, dass deine liebsten Botschaften immer gut sichtbar und stilvoll pr\u00e4sentiert werden. Ob auf dem Schreibtisch, im Regal oder auf dem Fensterbrett \u2013 unsere Halter sind kleine Hingucker und machen das Postkartenerlebnis noch besonderer. Entdecke die Vielfalt und gestalte deine pers\u00f6nliche Wohlf\u00fchloase mit Herz!<\/p>\n","protected":false},"excerpt":{"rendered":"<p>Immer mit der Ruhe &#8211; Postkarte im A6 Format F\u00fcr die Frau, die in der Hektik des Alltags Ruhe und Gelassenheit sucht. \u201eImmer mit der Ruhe\u201c schenkt dir eine sanfte Erinnerung, bewusst zu atmen, innezuhalten und dich mit deiner inneren Mitte zu verbinden. Diese zarte Postkarte begleitet dich liebevoll durch den Tag und l\u00e4dt dich [&hellip;]<\/p>\n<p><a class=\"read-more\" href=\"https:\/\/www.bynaldis-shop.com\/?product=immer-mit-der-ruhe-demnaechst-lieferbar\">Mehr lesen<span class=\"meta-nav\">&rarr;<\/span><\/a><\/p>\n","protected":false},"featured_media":8885,"template":"","meta":[],"product_brand":[],"product_cat":[215],"product_tag":[],"class_list":{"0":"post-8884","1":"product","2":"type-product","3":"status-publish","4":"has-post-thumbnail","6":"product_cat-postkarten","8":"first","9":"instock","10":"taxable","11":"shipping-taxable","12":"purchasable","13":"product-type-simple"},"_links":{"self":[{"href":"https:\/\/www.bynaldis-shop.com\/index.php?rest_route=\/wp\/v2\/product\/8884","targetHints":{"allow":["GET"]}}],"collection":[{"href":"https:\/\/www.bynaldis-shop.com\/index.php?rest_route=\/wp\/v2\/product"}],"about":[{"href":"https:\/\/www.bynaldis-shop.com\/index.php?rest_route=\/wp\/v2\/types\/product"}],"wp:featuredmedia":[{"embeddable":true,"href":"https:\/\/www.bynaldis-shop.com\/index.php?rest_route=\/wp\/v2\/media\/8885"}],"wp:attachment":[{"href":"https:\/\/www.bynaldis-shop.com\/index.php?rest_route=%2Fwp%2Fv2%2Fmedia&parent=8884"}],"wp:term":[{"taxonomy":"product_brand","embeddable":true,"href":"https:\/\/www.bynaldis-shop.com\/index.php?rest_route=%2Fwp%2Fv2%2Fproduct_brand&post=8884"},{"taxonomy":"product_cat","embeddable":true,"href":"https:\/\/www.bynaldis-shop.com\/index.php?rest_route=%2Fwp%2Fv2%2Fproduct_cat&post=8884"},{"taxonomy":"product_tag","embeddable":true,"href":"https:\/\/www.bynaldis-shop.com\/index.php?rest_route=%2Fwp%2Fv2%2Fproduct_tag&post=8884"}],"curies":[{"name":"wp","href":"https:\/\/api.w.org\/{rel}","templated":true}]}}