{"id":8806,"date":"2024-08-04T11:15:17","date_gmt":"2024-08-04T09:15:17","guid":{"rendered":"https:\/\/www.bynaldis-shop.com\/?post_type=product&#038;p=8806"},"modified":"2025-10-21T19:30:51","modified_gmt":"2025-10-21T17:30:51","slug":"glueckselefant-in-weissmetall","status":"publish","type":"product","link":"https:\/\/www.bynaldis-shop.com\/?product=glueckselefant-in-weissmetall","title":{"rendered":"R\u00e4ucherst\u00e4bchenhalter \u201eGl\u00fcckselefant\u201c \u2013 ca. 30 cm"},"content":{"rendered":"<p data-start=\"64\" data-end=\"117\"><strong data-start=\"64\" data-end=\"117\">R\u00e4ucherst\u00e4bchenhalter \u201eGl\u00fcckselefant\u201c \u2013 ca. 30 cm<\/strong><\/p>\n<p data-start=\"119\" data-end=\"366\">Dieser fein verzierte <strong data-start=\"141\" data-end=\"181\">R\u00e4ucherst\u00e4bchenhalter aus Wei\u00dfmetall<\/strong> verbindet Leichtigkeit mit kunstvoller Gestaltung. Der stilvolle Gl\u00fcckselefant am Ende des Halters steht f\u00fcr Weisheit, Schutz und innere St\u00e4rke \u2013 ein Symbol mit positiver Ausstrahlung.<\/p>\n<p data-start=\"368\" data-end=\"654\">Ob f\u00fcr <strong data-start=\"375\" data-end=\"412\">R\u00e4ucherst\u00e4bchen oder R\u00e4ucherkegel<\/strong>: Der ca. 30 cm lange Halter ist vielseitig einsetzbar und sorgt f\u00fcr eine stimmungsvolle Atmosph\u00e4re beim R\u00e4uchern. Seine feinen Ornamente machen ihn zu einem besonderen Blickfang \u2013 auf dem Altar, im Wohnzimmer oder als Geschenk mit Bedeutung.<\/p>\n<p data-start=\"656\" data-end=\"755\" data-is-last-node=\"\" data-is-only-node=\"\">Ein wundersch\u00f6nes Accessoire f\u00fcr alle, die sich nach Harmonie, Gl\u00fcck und einem Hauch Exotik sehnen.<\/p>\n<p data-start=\"656\" data-end=\"755\" data-is-last-node=\"\" data-is-only-node=\"\">Und weil ein sch\u00f6ner Halter noch mehr Freude macht mit dem passenden Duft, findest du in unserem Shop eine gro\u00dfe Auswahl an herrlichen R\u00e4ucherst\u00e4bchen \u2013 von sanft blumig bis w\u00fcrzig warm. St\u00f6bere gern ein bisschen, lass dich von den D\u00fcften inspirieren und finde genau die Aromen, die dein Herz ber\u00fchren.<\/p>\n","protected":false},"excerpt":{"rendered":"<p>R\u00e4ucherst\u00e4bchenhalter \u201eGl\u00fcckselefant\u201c \u2013 ca. 30 cm Dieser fein verzierte R\u00e4ucherst\u00e4bchenhalter aus Wei\u00dfmetall verbindet Leichtigkeit mit kunstvoller Gestaltung. Der stilvolle Gl\u00fcckselefant am Ende des Halters steht f\u00fcr Weisheit, Schutz und innere St\u00e4rke \u2013 ein Symbol mit positiver Ausstrahlung. Ob f\u00fcr R\u00e4ucherst\u00e4bchen oder R\u00e4ucherkegel: Der ca. 30 cm lange Halter ist vielseitig einsetzbar und sorgt f\u00fcr eine [&hellip;]<\/p>\n<p><a class=\"read-more\" href=\"https:\/\/www.bynaldis-shop.com\/?product=glueckselefant-in-weissmetall\">Mehr lesen<span class=\"meta-nav\">&rarr;<\/span><\/a><\/p>\n","protected":false},"featured_media":8807,"template":"","meta":[],"product_brand":[],"product_cat":[252],"product_tag":[],"class_list":{"0":"post-8806","1":"product","2":"type-product","3":"status-publish","4":"has-post-thumbnail","6":"product_cat-zubehoer","8":"first","9":"instock","10":"taxable","11":"shipping-taxable","12":"purchasable","13":"product-type-simple"},"_links":{"self":[{"href":"https:\/\/www.bynaldis-shop.com\/index.php?rest_route=\/wp\/v2\/product\/8806","targetHints":{"allow":["GET"]}}],"collection":[{"href":"https:\/\/www.bynaldis-shop.com\/index.php?rest_route=\/wp\/v2\/product"}],"about":[{"href":"https:\/\/www.bynaldis-shop.com\/index.php?rest_route=\/wp\/v2\/types\/product"}],"wp:featuredmedia":[{"embeddable":true,"href":"https:\/\/www.bynaldis-shop.com\/index.php?rest_route=\/wp\/v2\/media\/8807"}],"wp:attachment":[{"href":"https:\/\/www.bynaldis-shop.com\/index.php?rest_route=%2Fwp%2Fv2%2Fmedia&parent=8806"}],"wp:term":[{"taxonomy":"product_brand","embeddable":true,"href":"https:\/\/www.bynaldis-shop.com\/index.php?rest_route=%2Fwp%2Fv2%2Fproduct_brand&post=8806"},{"taxonomy":"product_cat","embeddable":true,"href":"https:\/\/www.bynaldis-shop.com\/index.php?rest_route=%2Fwp%2Fv2%2Fproduct_cat&post=8806"},{"taxonomy":"product_tag","embeddable":true,"href":"https:\/\/www.bynaldis-shop.com\/index.php?rest_route=%2Fwp%2Fv2%2Fproduct_tag&post=8806"}],"curies":[{"name":"wp","href":"https:\/\/api.w.org\/{rel}","templated":true}]}}