{"id":8751,"date":"2024-06-23T18:12:27","date_gmt":"2024-06-23T16:12:27","guid":{"rendered":"https:\/\/www.bynaldis-shop.com\/?post_type=product&#038;p=8751"},"modified":"2026-05-05T11:07:07","modified_gmt":"2026-05-05T09:07:07","slug":"gartenschild-hummel","status":"publish","type":"product","link":"https:\/\/www.bynaldis-shop.com\/?product=gartenschild-hummel","title":{"rendered":"Gartenschild \u201eBin im Garten mit Hummeln bummel.\u201c \u2013 Fr\u00fchlingsgr\u00fcn, 13 x 31 cm"},"content":{"rendered":"<p data-start=\"71\" data-end=\"151\"><strong data-start=\"71\" data-end=\"151\">Gartenschild \u201eBin im Garten mit Hummeln bummel.\u201c \u2013 Fr\u00fchlingsgr\u00fcn, 13 x 31 cm<\/strong><\/p>\n<p data-start=\"153\" data-end=\"352\">Dieses charmante Schild im frischen Fr\u00fchlingsgr\u00fcn mit wei\u00dfen Bl\u00fcten, fliegenden Hummeln und liebevollem Spruch bringt Leichtigkeit und gute Laune in deinen Garten, auf den Balkon oder an die Haust\u00fcr.<\/p>\n<p data-start=\"354\" data-end=\"560\">Gefertigt aus hochwertigem Stahlblech im beliebten Used-Look, eignet sich das Schild dank sch\u00fctzender Lackierung auch ideal f\u00fcr den Au\u00dfenbereich. Die r\u00fcckseitige Aufh\u00e4ngung macht das Anbringen ganz einfach.<\/p>\n<p data-start=\"562\" data-end=\"726\" data-is-last-node=\"\" data-is-only-node=\"\">Ob als Geschenk f\u00fcr Gartenliebhaber*innen oder als fr\u00f6hliche Deko f\u00fcr dein eigenes kleines Paradies \u2013 dieses Schild l\u00e4dt zum Innehalten, L\u00e4cheln und Mitbummeln ein.<\/p>\n","protected":false},"excerpt":{"rendered":"<p>Gartenschild \u201eBin im Garten mit Hummeln bummel.\u201c \u2013 Fr\u00fchlingsgr\u00fcn, 13 x 31 cm Dieses charmante Schild im frischen Fr\u00fchlingsgr\u00fcn mit wei\u00dfen Bl\u00fcten, fliegenden Hummeln und liebevollem Spruch bringt Leichtigkeit und gute Laune in deinen Garten, auf den Balkon oder an die Haust\u00fcr. Gefertigt aus hochwertigem Stahlblech im beliebten Used-Look, eignet sich das Schild dank sch\u00fctzender [&hellip;]<\/p>\n<p><a class=\"read-more\" href=\"https:\/\/www.bynaldis-shop.com\/?product=gartenschild-hummel\">Mehr lesen<span class=\"meta-nav\">&rarr;<\/span><\/a><\/p>\n","protected":false},"featured_media":8752,"template":"","meta":[],"product_brand":[],"product_cat":[262],"product_tag":[],"class_list":{"0":"post-8751","1":"product","2":"type-product","3":"status-publish","4":"has-post-thumbnail","6":"product_cat-garten","8":"first","9":"instock","10":"taxable","11":"shipping-taxable","12":"purchasable","13":"product-type-simple"},"_links":{"self":[{"href":"https:\/\/www.bynaldis-shop.com\/index.php?rest_route=\/wp\/v2\/product\/8751","targetHints":{"allow":["GET"]}}],"collection":[{"href":"https:\/\/www.bynaldis-shop.com\/index.php?rest_route=\/wp\/v2\/product"}],"about":[{"href":"https:\/\/www.bynaldis-shop.com\/index.php?rest_route=\/wp\/v2\/types\/product"}],"wp:featuredmedia":[{"embeddable":true,"href":"https:\/\/www.bynaldis-shop.com\/index.php?rest_route=\/wp\/v2\/media\/8752"}],"wp:attachment":[{"href":"https:\/\/www.bynaldis-shop.com\/index.php?rest_route=%2Fwp%2Fv2%2Fmedia&parent=8751"}],"wp:term":[{"taxonomy":"product_brand","embeddable":true,"href":"https:\/\/www.bynaldis-shop.com\/index.php?rest_route=%2Fwp%2Fv2%2Fproduct_brand&post=8751"},{"taxonomy":"product_cat","embeddable":true,"href":"https:\/\/www.bynaldis-shop.com\/index.php?rest_route=%2Fwp%2Fv2%2Fproduct_cat&post=8751"},{"taxonomy":"product_tag","embeddable":true,"href":"https:\/\/www.bynaldis-shop.com\/index.php?rest_route=%2Fwp%2Fv2%2Fproduct_tag&post=8751"}],"curies":[{"name":"wp","href":"https:\/\/api.w.org\/{rel}","templated":true}]}}