{"id":8709,"date":"2024-05-30T15:08:56","date_gmt":"2024-05-30T13:08:56","guid":{"rendered":"https:\/\/www.bynaldis-shop.com\/?post_type=product&#038;p=8709"},"modified":"2026-01-26T15:07:22","modified_gmt":"2026-01-26T14:07:22","slug":"ein-taenzchen-demnaechst-verfuegbar","status":"publish","type":"product","link":"https:\/\/www.bynaldis-shop.com\/?product=ein-taenzchen-demnaechst-verfuegbar","title":{"rendered":"Ein T\u00e4nzchen am Morgen wird dich mit Frohsinn versorgen"},"content":{"rendered":"<p data-start=\"150\" data-end=\"268\"><strong data-start=\"150\" data-end=\"234\">Postkarte f\u00fcr Frauen \u2013 \u201eEin T\u00e4nzchen am Morgen wird dich mit Frohsinn versorgen\u201c<\/strong><\/p>\n<p data-start=\"150\" data-end=\"268\">Ein kleiner Tanz am Morgen \u2013 und schon tanzt die Seele mit. Diese charmante Postkarte erinnert daran, dass Leichtigkeit und Lebensfreude oft in den kleinen Dingen stecken. Ein fr\u00f6hlicher Impuls, der dich sanft in den Tag begleitet.<\/p>\n<p data-start=\"503\" data-end=\"703\" data-is-last-node=\"\" data-is-only-node=\"\">Perfekt als Gute-Laune-Gru\u00df, Motivation f\u00fcr den K\u00fchlschrank oder liebevolle Aufmerksamkeit f\u00fcr deine Lieblingsmenschen. Gedruckt auf hochwertigem Karton \u2013 ein feiner Begleiter f\u00fcr beschwingte Momente.<\/p>\n<p data-start=\"503\" data-end=\"703\" data-is-last-node=\"\" data-is-only-node=\"\">Passend zu unseren liebevoll gestalteten Postkarten findest du in unserem Shop auch wundersch\u00f6ne Postkartenhalter aus Holz und Gips. Sie setzen deine Karten elegant in Szene und sorgen daf\u00fcr, dass deine liebsten Botschaften immer gut sichtbar und stilvoll pr\u00e4sentiert werden. Ob auf dem Schreibtisch, im Regal oder auf dem Fensterbrett \u2013 unsere Halter sind kleine Hingucker und machen das Postkartenerlebnis noch besonderer. Entdecke die Vielfalt und gestalte deine pers\u00f6nliche Wohlf\u00fchloase mit Herz!<\/p>\n","protected":false},"excerpt":{"rendered":"<p>Postkarte f\u00fcr Frauen \u2013 \u201eEin T\u00e4nzchen am Morgen wird dich mit Frohsinn versorgen\u201c Ein kleiner Tanz am Morgen \u2013 und schon tanzt die Seele mit. Diese charmante Postkarte erinnert daran, dass Leichtigkeit und Lebensfreude oft in den kleinen Dingen stecken. Ein fr\u00f6hlicher Impuls, der dich sanft in den Tag begleitet. Perfekt als Gute-Laune-Gru\u00df, Motivation f\u00fcr [&hellip;]<\/p>\n<p><a class=\"read-more\" href=\"https:\/\/www.bynaldis-shop.com\/?product=ein-taenzchen-demnaechst-verfuegbar\">Mehr lesen<span class=\"meta-nav\">&rarr;<\/span><\/a><\/p>\n","protected":false},"featured_media":8689,"template":"","meta":[],"product_brand":[],"product_cat":[215],"product_tag":[],"class_list":{"0":"post-8709","1":"product","2":"type-product","3":"status-publish","4":"has-post-thumbnail","6":"product_cat-postkarten","8":"first","9":"instock","10":"taxable","11":"shipping-taxable","12":"purchasable","13":"product-type-simple"},"_links":{"self":[{"href":"https:\/\/www.bynaldis-shop.com\/index.php?rest_route=\/wp\/v2\/product\/8709","targetHints":{"allow":["GET"]}}],"collection":[{"href":"https:\/\/www.bynaldis-shop.com\/index.php?rest_route=\/wp\/v2\/product"}],"about":[{"href":"https:\/\/www.bynaldis-shop.com\/index.php?rest_route=\/wp\/v2\/types\/product"}],"wp:featuredmedia":[{"embeddable":true,"href":"https:\/\/www.bynaldis-shop.com\/index.php?rest_route=\/wp\/v2\/media\/8689"}],"wp:attachment":[{"href":"https:\/\/www.bynaldis-shop.com\/index.php?rest_route=%2Fwp%2Fv2%2Fmedia&parent=8709"}],"wp:term":[{"taxonomy":"product_brand","embeddable":true,"href":"https:\/\/www.bynaldis-shop.com\/index.php?rest_route=%2Fwp%2Fv2%2Fproduct_brand&post=8709"},{"taxonomy":"product_cat","embeddable":true,"href":"https:\/\/www.bynaldis-shop.com\/index.php?rest_route=%2Fwp%2Fv2%2Fproduct_cat&post=8709"},{"taxonomy":"product_tag","embeddable":true,"href":"https:\/\/www.bynaldis-shop.com\/index.php?rest_route=%2Fwp%2Fv2%2Fproduct_tag&post=8709"}],"curies":[{"name":"wp","href":"https:\/\/api.w.org\/{rel}","templated":true}]}}