{"id":8653,"date":"2024-05-30T12:35:28","date_gmt":"2024-05-30T10:35:28","guid":{"rendered":"https:\/\/www.bynaldis-shop.com\/?post_type=product&#038;p=8653"},"modified":"2025-10-08T20:35:15","modified_gmt":"2025-10-08T18:35:15","slug":"zitronenmagnesit","status":"publish","type":"product","link":"https:\/\/www.bynaldis-shop.com\/?product=zitronenmagnesit","title":{"rendered":"Trommelstein Zitronenmagnesit"},"content":{"rendered":"<p data-start=\"149\" data-end=\"296\"><strong data-start=\"149\" data-end=\"182\">Trommelstein Zitronenmagnesit<\/strong><\/p>\n<p data-start=\"149\" data-end=\"296\"><br data-start=\"182\" data-end=\"185\" \/><strong data-start=\"185\" data-end=\"195\">Gr\u00f6\u00dfe:<\/strong> ca. 2,5 \u2013 3,0 cm (L)<br data-start=\"216\" data-end=\"219\" \/><strong data-start=\"219\" data-end=\"236\">Besonderheit:<\/strong> Zartgelb bis limonengr\u00fcn \u2013 erfrischend wie ein Sonnenstrahl<\/p>\n<p data-start=\"298\" data-end=\"621\">Der Zitronenmagnesit \u2013 auch bekannt als <strong data-start=\"338\" data-end=\"360\">Zitronenchrysopras<\/strong>, <strong data-start=\"362\" data-end=\"381\">Lemonchrysopras<\/strong>, <strong data-start=\"383\" data-end=\"404\">Limonenchrysopras<\/strong> oder <strong data-start=\"410\" data-end=\"429\">Nickel-Magnesit<\/strong> \u2013 bringt mit seiner hellen, leuchtenden Farbe Leichtigkeit und Frische ins Leben. Er erinnert an den ersten warmen Fr\u00fchlingstag oder das belebende Aroma einer frisch aufgeschnittenen Zitrone.<\/p>\n<p data-start=\"623\" data-end=\"1042\">In der Steinheilkunde wird dieser besondere Stein gesch\u00e4tzt f\u00fcr seine erhellende, ausgleichende Wirkung. Er kann helfen, angestaute Emotionen zu l\u00f6sen, den Blick f\u00fcr das Positive zu sch\u00e4rfen und neue Lebensfreude zu schenken. Zitronenmagnesit st\u00e4rkt die geistige Beweglichkeit, unterst\u00fctzt dabei, festgefahrene Denkweisen zu hinterfragen, und kann so neue Impulse f\u00fcr Ver\u00e4nderung geben \u2013 ganz sanft und doch nachhaltig.<\/p>\n<p data-start=\"1044\" data-end=\"1171\">Ein wundervoller Seelenstein f\u00fcr alle, die sich innerlich sortieren und mit neuer Klarheit und Lebensfreude aufbrechen m\u00f6chten.<\/p>\n<p data-start=\"1173\" data-end=\"1361\">\ud83d\udd2e <strong data-start=\"1176\" data-end=\"1188\">Hinweis:<\/strong><br data-start=\"1188\" data-end=\"1191\" \/>Jeder Trommelstein ist ein nat\u00fcrliches Unikat \u2013 einzigartig in Farbe, Struktur und Form \u2013 und findet genau dann zu dir, wenn du bereit bist, seine Botschaft zu empfangen.<\/p>\n<p data-start=\"1173\" data-end=\"1361\"><strong>Hinweis<\/strong>: Die beschriebenen Wirkungen basieren auf Erfahrungen von Anwendern und Edelsteintherapeuten und sind wissenschaftlich nicht erwiesen. Sie ersetzen keine medizinische Diagnose oder Behandlung. Bitte konsultiere bei gesundheitlichen Beschwerden immer einen Arzt.<\/p>\n","protected":false},"excerpt":{"rendered":"<p>Trommelstein Zitronenmagnesit Gr\u00f6\u00dfe: ca. 2,5 \u2013 3,0 cm (L)Besonderheit: Zartgelb bis limonengr\u00fcn \u2013 erfrischend wie ein Sonnenstrahl Der Zitronenmagnesit \u2013 auch bekannt als Zitronenchrysopras, Lemonchrysopras, Limonenchrysopras oder Nickel-Magnesit \u2013 bringt mit seiner hellen, leuchtenden Farbe Leichtigkeit und Frische ins Leben. Er erinnert an den ersten warmen Fr\u00fchlingstag oder das belebende Aroma einer frisch aufgeschnittenen Zitrone. [&hellip;]<\/p>\n<p><a class=\"read-more\" href=\"https:\/\/www.bynaldis-shop.com\/?product=zitronenmagnesit\">Mehr lesen<span class=\"meta-nav\">&rarr;<\/span><\/a><\/p>\n","protected":false},"featured_media":8654,"template":"","meta":[],"product_brand":[],"product_cat":[206],"product_tag":[],"class_list":{"0":"post-8653","1":"product","2":"type-product","3":"status-publish","4":"has-post-thumbnail","6":"product_cat-trommelsteine","8":"first","9":"instock","10":"taxable","11":"shipping-taxable","12":"purchasable","13":"product-type-simple"},"_links":{"self":[{"href":"https:\/\/www.bynaldis-shop.com\/index.php?rest_route=\/wp\/v2\/product\/8653","targetHints":{"allow":["GET"]}}],"collection":[{"href":"https:\/\/www.bynaldis-shop.com\/index.php?rest_route=\/wp\/v2\/product"}],"about":[{"href":"https:\/\/www.bynaldis-shop.com\/index.php?rest_route=\/wp\/v2\/types\/product"}],"wp:featuredmedia":[{"embeddable":true,"href":"https:\/\/www.bynaldis-shop.com\/index.php?rest_route=\/wp\/v2\/media\/8654"}],"wp:attachment":[{"href":"https:\/\/www.bynaldis-shop.com\/index.php?rest_route=%2Fwp%2Fv2%2Fmedia&parent=8653"}],"wp:term":[{"taxonomy":"product_brand","embeddable":true,"href":"https:\/\/www.bynaldis-shop.com\/index.php?rest_route=%2Fwp%2Fv2%2Fproduct_brand&post=8653"},{"taxonomy":"product_cat","embeddable":true,"href":"https:\/\/www.bynaldis-shop.com\/index.php?rest_route=%2Fwp%2Fv2%2Fproduct_cat&post=8653"},{"taxonomy":"product_tag","embeddable":true,"href":"https:\/\/www.bynaldis-shop.com\/index.php?rest_route=%2Fwp%2Fv2%2Fproduct_tag&post=8653"}],"curies":[{"name":"wp","href":"https:\/\/api.w.org\/{rel}","templated":true}]}}