{"id":8624,"date":"2024-05-30T12:01:03","date_gmt":"2024-05-30T10:01:03","guid":{"rendered":"https:\/\/www.bynaldis-shop.com\/?post_type=product&#038;p=8624"},"modified":"2025-08-12T14:56:27","modified_gmt":"2025-08-12T12:56:27","slug":"abendrot-rhyolith","status":"publish","type":"product","link":"https:\/\/www.bynaldis-shop.com\/?product=abendrot-rhyolith","title":{"rendered":"Trommelstein Java Sunset Jaspis (Abendrot-Jaspis)"},"content":{"rendered":"<p data-start=\"211\" data-end=\"394\"><strong data-start=\"211\" data-end=\"264\">Trommelstein Java Sunset Jaspis (Abendrot-Jaspis)<\/strong><\/p>\n<p data-start=\"211\" data-end=\"394\"><br data-start=\"264\" data-end=\"267\" \/><strong data-start=\"267\" data-end=\"277\">Gr\u00f6\u00dfe:<\/strong> ca. 2,8 \u2013 3,2 cm (L, facettiert)<br data-start=\"310\" data-end=\"313\" \/><strong data-start=\"313\" data-end=\"330\">Besonderheit:<\/strong> Landschaftsjaspis mit malerischer B\u00e4nderung in Beige und Orange<\/p>\n<p data-start=\"396\" data-end=\"712\">Der Java Sunset Jaspis \u2013 auch Abendrot-Jaspis genannt \u2013 beeindruckt mit seiner warmen, erdigen Farbpalette aus Beige, Orange und zarten Rott\u00f6nen. Seine markante B\u00e4nderung erinnert an sanft auslaufende H\u00fcgelketten im Licht der untergehenden Sonne \u2013 ein echter Landschaftsjaspis, geboren aus den Tiefen der Erde Javas.<\/p>\n<p data-start=\"714\" data-end=\"1063\">\ud83c\udf3f <strong data-start=\"717\" data-end=\"744\">Mineralogie &amp; Herkunft:<\/strong><br data-start=\"744\" data-end=\"747\" \/>Die unterschiedlichen Farbschichten entstehen durch silikatische Ablagerungen mit variierendem Eisengehalt. Diese geologische Vielfalt verleiht dem Java Sunset Jaspis sein charakteristisches, &#8222;gebacken&#8220; wirkendes Aussehen \u2013 daher die volkst\u00fcmlichen Namen wie <em data-start=\"1006\" data-end=\"1019\">Cake Jasper<\/em> oder <em data-start=\"1025\" data-end=\"1044\">Cheesecake Jasper<\/em> an seinem Fundort.<\/p>\n<p data-start=\"1065\" data-end=\"1472\">\ud83d\udcab <strong data-start=\"1068\" data-end=\"1102\">Wirkung in der Steinheilkunde:<\/strong><br data-start=\"1102\" data-end=\"1105\" \/>Der Java Sunset Jaspis schenkt Kraft, Durchhalteverm\u00f6gen und innere Stabilit\u00e4t \u2013 besonders dann, wenn Herausforderungen anhalten oder R\u00fcckschl\u00e4ge \u00fcberwunden werden wollen. Er erinnert dich daran, dass jeder Sonnenuntergang ein neues Morgen ank\u00fcndigt. Seine Energie l\u00e4dt dich ein, wieder aufzustehen, mutig neu zu beginnen und den eigenen Weg unbeirrbar weiterzugehen.<\/p>\n<p data-start=\"1474\" data-end=\"1677\">\u2728 <strong data-start=\"1476\" data-end=\"1488\">Hinweis:<\/strong><br data-start=\"1488\" data-end=\"1491\" \/>Jeder Trommelstein ist ein individuelles Naturkunstwerk \u2013 einzigartig in Musterung, Farbverlauf und Form. Dein ganz pers\u00f6nlicher Seelenstein findet dich genau dann, wenn du ihn brauchst.<\/p>\n<p data-start=\"1474\" data-end=\"1677\"><strong>Hinweis:<\/strong> Die beschriebenen Wirkungen basieren auf Erfahrungen von Anwendern und Edelsteintherapeuten und sind wissenschaftlich nicht erwiesen. Sie ersetzen keine medizinische Diagnose oder Behandlung. Bitte konsultiere bei gesundheitlichen Beschwerden immer einen Arzt.<\/p>\n","protected":false},"excerpt":{"rendered":"<p>Trommelstein Java Sunset Jaspis (Abendrot-Jaspis) Gr\u00f6\u00dfe: ca. 2,8 \u2013 3,2 cm (L, facettiert)Besonderheit: Landschaftsjaspis mit malerischer B\u00e4nderung in Beige und Orange Der Java Sunset Jaspis \u2013 auch Abendrot-Jaspis genannt \u2013 beeindruckt mit seiner warmen, erdigen Farbpalette aus Beige, Orange und zarten Rott\u00f6nen. Seine markante B\u00e4nderung erinnert an sanft auslaufende H\u00fcgelketten im Licht der untergehenden Sonne [&hellip;]<\/p>\n<p><a class=\"read-more\" href=\"https:\/\/www.bynaldis-shop.com\/?product=abendrot-rhyolith\">Mehr lesen<span class=\"meta-nav\">&rarr;<\/span><\/a><\/p>\n","protected":false},"featured_media":8625,"template":"","meta":[],"product_brand":[],"product_cat":[206],"product_tag":[],"class_list":{"0":"post-8624","1":"product","2":"type-product","3":"status-publish","4":"has-post-thumbnail","6":"product_cat-hosentaschensteine","8":"first","9":"instock","10":"taxable","11":"shipping-taxable","12":"purchasable","13":"product-type-simple"},"_links":{"self":[{"href":"https:\/\/www.bynaldis-shop.com\/index.php?rest_route=\/wp\/v2\/product\/8624","targetHints":{"allow":["GET"]}}],"collection":[{"href":"https:\/\/www.bynaldis-shop.com\/index.php?rest_route=\/wp\/v2\/product"}],"about":[{"href":"https:\/\/www.bynaldis-shop.com\/index.php?rest_route=\/wp\/v2\/types\/product"}],"wp:featuredmedia":[{"embeddable":true,"href":"https:\/\/www.bynaldis-shop.com\/index.php?rest_route=\/wp\/v2\/media\/8625"}],"wp:attachment":[{"href":"https:\/\/www.bynaldis-shop.com\/index.php?rest_route=%2Fwp%2Fv2%2Fmedia&parent=8624"}],"wp:term":[{"taxonomy":"product_brand","embeddable":true,"href":"https:\/\/www.bynaldis-shop.com\/index.php?rest_route=%2Fwp%2Fv2%2Fproduct_brand&post=8624"},{"taxonomy":"product_cat","embeddable":true,"href":"https:\/\/www.bynaldis-shop.com\/index.php?rest_route=%2Fwp%2Fv2%2Fproduct_cat&post=8624"},{"taxonomy":"product_tag","embeddable":true,"href":"https:\/\/www.bynaldis-shop.com\/index.php?rest_route=%2Fwp%2Fv2%2Fproduct_tag&post=8624"}],"curies":[{"name":"wp","href":"https:\/\/api.w.org\/{rel}","templated":true}]}}