{"id":8615,"date":"2024-05-30T11:44:14","date_gmt":"2024-05-30T09:44:14","guid":{"rendered":"https:\/\/www.bynaldis-shop.com\/?post_type=product&#038;p=8615"},"modified":"2025-08-12T14:58:34","modified_gmt":"2025-08-12T12:58:34","slug":"schneequarz","status":"publish","type":"product","link":"https:\/\/www.bynaldis-shop.com\/?product=schneequarz","title":{"rendered":"Trommelstein Schneequarz \u2013 Klarheit &#038; Achtsamkeit"},"content":{"rendered":"<h3 data-start=\"91\" data-end=\"153\"><strong data-start=\"98\" data-end=\"151\">Trommelstein Schneequarz \u2013 Klarheit &amp; Achtsamkeit<\/strong><\/h3>\n<p data-start=\"154\" data-end=\"247\"><strong data-start=\"154\" data-end=\"164\">Gr\u00f6\u00dfe:<\/strong> ca. 2,3 \u2013 3,6 cm (L \u2013 Large)<br data-start=\"193\" data-end=\"196\" \/><strong data-start=\"196\" data-end=\"222\">Weitere Bezeichnungen:<\/strong> Milchquarz, Flussquarz<\/p>\n<p data-start=\"249\" data-end=\"572\">Der sanft-wei\u00dfe <strong data-start=\"265\" data-end=\"280\">Schneequarz<\/strong> ist ein stiller Begleiter f\u00fcr alle, die mehr <strong data-start=\"326\" data-end=\"351\">Klarheit, Achtsamkeit<\/strong> und <strong data-start=\"356\" data-end=\"377\">innere Stabilit\u00e4t<\/strong> in ihr Leben einladen m\u00f6chten. Mit seiner ruhigen Ausstrahlung unterst\u00fctzt er dabei, das eigene <strong data-start=\"474\" data-end=\"499\">Potenzial zu erkennen<\/strong> und in die Welt zu bringen \u2013 sachlich, neutral und mit innerer Klarheit.<\/p>\n<p data-start=\"574\" data-end=\"608\">\ud83c\udf3f <strong data-start=\"577\" data-end=\"606\">Steinheilkunde &amp; Wirkung:<\/strong><\/p>\n<ul data-start=\"609\" data-end=\"823\">\n<li data-start=\"609\" data-end=\"658\">\n<p data-start=\"611\" data-end=\"658\">F\u00f6rdert <strong data-start=\"619\" data-end=\"656\">Achtsamkeit und Selbstwahrnehmung<\/strong><\/p>\n<\/li>\n<li data-start=\"659\" data-end=\"711\">\n<p data-start=\"661\" data-end=\"711\">Hilft, das <strong data-start=\"672\" data-end=\"709\">eigene Potenzial bewusst zu leben<\/strong><\/p>\n<\/li>\n<li data-start=\"712\" data-end=\"768\">\n<p data-start=\"714\" data-end=\"768\">Unterst\u00fctzt einen <strong data-start=\"732\" data-end=\"766\">sachlichen und klaren Ausdruck<\/strong><\/p>\n<\/li>\n<li data-start=\"769\" data-end=\"823\">\n<p data-start=\"771\" data-end=\"823\">Wirkt harmonisierend und kl\u00e4rend auf das Energiefeld<\/p>\n<\/li>\n<\/ul>\n<p data-start=\"825\" data-end=\"955\">Ob als Handschmeichler, zur Meditation oder einfach als treuer Seelenstein \u2013 der Schneequarz bringt Licht in Gedanken und Gef\u00fchle.<\/p>\n<p data-start=\"957\" data-end=\"1099\">\ud83d\udd39 <strong data-start=\"960\" data-end=\"972\">Hinweis:<\/strong><br data-start=\"972\" data-end=\"975\" \/>Jeder Stein ist <strong data-start=\"991\" data-end=\"1006\">einzigartig<\/strong> in Farbe, Form und Struktur \u2013 <strong data-start=\"1037\" data-end=\"1070\">dein pers\u00f6nlicher Seelenstein<\/strong> findet immer den Weg zu dir.<\/p>\n<p data-start=\"957\" data-end=\"1099\"><strong>Hinweis:<\/strong> Die beschriebenen Wirkungen basieren auf Erfahrungen von Anwendern und Edelsteintherapeuten und sind wissenschaftlich nicht erwiesen. Sie ersetzen keine medizinische Diagnose oder Behandlung. Bitte konsultiere bei gesundheitlichen Beschwerden immer einen Arzt.<\/p>\n","protected":false},"excerpt":{"rendered":"<p>Trommelstein Schneequarz \u2013 Klarheit &amp; Achtsamkeit Gr\u00f6\u00dfe: ca. 2,3 \u2013 3,6 cm (L \u2013 Large)Weitere Bezeichnungen: Milchquarz, Flussquarz Der sanft-wei\u00dfe Schneequarz ist ein stiller Begleiter f\u00fcr alle, die mehr Klarheit, Achtsamkeit und innere Stabilit\u00e4t in ihr Leben einladen m\u00f6chten. Mit seiner ruhigen Ausstrahlung unterst\u00fctzt er dabei, das eigene Potenzial zu erkennen und in die Welt [&hellip;]<\/p>\n<p><a class=\"read-more\" href=\"https:\/\/www.bynaldis-shop.com\/?product=schneequarz\">Mehr lesen<span class=\"meta-nav\">&rarr;<\/span><\/a><\/p>\n","protected":false},"featured_media":8616,"template":"","meta":[],"product_brand":[],"product_cat":[206],"product_tag":[],"class_list":{"0":"post-8615","1":"product","2":"type-product","3":"status-publish","4":"has-post-thumbnail","6":"product_cat-trommelsteine","8":"first","9":"instock","10":"taxable","11":"shipping-taxable","12":"purchasable","13":"product-type-simple"},"_links":{"self":[{"href":"https:\/\/www.bynaldis-shop.com\/index.php?rest_route=\/wp\/v2\/product\/8615","targetHints":{"allow":["GET"]}}],"collection":[{"href":"https:\/\/www.bynaldis-shop.com\/index.php?rest_route=\/wp\/v2\/product"}],"about":[{"href":"https:\/\/www.bynaldis-shop.com\/index.php?rest_route=\/wp\/v2\/types\/product"}],"wp:featuredmedia":[{"embeddable":true,"href":"https:\/\/www.bynaldis-shop.com\/index.php?rest_route=\/wp\/v2\/media\/8616"}],"wp:attachment":[{"href":"https:\/\/www.bynaldis-shop.com\/index.php?rest_route=%2Fwp%2Fv2%2Fmedia&parent=8615"}],"wp:term":[{"taxonomy":"product_brand","embeddable":true,"href":"https:\/\/www.bynaldis-shop.com\/index.php?rest_route=%2Fwp%2Fv2%2Fproduct_brand&post=8615"},{"taxonomy":"product_cat","embeddable":true,"href":"https:\/\/www.bynaldis-shop.com\/index.php?rest_route=%2Fwp%2Fv2%2Fproduct_cat&post=8615"},{"taxonomy":"product_tag","embeddable":true,"href":"https:\/\/www.bynaldis-shop.com\/index.php?rest_route=%2Fwp%2Fv2%2Fproduct_tag&post=8615"}],"curies":[{"name":"wp","href":"https:\/\/api.w.org\/{rel}","templated":true}]}}