{"id":8607,"date":"2024-05-30T11:26:33","date_gmt":"2024-05-30T09:26:33","guid":{"rendered":"https:\/\/www.bynaldis-shop.com\/?post_type=product&#038;p=8607"},"modified":"2025-08-12T15:01:02","modified_gmt":"2025-08-12T13:01:02","slug":"karibik-calcit","status":"publish","type":"product","link":"https:\/\/www.bynaldis-shop.com\/?product=karibik-calcit","title":{"rendered":"Karibik-Calcit XL \u2013 Stein der Ruhe &#038; Tatkraft"},"content":{"rendered":"<h3 data-start=\"147\" data-end=\"205\"><strong data-start=\"154\" data-end=\"203\">Karibik-Calcit XL \u2013 Stein der Ruhe &amp; Tatkraft<\/strong><\/h3>\n<p data-start=\"206\" data-end=\"296\"><strong data-start=\"206\" data-end=\"216\">Gr\u00f6\u00dfe:<\/strong> ca. 3,0 \u2013 5,0 cm<br data-start=\"233\" data-end=\"236\" \/><strong data-start=\"236\" data-end=\"246\">Farbe:<\/strong> Blau-gr\u00fcn mit nat\u00fcrlichen Aragonit-Einschl\u00fcssen<\/p>\n<p data-start=\"298\" data-end=\"584\">Der <strong data-start=\"302\" data-end=\"320\">Karibik-Calcit<\/strong> ist ein noch jung entdeckter Edelstein mit einer faszinierenden Optik, die an tropische K\u00fcsten erinnert. Seine zarten <strong data-start=\"439\" data-end=\"469\">blau-gr\u00fcnen Schattierungen<\/strong>, durchzogen von <strong data-start=\"486\" data-end=\"510\">nat\u00fcrlichem Aragonit<\/strong>, wirken beruhigend und erfrischend zugleich \u2013 wie ein Blick auf das Meer.<\/p>\n<p data-start=\"586\" data-end=\"808\">Obwohl sein Name einen karibischen Ursprung vermuten l\u00e4sst, stammt dieser besondere Calcit aus der Region <strong data-start=\"692\" data-end=\"729\">Belutschistan in S\u00fcdwest-Pakistan<\/strong>. Seit seiner Entdeckung 2019 begeistert er Steinliebhaber auf der ganzen Welt.<\/p>\n<p data-start=\"810\" data-end=\"867\">In der <strong data-start=\"817\" data-end=\"835\">Steinheilkunde<\/strong> steht der Karibik-Calcit f\u00fcr:<\/p>\n<ul data-start=\"868\" data-end=\"1032\">\n<li data-start=\"868\" data-end=\"907\">\n<p data-start=\"870\" data-end=\"907\"><strong data-start=\"870\" data-end=\"905\">Tatkraft und Entwicklungsfreude<\/strong><\/p>\n<\/li>\n<li data-start=\"908\" data-end=\"953\">\n<p data-start=\"910\" data-end=\"953\"><strong data-start=\"910\" data-end=\"951\">Standfestigkeit in st\u00fcrmischen Zeiten<\/strong><\/p>\n<\/li>\n<li data-start=\"954\" data-end=\"1032\">\n<p data-start=\"956\" data-end=\"1032\"><strong data-start=\"956\" data-end=\"993\">innere Ruhe und seelische Balance<\/strong> durch seine harmonisierende Farbgebung<\/p>\n<\/li>\n<\/ul>\n<p data-start=\"1034\" data-end=\"1160\">\u2728 Auch unter dem Namen <strong data-start=\"1057\" data-end=\"1071\">Aquacalcit<\/strong> bekannt \u2013 oder international als <em data-start=\"1105\" data-end=\"1124\">Caribbean Calcite<\/em> \u2013 bleibt seine Energie einzigartig.<\/p>\n<p data-start=\"1162\" data-end=\"1350\">\ud83d\udd39 <strong data-start=\"1165\" data-end=\"1177\">Hinweis:<\/strong><br data-start=\"1177\" data-end=\"1180\" \/>Jeder Stein ist ein handverlesenes Naturunikat \u2013 in Farbe, Musterung und Form individuell. Genau <strong data-start=\"1277\" data-end=\"1313\">der richtige Stein findet zu dir<\/strong> \u2013 <strong data-start=\"1316\" data-end=\"1349\">dein pers\u00f6nlicher Seelenstein<\/strong>.<\/p>\n<p data-start=\"1162\" data-end=\"1350\"><strong>Hinweis:<\/strong> Die beschriebenen Wirkungen basieren auf Erfahrungen von Anwendern und Edelsteintherapeuten und sind wissenschaftlich nicht erwiesen. Sie ersetzen keine medizinische Diagnose oder Behandlung. Bitte konsultiere bei gesundheitlichen Beschwerden immer einen Arzt.<\/p>\n","protected":false},"excerpt":{"rendered":"<p>Karibik-Calcit XL \u2013 Stein der Ruhe &amp; Tatkraft Gr\u00f6\u00dfe: ca. 3,0 \u2013 5,0 cmFarbe: Blau-gr\u00fcn mit nat\u00fcrlichen Aragonit-Einschl\u00fcssen Der Karibik-Calcit ist ein noch jung entdeckter Edelstein mit einer faszinierenden Optik, die an tropische K\u00fcsten erinnert. Seine zarten blau-gr\u00fcnen Schattierungen, durchzogen von nat\u00fcrlichem Aragonit, wirken beruhigend und erfrischend zugleich \u2013 wie ein Blick auf das Meer. [&hellip;]<\/p>\n<p><a class=\"read-more\" href=\"https:\/\/www.bynaldis-shop.com\/?product=karibik-calcit\">Mehr lesen<span class=\"meta-nav\">&rarr;<\/span><\/a><\/p>\n","protected":false},"featured_media":8608,"template":"","meta":[],"product_brand":[],"product_cat":[206],"product_tag":[],"class_list":{"0":"post-8607","1":"product","2":"type-product","3":"status-publish","4":"has-post-thumbnail","6":"product_cat-trommelsteine","8":"first","9":"instock","10":"taxable","11":"shipping-taxable","12":"purchasable","13":"product-type-simple"},"_links":{"self":[{"href":"https:\/\/www.bynaldis-shop.com\/index.php?rest_route=\/wp\/v2\/product\/8607","targetHints":{"allow":["GET"]}}],"collection":[{"href":"https:\/\/www.bynaldis-shop.com\/index.php?rest_route=\/wp\/v2\/product"}],"about":[{"href":"https:\/\/www.bynaldis-shop.com\/index.php?rest_route=\/wp\/v2\/types\/product"}],"wp:featuredmedia":[{"embeddable":true,"href":"https:\/\/www.bynaldis-shop.com\/index.php?rest_route=\/wp\/v2\/media\/8608"}],"wp:attachment":[{"href":"https:\/\/www.bynaldis-shop.com\/index.php?rest_route=%2Fwp%2Fv2%2Fmedia&parent=8607"}],"wp:term":[{"taxonomy":"product_brand","embeddable":true,"href":"https:\/\/www.bynaldis-shop.com\/index.php?rest_route=%2Fwp%2Fv2%2Fproduct_brand&post=8607"},{"taxonomy":"product_cat","embeddable":true,"href":"https:\/\/www.bynaldis-shop.com\/index.php?rest_route=%2Fwp%2Fv2%2Fproduct_cat&post=8607"},{"taxonomy":"product_tag","embeddable":true,"href":"https:\/\/www.bynaldis-shop.com\/index.php?rest_route=%2Fwp%2Fv2%2Fproduct_tag&post=8607"}],"curies":[{"name":"wp","href":"https:\/\/api.w.org\/{rel}","templated":true}]}}