{"id":8589,"date":"2024-05-30T11:00:11","date_gmt":"2024-05-30T09:00:11","guid":{"rendered":"https:\/\/www.bynaldis-shop.com\/?post_type=product&#038;p=8589"},"modified":"2025-08-12T16:31:23","modified_gmt":"2025-08-12T14:31:23","slug":"maligano-jaspis","status":"publish","type":"product","link":"https:\/\/www.bynaldis-shop.com\/?product=maligano-jaspis","title":{"rendered":"Maligano-Jaspis XL \u2013 Stein der Erneuerung &#038; inneren St\u00e4rke"},"content":{"rendered":"<h3 data-start=\"220\" data-end=\"291\"><strong data-start=\"227\" data-end=\"289\">Maligano-Jaspis XL \u2013 Stein der Erneuerung &amp; inneren St\u00e4rke<\/strong><\/h3>\n<p data-start=\"292\" data-end=\"324\"><strong data-start=\"292\" data-end=\"302\">Gr\u00f6\u00dfe:<\/strong> XL (ca. 2,5 \u2013 4,5 cm)<\/p>\n<p data-start=\"326\" data-end=\"682\">Der farbenpr\u00e4chtige <strong data-start=\"346\" data-end=\"365\">Maligano-Jaspis<\/strong> wurde erst um <strong data-start=\"380\" data-end=\"388\">2011<\/strong> auf der indonesischen Insel <strong data-start=\"417\" data-end=\"429\">Sulawesi<\/strong> entdeckt \u2013 benannt nach dem Ort <strong data-start=\"462\" data-end=\"474\">Maligano<\/strong>. Dieser besondere <strong data-start=\"493\" data-end=\"511\">Brekzienjaspis<\/strong> besticht durch seine leuchtenden Farben: <strong data-start=\"553\" data-end=\"583\">Gelb, Orange, Rosa und Rot<\/strong>, durchzogen von <strong data-start=\"600\" data-end=\"639\">wei\u00dfem, grauem oder schwarzem Quarz<\/strong> \u2013 ein beeindruckendes Kunstwerk der Natur.<\/p>\n<p data-start=\"684\" data-end=\"986\">In der <strong data-start=\"691\" data-end=\"709\">Steinheilkunde<\/strong> gilt der Maligano-Jaspis als <strong data-start=\"739\" data-end=\"755\">Tr\u00fcmmerstein<\/strong>, der Mut macht, <strong data-start=\"772\" data-end=\"812\">nach R\u00fcckschl\u00e4gen wieder aufzustehen<\/strong>. Er unterst\u00fctzt dabei, <strong data-start=\"836\" data-end=\"880\">Konfliktbereitschaft und Standhaftigkeit<\/strong> zu entwickeln, sowie <strong data-start=\"902\" data-end=\"953\">Sch\u00e4den aus fr\u00fcheren Erfahrungen zu verarbeiten<\/strong> und in neue Kraft zu verwandeln.<\/p>\n<p data-start=\"988\" data-end=\"1014\">\u2728 <strong data-start=\"990\" data-end=\"1013\">Wirkung &amp; Bedeutung<\/strong>:<\/p>\n<ul data-start=\"1015\" data-end=\"1275\">\n<li data-start=\"1015\" data-end=\"1080\">\n<p data-start=\"1017\" data-end=\"1080\">F\u00f6rdert <strong data-start=\"1025\" data-end=\"1039\">Erneuerung<\/strong> und die Bereitschaft zur <strong data-start=\"1065\" data-end=\"1080\">Ver\u00e4nderung<\/strong><\/p>\n<\/li>\n<li data-start=\"1081\" data-end=\"1138\">\n<p data-start=\"1083\" data-end=\"1138\">St\u00e4rkt den <strong data-start=\"1094\" data-end=\"1101\">Mut<\/strong>, auch nach Niederlagen weiterzugehen<\/p>\n<\/li>\n<li data-start=\"1139\" data-end=\"1219\">\n<p data-start=\"1141\" data-end=\"1219\">Unterst\u00fctzt dabei, <strong data-start=\"1160\" data-end=\"1189\">innere Konflikte zu l\u00f6sen<\/strong> und <strong data-start=\"1194\" data-end=\"1208\">Vers\u00f6hnung<\/strong> zuzulassen<\/p>\n<\/li>\n<li data-start=\"1220\" data-end=\"1275\">\n<p data-start=\"1222\" data-end=\"1275\">Verbindet mit einer tiefen, <strong data-start=\"1250\" data-end=\"1275\">lebendigen Erdenergie<\/strong><\/p>\n<\/li>\n<\/ul>\n<p data-start=\"1277\" data-end=\"1531\">\ud83d\udd39 <strong data-start=\"1280\" data-end=\"1291\">Hinweis<\/strong>:<br data-start=\"1292\" data-end=\"1295\" \/>Jeder Maligano-Jaspis ist ein <strong data-start=\"1325\" data-end=\"1349\">einzigartiges Unikat<\/strong>, geformt von der Natur. Farbe, Muster und Form variieren \u2013 so wie auch deine aktuelle Lebenssituation. Genau <strong data-start=\"1459\" data-end=\"1491\">der Stein, der zu dir findet<\/strong>, ist <strong data-start=\"1497\" data-end=\"1530\">dein pers\u00f6nlicher Seelenstein<\/strong>.<\/p>\n<p data-start=\"1277\" data-end=\"1531\"><strong>Hinweis<\/strong>: Die beschriebenen Wirkungen basieren auf Erfahrungen von Anwendern und Edelsteintherapeuten und sind wissenschaftlich nicht erwiesen. Sie ersetzen keine medizinische Diagnose oder Behandlung. Bitte konsultiere bei gesundheitlichen Beschwerden immer einen Arzt.<\/p>\n","protected":false},"excerpt":{"rendered":"<p>Maligano-Jaspis XL \u2013 Stein der Erneuerung &amp; inneren St\u00e4rke Gr\u00f6\u00dfe: XL (ca. 2,5 \u2013 4,5 cm) Der farbenpr\u00e4chtige Maligano-Jaspis wurde erst um 2011 auf der indonesischen Insel Sulawesi entdeckt \u2013 benannt nach dem Ort Maligano. Dieser besondere Brekzienjaspis besticht durch seine leuchtenden Farben: Gelb, Orange, Rosa und Rot, durchzogen von wei\u00dfem, grauem oder schwarzem Quarz [&hellip;]<\/p>\n<p><a class=\"read-more\" href=\"https:\/\/www.bynaldis-shop.com\/?product=maligano-jaspis\">Mehr lesen<span class=\"meta-nav\">&rarr;<\/span><\/a><\/p>\n","protected":false},"featured_media":8590,"template":"","meta":[],"product_brand":[],"product_cat":[206],"product_tag":[],"class_list":{"0":"post-8589","1":"product","2":"type-product","3":"status-publish","4":"has-post-thumbnail","6":"product_cat-trommelsteine","8":"first","9":"instock","10":"taxable","11":"shipping-taxable","12":"purchasable","13":"product-type-simple"},"_links":{"self":[{"href":"https:\/\/www.bynaldis-shop.com\/index.php?rest_route=\/wp\/v2\/product\/8589","targetHints":{"allow":["GET"]}}],"collection":[{"href":"https:\/\/www.bynaldis-shop.com\/index.php?rest_route=\/wp\/v2\/product"}],"about":[{"href":"https:\/\/www.bynaldis-shop.com\/index.php?rest_route=\/wp\/v2\/types\/product"}],"wp:featuredmedia":[{"embeddable":true,"href":"https:\/\/www.bynaldis-shop.com\/index.php?rest_route=\/wp\/v2\/media\/8590"}],"wp:attachment":[{"href":"https:\/\/www.bynaldis-shop.com\/index.php?rest_route=%2Fwp%2Fv2%2Fmedia&parent=8589"}],"wp:term":[{"taxonomy":"product_brand","embeddable":true,"href":"https:\/\/www.bynaldis-shop.com\/index.php?rest_route=%2Fwp%2Fv2%2Fproduct_brand&post=8589"},{"taxonomy":"product_cat","embeddable":true,"href":"https:\/\/www.bynaldis-shop.com\/index.php?rest_route=%2Fwp%2Fv2%2Fproduct_cat&post=8589"},{"taxonomy":"product_tag","embeddable":true,"href":"https:\/\/www.bynaldis-shop.com\/index.php?rest_route=%2Fwp%2Fv2%2Fproduct_tag&post=8589"}],"curies":[{"name":"wp","href":"https:\/\/api.w.org\/{rel}","templated":true}]}}