{"id":8560,"date":"2024-05-28T11:08:31","date_gmt":"2024-05-28T09:08:31","guid":{"rendered":"https:\/\/www.bynaldis-shop.com\/?post_type=product&#038;p=8560"},"modified":"2025-10-21T19:11:26","modified_gmt":"2025-10-21T17:11:26","slug":"einfach-raeuchern-susanne-berk","status":"publish","type":"product","link":"https:\/\/www.bynaldis-shop.com\/?product=einfach-raeuchern-susanne-berk","title":{"rendered":"Buch Einfach R\u00e4uchern von Susanne Berk"},"content":{"rendered":"<p data-start=\"170\" data-end=\"225\"><strong data-start=\"170\" data-end=\"223\">Einfach R\u00e4uchern \u2013 Anwendung, Wirkung und Rituale<\/strong><\/p>\n<p data-start=\"227\" data-end=\"558\">\u201eEinfach R\u00e4uchern\u201c von Susanne Berk \u00f6ffnet dir die T\u00fcren zu einer faszinierenden, feinstofflichen Welt der Pflanzen und ihrer geheimnisvollen Kr\u00e4fte. Dieses wundersch\u00f6n gestaltete Grundlagenbuch vermittelt praxisnah, wie Kr\u00e4uter, H\u00f6lzer und Harze dich im Alltag, bei Ritualen oder zur energetischen Reinigung unterst\u00fctzen k\u00f6nnen.<\/p>\n<p data-start=\"560\" data-end=\"977\">Egal, ob du R\u00e4ume kl\u00e4ren, Schutz erschaffen, innere Ruhe finden, deine Konzentration steigern oder dich spirituell verbinden m\u00f6chtest \u2013 Susanne Berk zeigt dir die vielf\u00e4ltigen M\u00f6glichkeiten, wie du mit dem Rauch arbeiten und deine pers\u00f6nliche Praxis vertiefen kannst. Mit detaillierten Beschreibungen von 54 R\u00e4ucherstoffen erf\u00e4hrst du alles \u00fcber ihre Wirkungen, ihre magischen Qualit\u00e4ten und die passende Anwendung.<\/p>\n<p data-start=\"979\" data-end=\"1429\">Zahlreiche Rituale und Tipps, von traditionell bis intuitiv, helfen dir, deine eigenen Rituale zu gestalten, ob f\u00fcr Hausreinigung, Seelenpflege, Schutz oder einfach f\u00fcr den bewussten Moment der Achtsamkeit. Die farbigen Illustrationen und die \u00fcbersichtliche Gliederung machen das Buch zu einem idealen Nachschlagewerk \u2013 sowohl f\u00fcr Einsteiger, die den Zugang zur R\u00e4ucherkunst suchen, als auch f\u00fcr Fortgeschrittene, die ihre Praxis vertiefen m\u00f6chten.<\/p>\n<p data-start=\"1431\" data-end=\"1763\">Mit \u201eEinfach R\u00e4uchern\u201c wird jeder Raum, jede Zeremonie und jeder Moment zu einer M\u00f6glichkeit, die feinen Energien der Natur wahrzunehmen und bewusst in dein Leben einzuladen. Es ist ein inspirierender Begleiter, der dich unterst\u00fctzt, deine Verbindung zu den Kr\u00e4ften der Pflanzenwelt zu st\u00e4rken und die eigene Intuition zu f\u00f6rdern.<\/p>\n<p data-start=\"1431\" data-end=\"1763\">Entdecke in unserem Shop auch viele weitere spannende B\u00fccher zu R\u00e4ucherstoffen, Ritualen, Naturwissen und Spiritualit\u00e4t \u2013 jedes einzelne liebevoll gestaltet, um dich auf deinem pers\u00f6nlichen Weg zu begleiten und zu inspirieren.<\/p>\n","protected":false},"excerpt":{"rendered":"<p>Einfach R\u00e4uchern \u2013 Anwendung, Wirkung und Rituale \u201eEinfach R\u00e4uchern\u201c von Susanne Berk \u00f6ffnet dir die T\u00fcren zu einer faszinierenden, feinstofflichen Welt der Pflanzen und ihrer geheimnisvollen Kr\u00e4fte. Dieses wundersch\u00f6n gestaltete Grundlagenbuch vermittelt praxisnah, wie Kr\u00e4uter, H\u00f6lzer und Harze dich im Alltag, bei Ritualen oder zur energetischen Reinigung unterst\u00fctzen k\u00f6nnen. Egal, ob du R\u00e4ume kl\u00e4ren, Schutz [&hellip;]<\/p>\n<p><a class=\"read-more\" href=\"https:\/\/www.bynaldis-shop.com\/?product=einfach-raeuchern-susanne-berk\">Mehr lesen<span class=\"meta-nav\">&rarr;<\/span><\/a><\/p>\n","protected":false},"featured_media":8561,"template":"","meta":[],"product_brand":[],"product_cat":[248,197,87],"product_tag":[],"class_list":{"0":"post-8560","1":"product","2":"type-product","3":"status-publish","4":"has-post-thumbnail","6":"product_cat-salbei-zubehoer","7":"product_cat-raeucherzubehoer","8":"product_cat-buecher","10":"first","11":"instock","12":"taxable","13":"shipping-taxable","14":"purchasable","15":"product-type-simple"},"_links":{"self":[{"href":"https:\/\/www.bynaldis-shop.com\/index.php?rest_route=\/wp\/v2\/product\/8560","targetHints":{"allow":["GET"]}}],"collection":[{"href":"https:\/\/www.bynaldis-shop.com\/index.php?rest_route=\/wp\/v2\/product"}],"about":[{"href":"https:\/\/www.bynaldis-shop.com\/index.php?rest_route=\/wp\/v2\/types\/product"}],"wp:featuredmedia":[{"embeddable":true,"href":"https:\/\/www.bynaldis-shop.com\/index.php?rest_route=\/wp\/v2\/media\/8561"}],"wp:attachment":[{"href":"https:\/\/www.bynaldis-shop.com\/index.php?rest_route=%2Fwp%2Fv2%2Fmedia&parent=8560"}],"wp:term":[{"taxonomy":"product_brand","embeddable":true,"href":"https:\/\/www.bynaldis-shop.com\/index.php?rest_route=%2Fwp%2Fv2%2Fproduct_brand&post=8560"},{"taxonomy":"product_cat","embeddable":true,"href":"https:\/\/www.bynaldis-shop.com\/index.php?rest_route=%2Fwp%2Fv2%2Fproduct_cat&post=8560"},{"taxonomy":"product_tag","embeddable":true,"href":"https:\/\/www.bynaldis-shop.com\/index.php?rest_route=%2Fwp%2Fv2%2Fproduct_tag&post=8560"}],"curies":[{"name":"wp","href":"https:\/\/api.w.org\/{rel}","templated":true}]}}