{"id":8023,"date":"2024-03-11T12:44:21","date_gmt":"2024-03-11T11:44:21","guid":{"rendered":"https:\/\/www.bynaldis-shop.com\/?post_type=product&#038;p=8023"},"modified":"2025-10-28T11:29:49","modified_gmt":"2025-10-28T10:29:49","slug":"weihrauch-2","status":"publish","type":"product","link":"https:\/\/www.bynaldis-shop.com\/?product=weihrauch-2","title":{"rendered":"10 R\u00e4ucherkegel \u2013 Weihrauch"},"content":{"rendered":"<p data-start=\"123\" data-end=\"159\"><strong data-start=\"126\" data-end=\"159\">Lose R\u00e4ucherkegel \u2013 Weihrauch<\/strong><\/p>\n<p data-start=\"161\" data-end=\"422\">Tauchen Sie ein in die geheimnisvolle Welt des Orients mit dem kraftvollen Duft unserer Weihrauch-R\u00e4ucherkegel.<br data-start=\"272\" data-end=\"275\" \/>Seit Jahrtausenden verehrt, steht Weihrauch f\u00fcr Reinigung, spirituelle Klarheit und eine tiefgreifende Verbindung zwischen K\u00f6rper, Geist und Seele.<\/p>\n<p data-start=\"424\" data-end=\"691\">Unsere handgefertigten Kegel entfalten beim Abbrennen einen intensiven, warm-harzigen Duft, der den Raum erf\u00fcllt und eine Atmosph\u00e4re der Ruhe, Andacht und Zentrierung schafft. Ideal f\u00fcr Meditation, Rituale oder einfach f\u00fcr eine bewusste Auszeit vom hektischen Alltag.<\/p>\n<p data-start=\"693\" data-end=\"847\">\u2728 <strong data-start=\"695\" data-end=\"723\">Wirkung auf einen Blick:<\/strong><br data-start=\"723\" data-end=\"726\" \/>\u2013 reinigend &amp; zentrierend<br data-start=\"751\" data-end=\"754\" \/>\u2013 unterst\u00fctzt Achtsamkeit und Meditation<br data-start=\"794\" data-end=\"797\" \/>\u2013 schafft eine feierliche, spirituelle Raumenergie<\/p>\n<p data-start=\"849\" data-end=\"981\">\ud83d\udd6f\ufe0f <strong data-start=\"853\" data-end=\"875\">Anwendungshinweis:<\/strong><br data-start=\"875\" data-end=\"878\" \/>F\u00fcr das sichere Abbrennen empfehlen wir eine feuerfeste <strong data-start=\"934\" data-end=\"951\">R\u00e4ucherschale<\/strong> oder ein <strong data-start=\"961\" data-end=\"980\">R\u00e4ucherm\u00e4nnchen<\/strong>.<\/p>\n<p data-start=\"983\" data-end=\"1106\">Lassen Sie sich vom heiligen Duft des Weihrauchs umh\u00fcllen und genie\u00dfen Sie magische Momente der Einkehr und Entspannung.<\/p>\n","protected":false},"excerpt":{"rendered":"<p>Lose R\u00e4ucherkegel \u2013 Weihrauch Tauchen Sie ein in die geheimnisvolle Welt des Orients mit dem kraftvollen Duft unserer Weihrauch-R\u00e4ucherkegel.Seit Jahrtausenden verehrt, steht Weihrauch f\u00fcr Reinigung, spirituelle Klarheit und eine tiefgreifende Verbindung zwischen K\u00f6rper, Geist und Seele. Unsere handgefertigten Kegel entfalten beim Abbrennen einen intensiven, warm-harzigen Duft, der den Raum erf\u00fcllt und eine Atmosph\u00e4re der Ruhe, [&hellip;]<\/p>\n<p><a class=\"read-more\" href=\"https:\/\/www.bynaldis-shop.com\/?product=weihrauch-2\">Mehr lesen<span class=\"meta-nav\">&rarr;<\/span><\/a><\/p>\n","protected":false},"featured_media":8189,"template":"","meta":[],"product_brand":[],"product_cat":[247],"product_tag":[],"class_list":{"0":"post-8023","1":"product","2":"type-product","3":"status-publish","4":"has-post-thumbnail","6":"product_cat-raeucherkegel-zubehoer","8":"first","9":"instock","10":"taxable","11":"shipping-taxable","12":"purchasable","13":"product-type-simple"},"_links":{"self":[{"href":"https:\/\/www.bynaldis-shop.com\/index.php?rest_route=\/wp\/v2\/product\/8023","targetHints":{"allow":["GET"]}}],"collection":[{"href":"https:\/\/www.bynaldis-shop.com\/index.php?rest_route=\/wp\/v2\/product"}],"about":[{"href":"https:\/\/www.bynaldis-shop.com\/index.php?rest_route=\/wp\/v2\/types\/product"}],"wp:featuredmedia":[{"embeddable":true,"href":"https:\/\/www.bynaldis-shop.com\/index.php?rest_route=\/wp\/v2\/media\/8189"}],"wp:attachment":[{"href":"https:\/\/www.bynaldis-shop.com\/index.php?rest_route=%2Fwp%2Fv2%2Fmedia&parent=8023"}],"wp:term":[{"taxonomy":"product_brand","embeddable":true,"href":"https:\/\/www.bynaldis-shop.com\/index.php?rest_route=%2Fwp%2Fv2%2Fproduct_brand&post=8023"},{"taxonomy":"product_cat","embeddable":true,"href":"https:\/\/www.bynaldis-shop.com\/index.php?rest_route=%2Fwp%2Fv2%2Fproduct_cat&post=8023"},{"taxonomy":"product_tag","embeddable":true,"href":"https:\/\/www.bynaldis-shop.com\/index.php?rest_route=%2Fwp%2Fv2%2Fproduct_tag&post=8023"}],"curies":[{"name":"wp","href":"https:\/\/api.w.org\/{rel}","templated":true}]}}