{"id":8001,"date":"2024-03-11T12:17:48","date_gmt":"2024-03-11T11:17:48","guid":{"rendered":"https:\/\/www.bynaldis-shop.com\/?post_type=product&#038;p=8001"},"modified":"2025-10-14T14:39:46","modified_gmt":"2025-10-14T12:39:46","slug":"citrin","status":"publish","type":"product","link":"https:\/\/www.bynaldis-shop.com\/?product=citrin","title":{"rendered":"Citrin \u2013 Trommelstein f\u00fcr Lebensfreude &#038; innere St\u00e4rke"},"content":{"rendered":"<p data-start=\"178\" data-end=\"239\"><strong data-start=\"181\" data-end=\"239\">Citrin \u2013 Trommelstein f\u00fcr Lebensfreude &amp; innere St\u00e4rke<\/strong><\/p>\n<p data-start=\"241\" data-end=\"554\">Der <strong data-start=\"245\" data-end=\"255\">Citrin<\/strong> ist ein strahlender Begleiter, der nicht nur f\u00fcr seine positive Wirkung auf das <strong data-start=\"336\" data-end=\"356\">Verdauungssystem<\/strong> gesch\u00e4tzt wird, sondern auch f\u00fcr seine <strong data-start=\"396\" data-end=\"451\">beruhigenden und entz\u00fcndungshemmenden Eigenschaften<\/strong>.<br data-start=\"452\" data-end=\"455\" \/>Er kann bei <strong data-start=\"467\" data-end=\"493\">Magen-Darm-Beschwerden<\/strong> wie <strong data-start=\"498\" data-end=\"537\">Bl\u00e4hungen, Sodbrennen oder \u00dcbelkeit<\/strong> lindernd wirken.<\/p>\n<p data-start=\"556\" data-end=\"788\">\u2728 <strong data-start=\"558\" data-end=\"586\">Wirkung auf einen Blick:<\/strong><br data-start=\"586\" data-end=\"589\" \/>\u2013 \ud83c\udf3f unterst\u00fctzt das k\u00f6rperliche Wohlbefinden bei Verdauungsthemen<br data-start=\"655\" data-end=\"658\" \/>\u2013 \ud83d\udd25 st\u00e4rkt Selbstvertrauen &amp; Lebensmut<br data-start=\"697\" data-end=\"700\" \/>\u2013 \u2600\ufe0f f\u00f6rdert innere St\u00e4rke &amp; Optimismus<br data-start=\"739\" data-end=\"742\" \/>\u2013 \ud83d\udc9b aktiviert positive Energie &amp; Lebensfreude<\/p>\n<p data-start=\"790\" data-end=\"949\">Der Citrin bringt Licht in dunkle Tage, verleiht dir <strong data-start=\"843\" data-end=\"857\">neue Kraft<\/strong> und erinnert dich daran, dass <strong data-start=\"888\" data-end=\"911\">Wachstum und Freude<\/strong> immer m\u00f6glich sind \u2013 innen wie au\u00dfen.<\/p>\n<p data-start=\"951\" data-end=\"1091\">\ud83d\udd38 <em data-start=\"954\" data-end=\"970\">Bitte beachte:<\/em> Jeder Stein ist ein Unikat in <strong data-start=\"1001\" data-end=\"1026\">Gr\u00f6\u00dfe, Form und Farbe<\/strong> \u2013 und immer findet genau <strong data-start=\"1052\" data-end=\"1072\">dein Seelenstein<\/strong> den Weg zu dir. \ud83e\udef6<\/p>\n<p data-start=\"951\" data-end=\"1091\"><strong>Hinweis<\/strong>: Die beschriebenen Wirkungen basieren auf Erfahrungen von Anwendern und Edelsteintherapeuten und sind wissenschaftlich nicht erwiesen. Sie ersetzen keine medizinische Diagnose oder Behandlung. Bitte konsultiere bei gesundheitlichen Beschwerden immer einen Arzt.<\/p>\n","protected":false},"excerpt":{"rendered":"<p>Citrin \u2013 Trommelstein f\u00fcr Lebensfreude &amp; innere St\u00e4rke Der Citrin ist ein strahlender Begleiter, der nicht nur f\u00fcr seine positive Wirkung auf das Verdauungssystem gesch\u00e4tzt wird, sondern auch f\u00fcr seine beruhigenden und entz\u00fcndungshemmenden Eigenschaften.Er kann bei Magen-Darm-Beschwerden wie Bl\u00e4hungen, Sodbrennen oder \u00dcbelkeit lindernd wirken. \u2728 Wirkung auf einen Blick:\u2013 \ud83c\udf3f unterst\u00fctzt das k\u00f6rperliche Wohlbefinden bei [&hellip;]<\/p>\n<p><a class=\"read-more\" href=\"https:\/\/www.bynaldis-shop.com\/?product=citrin\">Mehr lesen<span class=\"meta-nav\">&rarr;<\/span><\/a><\/p>\n","protected":false},"featured_media":8133,"template":"","meta":[],"product_brand":[],"product_cat":[206],"product_tag":[],"class_list":{"0":"post-8001","1":"product","2":"type-product","3":"status-publish","4":"has-post-thumbnail","6":"product_cat-trommelsteine","8":"first","9":"instock","10":"taxable","11":"shipping-taxable","12":"purchasable","13":"product-type-simple"},"_links":{"self":[{"href":"https:\/\/www.bynaldis-shop.com\/index.php?rest_route=\/wp\/v2\/product\/8001","targetHints":{"allow":["GET"]}}],"collection":[{"href":"https:\/\/www.bynaldis-shop.com\/index.php?rest_route=\/wp\/v2\/product"}],"about":[{"href":"https:\/\/www.bynaldis-shop.com\/index.php?rest_route=\/wp\/v2\/types\/product"}],"wp:featuredmedia":[{"embeddable":true,"href":"https:\/\/www.bynaldis-shop.com\/index.php?rest_route=\/wp\/v2\/media\/8133"}],"wp:attachment":[{"href":"https:\/\/www.bynaldis-shop.com\/index.php?rest_route=%2Fwp%2Fv2%2Fmedia&parent=8001"}],"wp:term":[{"taxonomy":"product_brand","embeddable":true,"href":"https:\/\/www.bynaldis-shop.com\/index.php?rest_route=%2Fwp%2Fv2%2Fproduct_brand&post=8001"},{"taxonomy":"product_cat","embeddable":true,"href":"https:\/\/www.bynaldis-shop.com\/index.php?rest_route=%2Fwp%2Fv2%2Fproduct_cat&post=8001"},{"taxonomy":"product_tag","embeddable":true,"href":"https:\/\/www.bynaldis-shop.com\/index.php?rest_route=%2Fwp%2Fv2%2Fproduct_tag&post=8001"}],"curies":[{"name":"wp","href":"https:\/\/api.w.org\/{rel}","templated":true}]}}