{"id":7975,"date":"2024-03-11T11:53:53","date_gmt":"2024-03-11T10:53:53","guid":{"rendered":"https:\/\/www.bynaldis-shop.com\/?post_type=product&#038;p=7975"},"modified":"2025-10-14T14:24:17","modified_gmt":"2025-10-14T12:24:17","slug":"drachenblut-jaspis","status":"publish","type":"product","link":"https:\/\/www.bynaldis-shop.com\/?product=drachenblut-jaspis","title":{"rendered":"Drachenblut-Jaspis \u2013 Herzf\u00f6rmiger Trommelstein"},"content":{"rendered":"<p data-start=\"194\" data-end=\"247\"><strong data-start=\"197\" data-end=\"247\">Drachenblut-Jaspis \u2013 Herzf\u00f6rmiger Trommelstein<\/strong><\/p>\n<p data-start=\"249\" data-end=\"490\">Dieses geheimnisvolle \u2764\ufe0f <strong data-start=\"274\" data-end=\"305\">Herz aus Drachenblut-Jaspis<\/strong> vereint die Kraft von Erde und Feuer in einem einzigen Stein. Mit seinen tiefgr\u00fcnen und r\u00f6tlichen Adern erinnert er an uralte Drachenschuppen \u2013 ein Symbol f\u00fcr St\u00e4rke, Mut und Wandlung.<\/p>\n<p data-start=\"492\" data-end=\"759\">Der Drachenblut-Jaspis unterst\u00fctzt dich dabei, innere Blockaden zu l\u00f6sen, deinen Lebensweg mit Entschlossenheit zu gehen und dabei stets in Verbindung mit deinem Herzen zu bleiben \ud83d\udcaa\ud83d\udc97. Er gilt als Stein der Transformation, des Selbstvertrauens und der inneren Kraft.<\/p>\n<p data-start=\"761\" data-end=\"937\">\u2728 <strong data-start=\"763\" data-end=\"791\">Wirkung auf einen Blick:<\/strong><br data-start=\"791\" data-end=\"794\" \/>\u2013 \ud83d\udc09 schenkt Mut, St\u00e4rke &amp; Ausdauer<br data-start=\"829\" data-end=\"832\" \/>\u2013 \ud83d\udd25 f\u00f6rdert innere Transformation &amp; Zielstrebigkeit<br data-start=\"884\" data-end=\"887\" \/>\u2013 \ud83d\udc97 verbindet Herzenskraft mit Entschlossenheit<\/p>\n<p data-start=\"939\" data-end=\"1035\">Ein machtvolles Herz, das dich daran erinnert, dass deine gr\u00f6\u00dfte Kraft aus deinem Inneren kommt.<\/p>\n<p data-start=\"939\" data-end=\"1035\"><strong>Hinweis:<\/strong> Die beschriebenen Wirkungen basieren auf Erfahrungen von Anwendern und Edelsteintherapeuten und sind wissenschaftlich nicht erwiesen. Sie ersetzen keine medizinische Diagnose oder Behandlung. Bitte konsultiere bei gesundheitlichen Beschwerden immer einen Arzt.<\/p>\n","protected":false},"excerpt":{"rendered":"<p>Drachenblut-Jaspis \u2013 Herzf\u00f6rmiger Trommelstein Dieses geheimnisvolle \u2764\ufe0f Herz aus Drachenblut-Jaspis vereint die Kraft von Erde und Feuer in einem einzigen Stein. Mit seinen tiefgr\u00fcnen und r\u00f6tlichen Adern erinnert er an uralte Drachenschuppen \u2013 ein Symbol f\u00fcr St\u00e4rke, Mut und Wandlung. Der Drachenblut-Jaspis unterst\u00fctzt dich dabei, innere Blockaden zu l\u00f6sen, deinen Lebensweg mit Entschlossenheit zu gehen [&hellip;]<\/p>\n<p><a class=\"read-more\" href=\"https:\/\/www.bynaldis-shop.com\/?product=drachenblut-jaspis\">Mehr lesen<span class=\"meta-nav\">&rarr;<\/span><\/a><\/p>\n","protected":false},"featured_media":8178,"template":"","meta":[],"product_brand":[],"product_cat":[209],"product_tag":[],"class_list":{"0":"post-7975","1":"product","2":"type-product","3":"status-publish","4":"has-post-thumbnail","6":"product_cat-herzen","8":"first","9":"instock","10":"taxable","11":"shipping-taxable","12":"purchasable","13":"product-type-simple"},"_links":{"self":[{"href":"https:\/\/www.bynaldis-shop.com\/index.php?rest_route=\/wp\/v2\/product\/7975","targetHints":{"allow":["GET"]}}],"collection":[{"href":"https:\/\/www.bynaldis-shop.com\/index.php?rest_route=\/wp\/v2\/product"}],"about":[{"href":"https:\/\/www.bynaldis-shop.com\/index.php?rest_route=\/wp\/v2\/types\/product"}],"wp:featuredmedia":[{"embeddable":true,"href":"https:\/\/www.bynaldis-shop.com\/index.php?rest_route=\/wp\/v2\/media\/8178"}],"wp:attachment":[{"href":"https:\/\/www.bynaldis-shop.com\/index.php?rest_route=%2Fwp%2Fv2%2Fmedia&parent=7975"}],"wp:term":[{"taxonomy":"product_brand","embeddable":true,"href":"https:\/\/www.bynaldis-shop.com\/index.php?rest_route=%2Fwp%2Fv2%2Fproduct_brand&post=7975"},{"taxonomy":"product_cat","embeddable":true,"href":"https:\/\/www.bynaldis-shop.com\/index.php?rest_route=%2Fwp%2Fv2%2Fproduct_cat&post=7975"},{"taxonomy":"product_tag","embeddable":true,"href":"https:\/\/www.bynaldis-shop.com\/index.php?rest_route=%2Fwp%2Fv2%2Fproduct_tag&post=7975"}],"curies":[{"name":"wp","href":"https:\/\/api.w.org\/{rel}","templated":true}]}}