{"id":7970,"date":"2024-03-11T11:47:38","date_gmt":"2024-03-11T10:47:38","guid":{"rendered":"https:\/\/www.bynaldis-shop.com\/?post_type=product&#038;p=7970"},"modified":"2025-10-28T11:35:04","modified_gmt":"2025-10-28T10:35:04","slug":"vanille","status":"publish","type":"product","link":"https:\/\/www.bynaldis-shop.com\/?product=vanille","title":{"rendered":"Vanille R\u00e4ucherst\u00e4bchen \u2013 Sinnlichkeit &#038; Geborgenheit"},"content":{"rendered":"<h3 data-start=\"181\" data-end=\"241\">Vanille R\u00e4ucherst\u00e4bchen \u2013 Sinnlichkeit &amp; Geborgenheit<\/h3>\n<p data-start=\"243\" data-end=\"365\">Tauchen Sie ein in die <strong data-start=\"266\" data-end=\"296\">sinnliche Welt der Vanille<\/strong> mit unseren naturreinen, handgerollten R\u00e4ucherst\u00e4bchen aus Indien.<\/p>\n<p data-start=\"367\" data-end=\"632\">Der <strong data-start=\"371\" data-end=\"391\">warme, s\u00fc\u00dfe Duft<\/strong> der Vanille weckt <strong data-start=\"410\" data-end=\"454\">Lebensfreude, Lebensmut und Sinnlichkeit<\/strong> \u2013 und schafft eine Atmosph\u00e4re voller Geborgenheit, in der K\u00f6rper und Seele zur Ruhe kommen d\u00fcrfen. Ideal f\u00fcr entspannte Abende oder gemeinsame Momente mit einem Herzensmenschen.<\/p>\n<p data-start=\"634\" data-end=\"877\"><strong data-start=\"634\" data-end=\"654\">\u2728 Eigenschaften:<\/strong><br data-start=\"654\" data-end=\"657\" \/>\u2013 \ud83c\udf66 Sanfter, s\u00fc\u00df-warmer Vanilleduft<br data-start=\"693\" data-end=\"696\" \/>\u2013 \ud83c\udf3f Naturrein &amp; traditionell handgerollt in Indien<br data-start=\"747\" data-end=\"750\" \/>\u2013 \ud83d\udd6f\ufe0f Stimmungsaufhellend, beruhigend &amp; sinnlich<br data-start=\"798\" data-end=\"801\" \/>\u2013 \ud83d\udd25 Brenndauer: ca. 45 Minuten<\/p>\n<p data-start=\"879\" data-end=\"1018\"><strong data-start=\"879\" data-end=\"1015\">Lassen Sie sich von der herzerw\u00e4rmenden Pr\u00e4senz der Vanille verzaubern \u2013 f\u00fcr kleine Auszeiten voller W\u00e4rme, Tr\u00e4ume und Geborgenheit.<\/strong> \ud83d\udc9b<\/p>\n<p data-start=\"879\" data-end=\"1018\">Neben diesen R\u00e4ucherst\u00e4bchen gibt es bei uns noch viele weitere wundersch\u00f6ne D\u00fcfte. Einzeln oder in praktischen Packungen, die darauf warten, von dir entdeckt zu werden. Von sanft blumig bis warm und erdig ist f\u00fcr jeden Moment das Passende dabei. Und damit dein R\u00e4uchererlebnis vollkommen wird, findest du bei uns auch liebevoll gestaltete R\u00e4ucherst\u00e4bchenhalter. Ob f\u00fcr dich selbst oder als besonderes Geschenk f\u00fcr einen lieben Menschen. Unsere R\u00e4ucherst\u00e4bchen bringen Freude und Wohlgef\u00fchl in jeden Raum.<\/p>\n","protected":false},"excerpt":{"rendered":"<p>Vanille R\u00e4ucherst\u00e4bchen \u2013 Sinnlichkeit &amp; Geborgenheit Tauchen Sie ein in die sinnliche Welt der Vanille mit unseren naturreinen, handgerollten R\u00e4ucherst\u00e4bchen aus Indien. Der warme, s\u00fc\u00dfe Duft der Vanille weckt Lebensfreude, Lebensmut und Sinnlichkeit \u2013 und schafft eine Atmosph\u00e4re voller Geborgenheit, in der K\u00f6rper und Seele zur Ruhe kommen d\u00fcrfen. Ideal f\u00fcr entspannte Abende oder gemeinsame [&hellip;]<\/p>\n<p><a class=\"read-more\" href=\"https:\/\/www.bynaldis-shop.com\/?product=vanille\">Mehr lesen<span class=\"meta-nav\">&rarr;<\/span><\/a><\/p>\n","protected":false},"featured_media":8084,"template":"","meta":[],"product_brand":[],"product_cat":[251],"product_tag":[],"class_list":{"0":"post-7970","1":"product","2":"type-product","3":"status-publish","4":"has-post-thumbnail","6":"product_cat-je-sorte-10-stueck","8":"first","9":"instock","10":"taxable","11":"shipping-taxable","12":"purchasable","13":"product-type-simple"},"_links":{"self":[{"href":"https:\/\/www.bynaldis-shop.com\/index.php?rest_route=\/wp\/v2\/product\/7970","targetHints":{"allow":["GET"]}}],"collection":[{"href":"https:\/\/www.bynaldis-shop.com\/index.php?rest_route=\/wp\/v2\/product"}],"about":[{"href":"https:\/\/www.bynaldis-shop.com\/index.php?rest_route=\/wp\/v2\/types\/product"}],"wp:featuredmedia":[{"embeddable":true,"href":"https:\/\/www.bynaldis-shop.com\/index.php?rest_route=\/wp\/v2\/media\/8084"}],"wp:attachment":[{"href":"https:\/\/www.bynaldis-shop.com\/index.php?rest_route=%2Fwp%2Fv2%2Fmedia&parent=7970"}],"wp:term":[{"taxonomy":"product_brand","embeddable":true,"href":"https:\/\/www.bynaldis-shop.com\/index.php?rest_route=%2Fwp%2Fv2%2Fproduct_brand&post=7970"},{"taxonomy":"product_cat","embeddable":true,"href":"https:\/\/www.bynaldis-shop.com\/index.php?rest_route=%2Fwp%2Fv2%2Fproduct_cat&post=7970"},{"taxonomy":"product_tag","embeddable":true,"href":"https:\/\/www.bynaldis-shop.com\/index.php?rest_route=%2Fwp%2Fv2%2Fproduct_tag&post=7970"}],"curies":[{"name":"wp","href":"https:\/\/api.w.org\/{rel}","templated":true}]}}