{"id":7968,"date":"2024-03-11T11:46:50","date_gmt":"2024-03-11T10:46:50","guid":{"rendered":"https:\/\/www.bynaldis-shop.com\/?post_type=product&#038;p=7968"},"modified":"2025-10-28T11:35:53","modified_gmt":"2025-10-28T10:35:53","slug":"zitrone","status":"publish","type":"product","link":"https:\/\/www.bynaldis-shop.com\/?product=zitrone","title":{"rendered":"Zitronen R\u00e4ucherst\u00e4bchen \u2013 Frischekick f\u00fcr K\u00f6rper &#038; Geist"},"content":{"rendered":"<h3 data-start=\"158\" data-end=\"222\">Zitronen R\u00e4ucherst\u00e4bchen \u2013 Frischekick f\u00fcr K\u00f6rper &amp; Geist<\/h3>\n<p data-start=\"224\" data-end=\"326\">Genie\u00dfen Sie die <strong data-start=\"241\" data-end=\"279\">spritzige Leichtigkeit der Zitrone<\/strong>, eingefangen in einem belebenden Duftmoment.<\/p>\n<p data-start=\"328\" data-end=\"605\">Unsere handgerollten Zitronen-R\u00e4ucherst\u00e4bchen verstr\u00f6men ein <strong data-start=\"389\" data-end=\"416\">fruchtig-frisches Aroma<\/strong>, das den Raum sofort mit Klarheit und Lebendigkeit erf\u00fcllt \u2013 wie ein <strong data-start=\"486\" data-end=\"517\">Sonnenstrahl nach dem Regen<\/strong>. Ideal f\u00fcr den Morgen oder nach einem langen Tag, wenn Sie neue Energie tanken m\u00f6chten.<\/p>\n<p data-start=\"607\" data-end=\"810\"><strong data-start=\"607\" data-end=\"627\">\u2728 Eigenschaften:<\/strong><br data-start=\"627\" data-end=\"630\" \/>\u2013 Erfrischender, zitrischer Duft \ud83c\udf4b<br data-start=\"665\" data-end=\"668\" \/>\u2013 Belebend, kl\u00e4rend &amp; stimmungsaufhellend<br data-start=\"709\" data-end=\"712\" \/>\u2013 Ideal f\u00fcr den Start in den Tag oder kreative Pausen<\/p>\n<p data-start=\"812\" data-end=\"933\"><strong data-start=\"812\" data-end=\"928\">Lassen Sie sich von der vitalisierenden Kraft der Zitrone durchstr\u00f6men \u2013 frisch, leicht und voller Lebensfreude.<\/strong> \ud83c\udf1e\ud83d\udc9b<\/p>\n<p data-start=\"812\" data-end=\"933\">Neben diesen R\u00e4ucherst\u00e4bchen gibt es bei uns noch viele weitere wundersch\u00f6ne D\u00fcfte. Einzeln oder in praktischen Packungen, die darauf warten, von dir entdeckt zu werden. Von sanft blumig bis warm und erdig ist f\u00fcr jeden Moment das Passende dabei. Und damit dein R\u00e4uchererlebnis vollkommen wird, findest du bei uns auch liebevoll gestaltete R\u00e4ucherst\u00e4bchenhalter. Ob f\u00fcr dich selbst oder als besonderes Geschenk f\u00fcr einen lieben Menschen. Unsere R\u00e4ucherst\u00e4bchen bringen Freude und Wohlgef\u00fchl in jeden Raum.<\/p>\n","protected":false},"excerpt":{"rendered":"<p>Zitronen R\u00e4ucherst\u00e4bchen \u2013 Frischekick f\u00fcr K\u00f6rper &amp; Geist Genie\u00dfen Sie die spritzige Leichtigkeit der Zitrone, eingefangen in einem belebenden Duftmoment. Unsere handgerollten Zitronen-R\u00e4ucherst\u00e4bchen verstr\u00f6men ein fruchtig-frisches Aroma, das den Raum sofort mit Klarheit und Lebendigkeit erf\u00fcllt \u2013 wie ein Sonnenstrahl nach dem Regen. Ideal f\u00fcr den Morgen oder nach einem langen Tag, wenn Sie neue [&hellip;]<\/p>\n<p><a class=\"read-more\" href=\"https:\/\/www.bynaldis-shop.com\/?product=zitrone\">Mehr lesen<span class=\"meta-nav\">&rarr;<\/span><\/a><\/p>\n","protected":false},"featured_media":8084,"template":"","meta":[],"product_brand":[],"product_cat":[251],"product_tag":[],"class_list":{"0":"post-7968","1":"product","2":"type-product","3":"status-publish","4":"has-post-thumbnail","6":"product_cat-je-sorte-10-stueck","8":"first","9":"instock","10":"taxable","11":"shipping-taxable","12":"purchasable","13":"product-type-simple"},"_links":{"self":[{"href":"https:\/\/www.bynaldis-shop.com\/index.php?rest_route=\/wp\/v2\/product\/7968","targetHints":{"allow":["GET"]}}],"collection":[{"href":"https:\/\/www.bynaldis-shop.com\/index.php?rest_route=\/wp\/v2\/product"}],"about":[{"href":"https:\/\/www.bynaldis-shop.com\/index.php?rest_route=\/wp\/v2\/types\/product"}],"wp:featuredmedia":[{"embeddable":true,"href":"https:\/\/www.bynaldis-shop.com\/index.php?rest_route=\/wp\/v2\/media\/8084"}],"wp:attachment":[{"href":"https:\/\/www.bynaldis-shop.com\/index.php?rest_route=%2Fwp%2Fv2%2Fmedia&parent=7968"}],"wp:term":[{"taxonomy":"product_brand","embeddable":true,"href":"https:\/\/www.bynaldis-shop.com\/index.php?rest_route=%2Fwp%2Fv2%2Fproduct_brand&post=7968"},{"taxonomy":"product_cat","embeddable":true,"href":"https:\/\/www.bynaldis-shop.com\/index.php?rest_route=%2Fwp%2Fv2%2Fproduct_cat&post=7968"},{"taxonomy":"product_tag","embeddable":true,"href":"https:\/\/www.bynaldis-shop.com\/index.php?rest_route=%2Fwp%2Fv2%2Fproduct_tag&post=7968"}],"curies":[{"name":"wp","href":"https:\/\/api.w.org\/{rel}","templated":true}]}}