{"id":7962,"date":"2024-03-11T11:44:26","date_gmt":"2024-03-11T10:44:26","guid":{"rendered":"https:\/\/www.bynaldis-shop.com\/?post_type=product&#038;p=7962"},"modified":"2025-10-28T11:39:28","modified_gmt":"2025-10-28T10:39:28","slug":"sandelholz-moschus","status":"publish","type":"product","link":"https:\/\/www.bynaldis-shop.com\/?product=sandelholz-moschus","title":{"rendered":"Sandelholz R\u00e4ucherst\u00e4bchen \u2013 W\u00e4rme, Ruhe &#038; Sinnlichkeit"},"content":{"rendered":"<h3 data-start=\"185\" data-end=\"257\">Sandelholz &amp; Moschus R\u00e4ucherst\u00e4bchen \u2013 W\u00e4rme, Ruhe &amp; Sinnlichkeit<\/h3>\n<p data-start=\"259\" data-end=\"378\">Diese R\u00e4ucherst\u00e4bchen verbinden die <strong data-start=\"295\" data-end=\"329\">erdende Kraft des Sandelholzes<\/strong> mit der <strong data-start=\"338\" data-end=\"375\">verf\u00fchrerischen Tiefe des Moschus<\/strong>.<\/p>\n<p data-start=\"380\" data-end=\"577\">Das <strong data-start=\"384\" data-end=\"406\">warm-w\u00fcrzige Aroma<\/strong> des Sandelholzes schenkt dir innere Ruhe und Geborgenheit, w\u00e4hrend der feine Moschusduft eine <strong data-start=\"501\" data-end=\"529\">sinnliche, weiche Nuance<\/strong> hinzuf\u00fcgt \u2013 wie ein Hauch von Samt in der Luft.<\/p>\n<p data-start=\"579\" data-end=\"744\">Gemeinsam entfalten sie einen Duft, der <strong data-start=\"619\" data-end=\"651\">K\u00f6rper und Geist in Einklang<\/strong> bringt \u2013 ideal f\u00fcr deine Auszeit, zur Meditation oder um den Tag sanft ausklingen zu lassen.<\/p>\n<p data-start=\"746\" data-end=\"994\"><strong data-start=\"746\" data-end=\"766\">\u2728 Eigenschaften:<\/strong><br data-start=\"766\" data-end=\"769\" \/>\u2013 Warmer, holziger Sandelholzduft mit sinnlichem Moschus \ud83e\udeb5<br data-start=\"828\" data-end=\"831\" \/>\u2013 Entspannend, harmonisierend &amp; leicht aphrodisierend<br data-start=\"884\" data-end=\"887\" \/>\u2013 Perfekt f\u00fcr Rituale, Meditation oder gem\u00fctliche Abendstunden<\/p>\n<p data-start=\"996\" data-end=\"1097\"><strong data-start=\"996\" data-end=\"1092\">G\u00f6nn dir einen Moment der Stille \u2013 getragen vom sanften Duft zweier kraftvoller Naturaromen.<\/strong><\/p>\n<p data-start=\"996\" data-end=\"1097\">Neben diesen R\u00e4ucherst\u00e4bchen gibt es bei uns noch viele weitere wundersch\u00f6ne D\u00fcfte. Einzeln oder in praktischen Packungen, die darauf warten, von dir entdeckt zu werden. Von sanft blumig bis warm und erdig ist f\u00fcr jeden Moment das Passende dabei. Und damit dein R\u00e4uchererlebnis vollkommen wird, findest du bei uns auch liebevoll gestaltete R\u00e4ucherst\u00e4bchenhalter. Ob f\u00fcr dich selbst oder als besonderes Geschenk f\u00fcr einen lieben Menschen. Unsere R\u00e4ucherst\u00e4bchen bringen Freude und Wohlgef\u00fchl in jeden Raum.<\/p>\n","protected":false},"excerpt":{"rendered":"<p>Sandelholz &amp; Moschus R\u00e4ucherst\u00e4bchen \u2013 W\u00e4rme, Ruhe &amp; Sinnlichkeit Diese R\u00e4ucherst\u00e4bchen verbinden die erdende Kraft des Sandelholzes mit der verf\u00fchrerischen Tiefe des Moschus. Das warm-w\u00fcrzige Aroma des Sandelholzes schenkt dir innere Ruhe und Geborgenheit, w\u00e4hrend der feine Moschusduft eine sinnliche, weiche Nuance hinzuf\u00fcgt \u2013 wie ein Hauch von Samt in der Luft. Gemeinsam entfalten sie [&hellip;]<\/p>\n<p><a class=\"read-more\" href=\"https:\/\/www.bynaldis-shop.com\/?product=sandelholz-moschus\">Mehr lesen<span class=\"meta-nav\">&rarr;<\/span><\/a><\/p>\n","protected":false},"featured_media":8084,"template":"","meta":[],"product_brand":[],"product_cat":[251],"product_tag":[],"class_list":{"0":"post-7962","1":"product","2":"type-product","3":"status-publish","4":"has-post-thumbnail","6":"product_cat-je-sorte-10-stueck","8":"first","9":"instock","10":"taxable","11":"shipping-taxable","12":"purchasable","13":"product-type-simple"},"_links":{"self":[{"href":"https:\/\/www.bynaldis-shop.com\/index.php?rest_route=\/wp\/v2\/product\/7962","targetHints":{"allow":["GET"]}}],"collection":[{"href":"https:\/\/www.bynaldis-shop.com\/index.php?rest_route=\/wp\/v2\/product"}],"about":[{"href":"https:\/\/www.bynaldis-shop.com\/index.php?rest_route=\/wp\/v2\/types\/product"}],"wp:featuredmedia":[{"embeddable":true,"href":"https:\/\/www.bynaldis-shop.com\/index.php?rest_route=\/wp\/v2\/media\/8084"}],"wp:attachment":[{"href":"https:\/\/www.bynaldis-shop.com\/index.php?rest_route=%2Fwp%2Fv2%2Fmedia&parent=7962"}],"wp:term":[{"taxonomy":"product_brand","embeddable":true,"href":"https:\/\/www.bynaldis-shop.com\/index.php?rest_route=%2Fwp%2Fv2%2Fproduct_brand&post=7962"},{"taxonomy":"product_cat","embeddable":true,"href":"https:\/\/www.bynaldis-shop.com\/index.php?rest_route=%2Fwp%2Fv2%2Fproduct_cat&post=7962"},{"taxonomy":"product_tag","embeddable":true,"href":"https:\/\/www.bynaldis-shop.com\/index.php?rest_route=%2Fwp%2Fv2%2Fproduct_tag&post=7962"}],"curies":[{"name":"wp","href":"https:\/\/api.w.org\/{rel}","templated":true}]}}