{"id":7960,"date":"2024-03-11T11:43:30","date_gmt":"2024-03-11T10:43:30","guid":{"rendered":"https:\/\/www.bynaldis-shop.com\/?post_type=product&#038;p=7960"},"modified":"2025-10-28T11:41:01","modified_gmt":"2025-10-28T10:41:01","slug":"patchouli","status":"publish","type":"product","link":"https:\/\/www.bynaldis-shop.com\/?product=patchouli","title":{"rendered":"Patchouli R\u00e4ucherst\u00e4bchen \u2013 Erdung. Tiefe. Entspannung."},"content":{"rendered":"<h3 data-start=\"158\" data-end=\"220\">Patchouli R\u00e4ucherst\u00e4bchen \u2013 Erdung. Tiefe. Entspannung.<\/h3>\n<p data-start=\"222\" data-end=\"396\">Die <strong data-start=\"226\" data-end=\"255\">Patchouli R\u00e4ucherst\u00e4bchen<\/strong> verw\u00f6hnen die Sinne mit ihrem <strong data-start=\"286\" data-end=\"318\">warmen, krautig-erdigen Duft<\/strong> und schaffen eine Atmosph\u00e4re, in der <strong data-start=\"356\" data-end=\"378\">Ruhe und Loslassen<\/strong> m\u00f6glich werden.<\/p>\n<p data-start=\"398\" data-end=\"542\">Ihr Aroma wirkt <strong data-start=\"414\" data-end=\"445\">beruhigend und ausgleichend<\/strong>, hilft dabei, den Alltagsstress hinter sich zu lassen und wieder <strong data-start=\"511\" data-end=\"541\">bei sich selbst anzukommen<\/strong>.<\/p>\n<p data-start=\"544\" data-end=\"743\"><strong data-start=\"544\" data-end=\"564\">\u2728 Eigenschaften:<\/strong><br data-start=\"564\" data-end=\"567\" \/>\u2013 Warmer, erdiger Patchouli-Duft \ud83c\udf3e<br data-start=\"602\" data-end=\"605\" \/>\u2013 Beruhigend, stressl\u00f6send &amp; zentrierend<br data-start=\"645\" data-end=\"648\" \/>\u2013 Ideal f\u00fcr Meditation, Entspannung &amp; Abendrituale<\/p>\n<p data-start=\"745\" data-end=\"855\"><strong data-start=\"745\" data-end=\"850\">Tauche ein in eine Welt der Gelassenheit \u2013 und g\u00f6nn dir duftende Momente f\u00fcr K\u00f6rper, Geist und Seele.<\/strong> \ud83e\udd0e\ud83c\udf3f<\/p>\n<p data-start=\"745\" data-end=\"855\">Neben diesen R\u00e4ucherst\u00e4bchen gibt es bei uns noch viele weitere wundersch\u00f6ne D\u00fcfte. Einzeln oder in praktischen Packungen, die darauf warten, von dir entdeckt zu werden. Von sanft blumig bis warm und erdig ist f\u00fcr jeden Moment das Passende dabei. Und damit dein R\u00e4uchererlebnis vollkommen wird, findest du bei uns auch liebevoll gestaltete R\u00e4ucherst\u00e4bchenhalter. Ob f\u00fcr dich selbst oder als besonderes Geschenk f\u00fcr einen lieben Menschen. Unsere R\u00e4ucherst\u00e4bchen bringen Freude und Wohlgef\u00fchl in jeden Raum.<\/p>\n","protected":false},"excerpt":{"rendered":"<p>Patchouli R\u00e4ucherst\u00e4bchen \u2013 Erdung. Tiefe. Entspannung. Die Patchouli R\u00e4ucherst\u00e4bchen verw\u00f6hnen die Sinne mit ihrem warmen, krautig-erdigen Duft und schaffen eine Atmosph\u00e4re, in der Ruhe und Loslassen m\u00f6glich werden. Ihr Aroma wirkt beruhigend und ausgleichend, hilft dabei, den Alltagsstress hinter sich zu lassen und wieder bei sich selbst anzukommen. \u2728 Eigenschaften:\u2013 Warmer, erdiger Patchouli-Duft \ud83c\udf3e\u2013 Beruhigend, [&hellip;]<\/p>\n<p><a class=\"read-more\" href=\"https:\/\/www.bynaldis-shop.com\/?product=patchouli\">Mehr lesen<span class=\"meta-nav\">&rarr;<\/span><\/a><\/p>\n","protected":false},"featured_media":8084,"template":"","meta":[],"product_brand":[],"product_cat":[251],"product_tag":[],"class_list":{"0":"post-7960","1":"product","2":"type-product","3":"status-publish","4":"has-post-thumbnail","6":"product_cat-je-sorte-10-stueck","8":"first","9":"instock","10":"taxable","11":"shipping-taxable","12":"purchasable","13":"product-type-simple"},"_links":{"self":[{"href":"https:\/\/www.bynaldis-shop.com\/index.php?rest_route=\/wp\/v2\/product\/7960","targetHints":{"allow":["GET"]}}],"collection":[{"href":"https:\/\/www.bynaldis-shop.com\/index.php?rest_route=\/wp\/v2\/product"}],"about":[{"href":"https:\/\/www.bynaldis-shop.com\/index.php?rest_route=\/wp\/v2\/types\/product"}],"wp:featuredmedia":[{"embeddable":true,"href":"https:\/\/www.bynaldis-shop.com\/index.php?rest_route=\/wp\/v2\/media\/8084"}],"wp:attachment":[{"href":"https:\/\/www.bynaldis-shop.com\/index.php?rest_route=%2Fwp%2Fv2%2Fmedia&parent=7960"}],"wp:term":[{"taxonomy":"product_brand","embeddable":true,"href":"https:\/\/www.bynaldis-shop.com\/index.php?rest_route=%2Fwp%2Fv2%2Fproduct_brand&post=7960"},{"taxonomy":"product_cat","embeddable":true,"href":"https:\/\/www.bynaldis-shop.com\/index.php?rest_route=%2Fwp%2Fv2%2Fproduct_cat&post=7960"},{"taxonomy":"product_tag","embeddable":true,"href":"https:\/\/www.bynaldis-shop.com\/index.php?rest_route=%2Fwp%2Fv2%2Fproduct_tag&post=7960"}],"curies":[{"name":"wp","href":"https:\/\/api.w.org\/{rel}","templated":true}]}}