{"id":7950,"date":"2024-03-11T11:39:22","date_gmt":"2024-03-11T10:39:22","guid":{"rendered":"https:\/\/www.bynaldis-shop.com\/?post_type=product&#038;p=7950"},"modified":"2025-10-28T11:45:36","modified_gmt":"2025-10-28T10:45:36","slug":"patchouli-garden","status":"publish","type":"product","link":"https:\/\/www.bynaldis-shop.com\/?product=patchouli-garden","title":{"rendered":"Patchouli Garden R\u00e4ucherst\u00e4bchen \u2013 Sanfter Duft, stiller Zauber"},"content":{"rendered":"<h3 data-start=\"175\" data-end=\"245\">Patchouli Garden R\u00e4ucherst\u00e4bchen \u2013 Sanfter Duft, stiller Zauber<\/h3>\n<p data-start=\"247\" data-end=\"451\">Die <strong data-start=\"251\" data-end=\"271\">Patchouli Garden<\/strong> R\u00e4ucherst\u00e4bchen verstr\u00f6men einen zarten, dezenten <strong data-start=\"322\" data-end=\"340\">Patchouli-Duft<\/strong>, der dich in einen <strong data-start=\"360\" data-end=\"390\">verwunschenen Bl\u00fctengarten<\/strong> entf\u00fchrt \u2013 warm, weich und mit einer feinen, erdenden Tiefe.<\/p>\n<p data-start=\"453\" data-end=\"681\">Diese sanfte Duftkomposition schafft eine <strong data-start=\"495\" data-end=\"530\">ruhige, tr\u00e4umerische Atmosph\u00e4re<\/strong>, in der du zur Ruhe kommen, loslassen und neue Kraft sch\u00f6pfen kannst. Perfekt f\u00fcr entspannte Abende, kleine Rituale oder stille Momente ganz f\u00fcr dich.<\/p>\n<p data-start=\"683\" data-end=\"888\"><strong data-start=\"683\" data-end=\"703\">\u2728 Eigenschaften:<\/strong><br data-start=\"703\" data-end=\"706\" \/>\u2013 Zarter, floraler Patchouli-Duft \ud83c\udf38<br data-start=\"742\" data-end=\"745\" \/>\u2013 Wirkt entspannend, sinnlich &amp; harmonisierend<br data-start=\"791\" data-end=\"794\" \/>\u2013 Ideal f\u00fcr Auszeiten, Meditation &amp; Wohlf\u00fchlr\u00e4ume<\/p>\n<p data-start=\"890\" data-end=\"988\">Ein Hauch von Erde, Bl\u00fcten und Leichtigkeit \u2013 wie ein Spaziergang durch einen stillen Garten. \ud83c\udf3f\ud83c\udf3a<\/p>\n<p data-start=\"890\" data-end=\"988\">Neben diesen R\u00e4ucherst\u00e4bchen gibt es bei uns noch viele weitere wundersch\u00f6ne D\u00fcfte. Einzeln oder in praktischen Packungen, die darauf warten, von dir entdeckt zu werden. Von sanft blumig bis warm und erdig ist f\u00fcr jeden Moment das Passende dabei. Und damit dein R\u00e4uchererlebnis vollkommen wird, findest du bei uns auch liebevoll gestaltete R\u00e4ucherst\u00e4bchenhalter. Ob f\u00fcr dich selbst oder als besonderes Geschenk f\u00fcr einen lieben Menschen. Unsere R\u00e4ucherst\u00e4bchen bringen Freude und Wohlgef\u00fchl in jeden Raum.<\/p>\n","protected":false},"excerpt":{"rendered":"<p>Patchouli Garden R\u00e4ucherst\u00e4bchen \u2013 Sanfter Duft, stiller Zauber Die Patchouli Garden R\u00e4ucherst\u00e4bchen verstr\u00f6men einen zarten, dezenten Patchouli-Duft, der dich in einen verwunschenen Bl\u00fctengarten entf\u00fchrt \u2013 warm, weich und mit einer feinen, erdenden Tiefe. Diese sanfte Duftkomposition schafft eine ruhige, tr\u00e4umerische Atmosph\u00e4re, in der du zur Ruhe kommen, loslassen und neue Kraft sch\u00f6pfen kannst. Perfekt f\u00fcr [&hellip;]<\/p>\n<p><a class=\"read-more\" href=\"https:\/\/www.bynaldis-shop.com\/?product=patchouli-garden\">Mehr lesen<span class=\"meta-nav\">&rarr;<\/span><\/a><\/p>\n","protected":false},"featured_media":8084,"template":"","meta":[],"product_brand":[],"product_cat":[251],"product_tag":[],"class_list":{"0":"post-7950","1":"product","2":"type-product","3":"status-publish","4":"has-post-thumbnail","6":"product_cat-je-sorte-10-stueck","8":"first","9":"instock","10":"taxable","11":"shipping-taxable","12":"purchasable","13":"product-type-simple"},"_links":{"self":[{"href":"https:\/\/www.bynaldis-shop.com\/index.php?rest_route=\/wp\/v2\/product\/7950","targetHints":{"allow":["GET"]}}],"collection":[{"href":"https:\/\/www.bynaldis-shop.com\/index.php?rest_route=\/wp\/v2\/product"}],"about":[{"href":"https:\/\/www.bynaldis-shop.com\/index.php?rest_route=\/wp\/v2\/types\/product"}],"wp:featuredmedia":[{"embeddable":true,"href":"https:\/\/www.bynaldis-shop.com\/index.php?rest_route=\/wp\/v2\/media\/8084"}],"wp:attachment":[{"href":"https:\/\/www.bynaldis-shop.com\/index.php?rest_route=%2Fwp%2Fv2%2Fmedia&parent=7950"}],"wp:term":[{"taxonomy":"product_brand","embeddable":true,"href":"https:\/\/www.bynaldis-shop.com\/index.php?rest_route=%2Fwp%2Fv2%2Fproduct_brand&post=7950"},{"taxonomy":"product_cat","embeddable":true,"href":"https:\/\/www.bynaldis-shop.com\/index.php?rest_route=%2Fwp%2Fv2%2Fproduct_cat&post=7950"},{"taxonomy":"product_tag","embeddable":true,"href":"https:\/\/www.bynaldis-shop.com\/index.php?rest_route=%2Fwp%2Fv2%2Fproduct_tag&post=7950"}],"curies":[{"name":"wp","href":"https:\/\/api.w.org\/{rel}","templated":true}]}}