{"id":7867,"date":"2024-02-24T19:09:22","date_gmt":"2024-02-24T18:09:22","guid":{"rendered":"https:\/\/www.bynaldis-shop.com\/?post_type=product&#038;p=7867"},"modified":"2025-10-19T13:44:25","modified_gmt":"2025-10-19T11:44:25","slug":"smudge-bowl-tuerkis","status":"publish","type":"product","link":"https:\/\/www.bynaldis-shop.com\/?product=smudge-bowl-tuerkis","title":{"rendered":"Keramik-R\u00e4ucherschale \u2013 F\u00fcr Reinigung, Klarheit &#038; neue Energie"},"content":{"rendered":"<h3 data-start=\"220\" data-end=\"289\">Keramik-R\u00e4ucherschale \u2013 F\u00fcr Reinigung, Klarheit &amp; neue Energie<\/h3>\n<p data-start=\"291\" data-end=\"605\">Diese hochwertige Keramikschale eignet sich ideal zum <strong data-start=\"345\" data-end=\"378\">Verr\u00e4uchern von Salbei-Sticks<\/strong> oder anderen Smudge-Kr\u00e4utern. Einfach den Stick hineinstellen, oben entz\u00fcnden und Raum f\u00fcr Raum achtsam durchschreiten. Die <strong data-start=\"503\" data-end=\"540\">Schale f\u00e4ngt die Asche sicher auf<\/strong>, w\u00e4hrend du alte Energien losl\u00e4sst und neue Klarheit einl\u00e4dst.<\/p>\n<p data-start=\"607\" data-end=\"828\">Nach dem R\u00e4ucherritual kannst du den Stick mit der Glut nach unten in die Schale stellen \u2013 der Rauch verglimmt ganz von selbst. <strong data-start=\"735\" data-end=\"784\">Eine einfache, sichere und kraftvolle Methode<\/strong>, die f\u00fcr jede und jeden gut handhabbar ist.<\/p>\n<p data-start=\"830\" data-end=\"973\">\u00d6ffne danach die Fenster und lass alles Alte hinausziehen \u2013 damit <strong data-start=\"896\" data-end=\"931\">Liebe, Frieden und Leichtigkeit<\/strong> in deinem Zuhause Platz finden d\u00fcrfen. \ud83c\udf3f<\/p>\n<p data-start=\"975\" data-end=\"1027\"><strong data-start=\"975\" data-end=\"986\">\u2728 Ma\u00dfe:<\/strong><br data-start=\"986\" data-end=\"989\" \/>\u2013 H\u00f6he: 10 cm<br data-start=\"1002\" data-end=\"1005\" \/>\u2013 Durchmesser: 15 cm<\/p>\n<p data-start=\"1029\" data-end=\"1089\"><strong data-start=\"1029\" data-end=\"1041\">Hinweis:<\/strong> Der Smudge Bowl wird <strong data-start=\"1063\" data-end=\"1078\">ohne Salbei<\/strong> geliefert.<\/p>\n","protected":false},"excerpt":{"rendered":"<p>Keramik-R\u00e4ucherschale \u2013 F\u00fcr Reinigung, Klarheit &amp; neue Energie Diese hochwertige Keramikschale eignet sich ideal zum Verr\u00e4uchern von Salbei-Sticks oder anderen Smudge-Kr\u00e4utern. Einfach den Stick hineinstellen, oben entz\u00fcnden und Raum f\u00fcr Raum achtsam durchschreiten. Die Schale f\u00e4ngt die Asche sicher auf, w\u00e4hrend du alte Energien losl\u00e4sst und neue Klarheit einl\u00e4dst. Nach dem R\u00e4ucherritual kannst du den [&hellip;]<\/p>\n<p><a class=\"read-more\" href=\"https:\/\/www.bynaldis-shop.com\/?product=smudge-bowl-tuerkis\">Mehr lesen<span class=\"meta-nav\">&rarr;<\/span><\/a><\/p>\n","protected":false},"featured_media":8489,"template":"","meta":[],"product_brand":[],"product_cat":[248],"product_tag":[],"class_list":{"0":"post-7867","1":"product","2":"type-product","3":"status-publish","4":"has-post-thumbnail","6":"product_cat-salbei-zubehoer","8":"first","9":"instock","10":"taxable","11":"shipping-taxable","12":"purchasable","13":"product-type-simple"},"_links":{"self":[{"href":"https:\/\/www.bynaldis-shop.com\/index.php?rest_route=\/wp\/v2\/product\/7867","targetHints":{"allow":["GET"]}}],"collection":[{"href":"https:\/\/www.bynaldis-shop.com\/index.php?rest_route=\/wp\/v2\/product"}],"about":[{"href":"https:\/\/www.bynaldis-shop.com\/index.php?rest_route=\/wp\/v2\/types\/product"}],"wp:featuredmedia":[{"embeddable":true,"href":"https:\/\/www.bynaldis-shop.com\/index.php?rest_route=\/wp\/v2\/media\/8489"}],"wp:attachment":[{"href":"https:\/\/www.bynaldis-shop.com\/index.php?rest_route=%2Fwp%2Fv2%2Fmedia&parent=7867"}],"wp:term":[{"taxonomy":"product_brand","embeddable":true,"href":"https:\/\/www.bynaldis-shop.com\/index.php?rest_route=%2Fwp%2Fv2%2Fproduct_brand&post=7867"},{"taxonomy":"product_cat","embeddable":true,"href":"https:\/\/www.bynaldis-shop.com\/index.php?rest_route=%2Fwp%2Fv2%2Fproduct_cat&post=7867"},{"taxonomy":"product_tag","embeddable":true,"href":"https:\/\/www.bynaldis-shop.com\/index.php?rest_route=%2Fwp%2Fv2%2Fproduct_tag&post=7867"}],"curies":[{"name":"wp","href":"https:\/\/api.w.org\/{rel}","templated":true}]}}