{"id":7755,"date":"2024-02-21T11:49:01","date_gmt":"2024-02-21T10:49:01","guid":{"rendered":"https:\/\/www.bynaldis-shop.com\/?post_type=product&#038;p=7755"},"modified":"2025-10-14T13:50:11","modified_gmt":"2025-10-14T11:50:11","slug":"engel-9","status":"publish","type":"product","link":"https:\/\/www.bynaldis-shop.com\/?product=engel-9","title":{"rendered":"Waldelfe \u201eGundel\u201c \u2013 Filzkunst auf Bl\u00fctenzauber"},"content":{"rendered":"<h3 data-start=\"168\" data-end=\"223\">\ud83c\udf38 Waldelfe \u201eGundel\u201c \u2013 Filzkunst auf Bl\u00fctenzauber<\/h3>\n<p data-start=\"225\" data-end=\"532\">Zart wie ein Sommerwind und geheimnisvoll wie ein M\u00e4rchenwald \u2013 unsere handgefilzte Waldelfe \u201eGundel\u201c bringt einen Hauch von Magie in jedes Zuhause. Mit rotem Haar, einem moosgr\u00fcnen Elfenkleid und einer frechen Wichtelm\u00fctze steht sie tr\u00e4umerisch auf einer kunstvoll gestalteten Blume aus Pappmach\u00e9.<\/p>\n<p data-start=\"534\" data-end=\"877\">Jede Figur ist ein Unikat, mit viel Liebe zum Detail gefertigt \u2013 vom filigranen Gesichtsausdruck bis zur handmodellierten Bl\u00fcte. Die Kombination aus nat\u00fcrlichen Materialien und fantasievoller Gestaltung macht Gundel zu einem besonderen Blickfang auf dem Jahreszeitentisch, im Kinderzimmer oder als Geschenk f\u00fcr gro\u00dfe und kleine Naturgeister.<\/p>\n<p data-start=\"879\" data-end=\"1133\"><strong data-start=\"879\" data-end=\"891\">Details:<\/strong><br data-start=\"891\" data-end=\"894\" \/>\u2013 Handgefilzte Elfe aus M\u00e4rchenwolle<br data-start=\"930\" data-end=\"933\" \/>\u2013 Rotes Haar, gr\u00fcnes Kleid, Wichtelm\u00fctze<br data-start=\"980\" data-end=\"983\" \/>\u2013 Festsitzend auf einer farbenfrohen Pappmach\u00e9-Blume<br data-start=\"1035\" data-end=\"1038\" \/>\u2013 Jede Figur ist ein handgemachtes Einzelst\u00fcck<\/p>\n<p data-start=\"1135\" data-end=\"1227\">Lass dich von Gundels stiller Magie verzaubern \u2013 ein St\u00fcck Waldpoesie f\u00fcr dein Zuhause. \ud83c\udf3f<\/p>\n","protected":false},"excerpt":{"rendered":"<p>\ud83c\udf38 Waldelfe \u201eGundel\u201c \u2013 Filzkunst auf Bl\u00fctenzauber Zart wie ein Sommerwind und geheimnisvoll wie ein M\u00e4rchenwald \u2013 unsere handgefilzte Waldelfe \u201eGundel\u201c bringt einen Hauch von Magie in jedes Zuhause. Mit rotem Haar, einem moosgr\u00fcnen Elfenkleid und einer frechen Wichtelm\u00fctze steht sie tr\u00e4umerisch auf einer kunstvoll gestalteten Blume aus Pappmach\u00e9. Jede Figur ist ein Unikat, mit [&hellip;]<\/p>\n<p><a class=\"read-more\" href=\"https:\/\/www.bynaldis-shop.com\/?product=engel-9\">Mehr lesen<span class=\"meta-nav\">&rarr;<\/span><\/a><\/p>\n","protected":false},"featured_media":7756,"template":"","meta":[],"product_brand":[],"product_cat":[173],"product_tag":[],"class_list":{"0":"post-7755","1":"product","2":"type-product","3":"status-publish","4":"has-post-thumbnail","6":"product_cat-filzengel","8":"first","9":"instock","10":"taxable","11":"shipping-taxable","12":"purchasable","13":"product-type-simple"},"_links":{"self":[{"href":"https:\/\/www.bynaldis-shop.com\/index.php?rest_route=\/wp\/v2\/product\/7755","targetHints":{"allow":["GET"]}}],"collection":[{"href":"https:\/\/www.bynaldis-shop.com\/index.php?rest_route=\/wp\/v2\/product"}],"about":[{"href":"https:\/\/www.bynaldis-shop.com\/index.php?rest_route=\/wp\/v2\/types\/product"}],"wp:featuredmedia":[{"embeddable":true,"href":"https:\/\/www.bynaldis-shop.com\/index.php?rest_route=\/wp\/v2\/media\/7756"}],"wp:attachment":[{"href":"https:\/\/www.bynaldis-shop.com\/index.php?rest_route=%2Fwp%2Fv2%2Fmedia&parent=7755"}],"wp:term":[{"taxonomy":"product_brand","embeddable":true,"href":"https:\/\/www.bynaldis-shop.com\/index.php?rest_route=%2Fwp%2Fv2%2Fproduct_brand&post=7755"},{"taxonomy":"product_cat","embeddable":true,"href":"https:\/\/www.bynaldis-shop.com\/index.php?rest_route=%2Fwp%2Fv2%2Fproduct_cat&post=7755"},{"taxonomy":"product_tag","embeddable":true,"href":"https:\/\/www.bynaldis-shop.com\/index.php?rest_route=%2Fwp%2Fv2%2Fproduct_tag&post=7755"}],"curies":[{"name":"wp","href":"https:\/\/api.w.org\/{rel}","templated":true}]}}