{"id":7687,"date":"2024-02-17T17:50:16","date_gmt":"2024-02-17T16:50:16","guid":{"rendered":"https:\/\/www.bynaldis-shop.com\/?post_type=product&#038;p=7687"},"modified":"2025-10-14T13:01:22","modified_gmt":"2025-10-14T11:01:22","slug":"7687","status":"publish","type":"product","link":"https:\/\/www.bynaldis-shop.com\/?product=7687","title":{"rendered":"Sisters by Heart"},"content":{"rendered":"<p>Die Willow Tree Figur Sisters by Heart Beste Freundin\/Schwestern im Herzen ist ein wahrer Grund zum Feiern eine kostbare Hommage an unsere Freundschaft, Verbundenheit und das tiefe Verst\u00e4ndnis, das wir f\u00fcreinander teilen.<\/p>\n<p>Die Liebe zwischen Schwestern kann eine kraftvolle Verbindung sein, aber manchmal sind es die Freunde, die zu Schwestern im Herzen werden. Die Willow Tree Familien Figur Sisters by Heart verk\u00f6rpert diese einzigartige Liebe und Vertrautheit, die zwei Seelen teilen k\u00f6nnen. Eine Erinnerung an kostbare Momente, geteilte Geheimnisse und das tiefe Band der Freundschaft.<\/p>\n<p>Diese Figur ist mehr als nur Kunst sie ist eine lebendige Darstellung von Liebe, Hingabe und Verbindung. Jede Figur wird mit Liebe geschnitzt, so dass sie lebendig wirkt und uns Hoffnung, Kraft, Liebe und Mut schenkt.<\/p>\n<p>Ein Symbol, das uns daran erinnert, wie wichtig und wertvoll Freundschaften und geteilte Erlebnisse im Leben sind.<\/p>\n<p>Die Willow Tree Figur ist in einem kleinen wei\u00dfen Karton mit goldener Schleife, birgt Fl\u00fcgel aus zartem Gips. Gef\u00fcllt mit Holzwolle, ist er ein Geschenk f\u00fcr jeden Anlass. Ein Aufkleber von Herz zu Herz verleiht diesem himmlischen Pr\u00e4sent eine liebevolle Note.<\/p>\n<p>Ma\u00dfe: 13cm<\/p>\n","protected":false},"excerpt":{"rendered":"<p>Die Willow Tree Figur Sisters by Heart Beste Freundin\/Schwestern im Herzen ist ein wahrer Grund zum Feiern eine kostbare Hommage an unsere Freundschaft, Verbundenheit und das tiefe Verst\u00e4ndnis, das wir f\u00fcreinander teilen. Die Liebe zwischen Schwestern kann eine kraftvolle Verbindung sein, aber manchmal sind es die Freunde, die zu Schwestern im Herzen werden. Die Willow [&hellip;]<\/p>\n<p><a class=\"read-more\" href=\"https:\/\/www.bynaldis-shop.com\/?product=7687\">Mehr lesen<span class=\"meta-nav\">&rarr;<\/span><\/a><\/p>\n","protected":false},"featured_media":7688,"template":"","meta":[],"product_brand":[],"product_cat":[174],"product_tag":[],"class_list":{"0":"post-7687","1":"product","2":"type-product","3":"status-publish","4":"has-post-thumbnail","6":"product_cat-willow-tree","8":"first","9":"instock","10":"taxable","11":"shipping-taxable","12":"purchasable","13":"product-type-simple"},"_links":{"self":[{"href":"https:\/\/www.bynaldis-shop.com\/index.php?rest_route=\/wp\/v2\/product\/7687","targetHints":{"allow":["GET"]}}],"collection":[{"href":"https:\/\/www.bynaldis-shop.com\/index.php?rest_route=\/wp\/v2\/product"}],"about":[{"href":"https:\/\/www.bynaldis-shop.com\/index.php?rest_route=\/wp\/v2\/types\/product"}],"wp:featuredmedia":[{"embeddable":true,"href":"https:\/\/www.bynaldis-shop.com\/index.php?rest_route=\/wp\/v2\/media\/7688"}],"wp:attachment":[{"href":"https:\/\/www.bynaldis-shop.com\/index.php?rest_route=%2Fwp%2Fv2%2Fmedia&parent=7687"}],"wp:term":[{"taxonomy":"product_brand","embeddable":true,"href":"https:\/\/www.bynaldis-shop.com\/index.php?rest_route=%2Fwp%2Fv2%2Fproduct_brand&post=7687"},{"taxonomy":"product_cat","embeddable":true,"href":"https:\/\/www.bynaldis-shop.com\/index.php?rest_route=%2Fwp%2Fv2%2Fproduct_cat&post=7687"},{"taxonomy":"product_tag","embeddable":true,"href":"https:\/\/www.bynaldis-shop.com\/index.php?rest_route=%2Fwp%2Fv2%2Fproduct_tag&post=7687"}],"curies":[{"name":"wp","href":"https:\/\/api.w.org\/{rel}","templated":true}]}}