{"id":7662,"date":"2024-02-17T16:35:51","date_gmt":"2024-02-17T15:35:51","guid":{"rendered":"https:\/\/www.bynaldis-shop.com\/?post_type=product&#038;p=7662"},"modified":"2025-10-14T13:00:25","modified_gmt":"2025-10-14T11:00:25","slug":"miss-you","status":"publish","type":"product","link":"https:\/\/www.bynaldis-shop.com\/?product=miss-you","title":{"rendered":"Miss You"},"content":{"rendered":"<p>In den sanften Linien der Willow Tree Figur Miss You spiegelt sich die Sehnsucht wider, die Worte allein nicht ausdr\u00fccken k\u00f6nnen. &#8222;Du bist in meinen Gedanken und in meinem Herzen&#8220; \u00a0eine Botschaft, die \u00fcber Distanzen hinweg strahlt. Diese Figur vermittelt nicht nur das Gef\u00fchl von Verbundenheit, sondern auch Ruhe, Frieden, Trost und Liebe zu denen, die uns nahestehen. Ein Geschenk, das von Herzen kommt mit der Botschaft der Liebe und des Vermissens.\u00a0M\u00f6ge sie f\u00fcr dich eine pers\u00f6nliche Bedeutung haben, sei es als kleines Andenken, als Impuls zum Nachdenken oder als ber\u00fchrende Geste, die eine tiefe Erinnerung hervorruft.<\/p>\n<p>Diese liebevoll gefertigte Figur ist mehr als ein Kunstwerk; sie ist eine Verbindung zu den Gef\u00fchlen, die uns bewegen. In ihrer Handwerkskunst spiegelt sich die Liebe und Sorgfalt wider, mit der jede Figur von Willow Tree geschaffen wird \u2013 ein zeitloses Geschenk, das die Sprache des Herzens spricht.<\/p>\n<p>Die Willow Tree Figur in einem kleinen wei\u00dfen Karton mit goldener Schleife, birgt Fl\u00fcgel aus zartem Gips. Gef\u00fcllt mit Holzwolle, ist er ein Geschenk f\u00fcr jeden Anlass. Ein Aufkleber von Herz zu Herz verleiht diesem himmlischen Pr\u00e4sent eine liebevolle Note.<\/p>\n<p>Ma\u00dfe:16,5cm<\/p>\n","protected":false},"excerpt":{"rendered":"<p>In den sanften Linien der Willow Tree Figur Miss You spiegelt sich die Sehnsucht wider, die Worte allein nicht ausdr\u00fccken k\u00f6nnen. &#8222;Du bist in meinen Gedanken und in meinem Herzen&#8220; \u00a0eine Botschaft, die \u00fcber Distanzen hinweg strahlt. Diese Figur vermittelt nicht nur das Gef\u00fchl von Verbundenheit, sondern auch Ruhe, Frieden, Trost und Liebe zu denen, [&hellip;]<\/p>\n<p><a class=\"read-more\" href=\"https:\/\/www.bynaldis-shop.com\/?product=miss-you\">Mehr lesen<span class=\"meta-nav\">&rarr;<\/span><\/a><\/p>\n","protected":false},"featured_media":7663,"template":"","meta":[],"product_brand":[],"product_cat":[174],"product_tag":[],"class_list":{"0":"post-7662","1":"product","2":"type-product","3":"status-publish","4":"has-post-thumbnail","6":"product_cat-willow-tree","8":"first","9":"instock","10":"taxable","11":"shipping-taxable","12":"purchasable","13":"product-type-simple"},"_links":{"self":[{"href":"https:\/\/www.bynaldis-shop.com\/index.php?rest_route=\/wp\/v2\/product\/7662","targetHints":{"allow":["GET"]}}],"collection":[{"href":"https:\/\/www.bynaldis-shop.com\/index.php?rest_route=\/wp\/v2\/product"}],"about":[{"href":"https:\/\/www.bynaldis-shop.com\/index.php?rest_route=\/wp\/v2\/types\/product"}],"wp:featuredmedia":[{"embeddable":true,"href":"https:\/\/www.bynaldis-shop.com\/index.php?rest_route=\/wp\/v2\/media\/7663"}],"wp:attachment":[{"href":"https:\/\/www.bynaldis-shop.com\/index.php?rest_route=%2Fwp%2Fv2%2Fmedia&parent=7662"}],"wp:term":[{"taxonomy":"product_brand","embeddable":true,"href":"https:\/\/www.bynaldis-shop.com\/index.php?rest_route=%2Fwp%2Fv2%2Fproduct_brand&post=7662"},{"taxonomy":"product_cat","embeddable":true,"href":"https:\/\/www.bynaldis-shop.com\/index.php?rest_route=%2Fwp%2Fv2%2Fproduct_cat&post=7662"},{"taxonomy":"product_tag","embeddable":true,"href":"https:\/\/www.bynaldis-shop.com\/index.php?rest_route=%2Fwp%2Fv2%2Fproduct_tag&post=7662"}],"curies":[{"name":"wp","href":"https:\/\/api.w.org\/{rel}","templated":true}]}}