{"id":7542,"date":"2024-02-08T19:09:09","date_gmt":"2024-02-08T18:09:09","guid":{"rendered":"https:\/\/www.bynaldis-shop.com\/?post_type=product&#038;p=7542"},"modified":"2025-10-21T16:21:02","modified_gmt":"2025-10-21T14:21:02","slug":"engel-der-versoehnung","status":"publish","type":"product","link":"https:\/\/www.bynaldis-shop.com\/?product=engel-der-versoehnung","title":{"rendered":"Engelr\u00e4ucherst\u00e4bchen \u2013 Engel der Vers\u00f6hnung"},"content":{"rendered":"<p data-start=\"123\" data-end=\"215\"><strong data-start=\"123\" data-end=\"170\">Engelr\u00e4ucherst\u00e4bchen \u2013 Engel der Vers\u00f6hnung<\/strong><br data-start=\"170\" data-end=\"173\" \/><em data-start=\"173\" data-end=\"215\">Vergebung. Herz\u00f6ffnung. Innerer Frieden.<\/em><\/p>\n<p data-start=\"217\" data-end=\"464\">Der <strong data-start=\"221\" data-end=\"245\">Engel der Vers\u00f6hnung<\/strong> bringt einen zarten Hauch von Frieden in dein Leben. Mit seinem liebevollen Wesen l\u00e4dt er dich ein, alten Schmerz loszulassen, Verletzungen zu heilen und wieder Verbindung herzustellen \u2013 mit dir selbst und mit anderen.<\/p>\n<p data-start=\"466\" data-end=\"784\">Sein sanfter Duft ber\u00fchrt das Herz auf einer tiefen Ebene:<br data-start=\"524\" data-end=\"527\" \/>\ud83c\udf38 <strong data-start=\"530\" data-end=\"540\">Jasmin<\/strong> \u00f6ffnet das Herz f\u00fcr Mitgef\u00fchl<br data-start=\"570\" data-end=\"573\" \/>\ud83c\udf39 <strong data-start=\"576\" data-end=\"584\">Rose<\/strong> bringt Sanftmut, Trost und innere Weichheit<br data-start=\"628\" data-end=\"631\" \/>\ud83c\udf3f <strong data-start=\"634\" data-end=\"643\">Loban<\/strong> (Weihrauchharz) kl\u00e4rt, reinigt und verhilft zu seelischer Klarheit<br data-start=\"710\" data-end=\"713\" \/>\ud83c\udf33 <strong data-start=\"716\" data-end=\"730\">Sandelholz<\/strong> schenkt Ruhe, Zentrierung und spirituelle Anbindung<\/p>\n<p data-start=\"786\" data-end=\"920\">Diese R\u00e4uchermischung schafft einen liebevollen Raum f\u00fcr Vergebung, Heilung und innere Vers\u00f6hnung \u2013 ein stilles Geschenk an dein Herz.<\/p>\n<p data-start=\"922\" data-end=\"1015\">\u2728 100\u202f% naturrein<br data-start=\"939\" data-end=\"942\" \/>\ud83d\udc50 In Handarbeit gefertigt<br data-start=\"968\" data-end=\"971\" \/>\ud83d\udcab Sorgf\u00e4ltig abgestimmt auf die Engelkr\u00e4fte<\/p>\n<p data-start=\"1017\" data-end=\"1084\"><strong data-start=\"1017\" data-end=\"1084\">Der Engel der Vers\u00f6hnung erinnert dich: Frieden beginnt in dir.<\/strong><\/p>\n<p data-start=\"1017\" data-end=\"1084\">Neben diesen R\u00e4ucherst\u00e4bchen gibt es bei uns noch viele weitere wundersch\u00f6ne D\u00fcfte. Einzeln oder in praktischen Packungen, die darauf warten, von dir entdeckt zu werden. Von sanft blumig bis warm und erdig ist f\u00fcr jeden Moment das Passende dabei. Und damit dein R\u00e4uchererlebnis vollkommen wird, findest du bei uns auch liebevoll gestaltete R\u00e4ucherst\u00e4bchenhalter. Ob f\u00fcr dich selbst oder als besonderes Geschenk f\u00fcr einen lieben Menschen. Unsere R\u00e4ucherst\u00e4bchen bringen Freude und Wohlgef\u00fchl in jeden Raum.<\/p>\n","protected":false},"excerpt":{"rendered":"<p>Engelr\u00e4ucherst\u00e4bchen \u2013 Engel der Vers\u00f6hnungVergebung. Herz\u00f6ffnung. Innerer Frieden. Der Engel der Vers\u00f6hnung bringt einen zarten Hauch von Frieden in dein Leben. Mit seinem liebevollen Wesen l\u00e4dt er dich ein, alten Schmerz loszulassen, Verletzungen zu heilen und wieder Verbindung herzustellen \u2013 mit dir selbst und mit anderen. Sein sanfter Duft ber\u00fchrt das Herz auf einer tiefen [&hellip;]<\/p>\n<p><a class=\"read-more\" href=\"https:\/\/www.bynaldis-shop.com\/?product=engel-der-versoehnung\">Mehr lesen<span class=\"meta-nav\">&rarr;<\/span><\/a><\/p>\n","protected":false},"featured_media":7543,"template":"","meta":[],"product_brand":[],"product_cat":[250],"product_tag":[],"class_list":{"0":"post-7542","1":"product","2":"type-product","3":"status-publish","4":"has-post-thumbnail","6":"product_cat-packung","8":"first","9":"instock","10":"taxable","11":"shipping-taxable","12":"purchasable","13":"product-type-simple"},"_links":{"self":[{"href":"https:\/\/www.bynaldis-shop.com\/index.php?rest_route=\/wp\/v2\/product\/7542","targetHints":{"allow":["GET"]}}],"collection":[{"href":"https:\/\/www.bynaldis-shop.com\/index.php?rest_route=\/wp\/v2\/product"}],"about":[{"href":"https:\/\/www.bynaldis-shop.com\/index.php?rest_route=\/wp\/v2\/types\/product"}],"wp:featuredmedia":[{"embeddable":true,"href":"https:\/\/www.bynaldis-shop.com\/index.php?rest_route=\/wp\/v2\/media\/7543"}],"wp:attachment":[{"href":"https:\/\/www.bynaldis-shop.com\/index.php?rest_route=%2Fwp%2Fv2%2Fmedia&parent=7542"}],"wp:term":[{"taxonomy":"product_brand","embeddable":true,"href":"https:\/\/www.bynaldis-shop.com\/index.php?rest_route=%2Fwp%2Fv2%2Fproduct_brand&post=7542"},{"taxonomy":"product_cat","embeddable":true,"href":"https:\/\/www.bynaldis-shop.com\/index.php?rest_route=%2Fwp%2Fv2%2Fproduct_cat&post=7542"},{"taxonomy":"product_tag","embeddable":true,"href":"https:\/\/www.bynaldis-shop.com\/index.php?rest_route=%2Fwp%2Fv2%2Fproduct_tag&post=7542"}],"curies":[{"name":"wp","href":"https:\/\/api.w.org\/{rel}","templated":true}]}}