{"id":7538,"date":"2024-02-08T19:06:08","date_gmt":"2024-02-08T18:06:08","guid":{"rendered":"https:\/\/www.bynaldis-shop.com\/?post_type=product&#038;p=7538"},"modified":"2025-10-21T16:21:20","modified_gmt":"2025-10-21T14:21:20","slug":"engel-der-fuelle","status":"publish","type":"product","link":"https:\/\/www.bynaldis-shop.com\/?product=engel-der-fuelle","title":{"rendered":"Engelr\u00e4ucherst\u00e4bchen \u2013 Engel der F\u00fclle"},"content":{"rendered":"<p data-start=\"123\" data-end=\"210\"><strong data-start=\"123\" data-end=\"165\">Engelr\u00e4ucherst\u00e4bchen \u2013 Engel der F\u00fclle<\/strong><br data-start=\"165\" data-end=\"168\" \/><em data-start=\"168\" data-end=\"210\">Dankbarkeit. Reichtum. Inneres Erbl\u00fchen.<\/em><\/p>\n<p data-start=\"212\" data-end=\"450\">Der <strong data-start=\"216\" data-end=\"235\">Engel der F\u00fclle<\/strong> l\u00e4dt dich ein, den Reichtum deines Lebens zu erkennen \u2013 im Innen wie im Au\u00dfen. Seine kraftvolle, sanfte Energie \u00f6ffnet dein Herz f\u00fcr Dankbarkeit, l\u00e4sst F\u00fclle flie\u00dfen und macht dir bewusst: Du bist bereits gesegnet.<\/p>\n<p data-start=\"452\" data-end=\"750\">Die warme, balsamische Duftmischung tr\u00e4gt dich in einen Raum innerer F\u00fclle:<br data-start=\"527\" data-end=\"530\" \/>\ud83c\udf3f <strong data-start=\"533\" data-end=\"544\">Vetiver<\/strong> erdet und st\u00e4rkt dein Vertrauen<br data-start=\"576\" data-end=\"579\" \/>\ud83c\udf38 <strong data-start=\"582\" data-end=\"592\">Jasmin<\/strong> entfaltet pure Herzensfreude und Anziehungskraft<br data-start=\"641\" data-end=\"644\" \/>\ud83c\udf33 <strong data-start=\"647\" data-end=\"661\">Sandelholz<\/strong> beruhigt und bringt Tiefe<br data-start=\"687\" data-end=\"690\" \/>\ud83c\udf30 <strong data-start=\"693\" data-end=\"703\">Myrrhe<\/strong> verbindet dich mit deiner inneren Schatzkammer<\/p>\n<p data-start=\"752\" data-end=\"906\">Diese R\u00e4ucherst\u00e4bchen sind ein liebevoller Begleiter f\u00fcr Rituale rund um Dankbarkeit, Manifestation und Selbstwert \u2013 ein Duft wie ein segensreicher Segen.<\/p>\n<p data-start=\"908\" data-end=\"1039\">\u2728 100\u202f% naturrein<br data-start=\"925\" data-end=\"928\" \/>\ud83d\udcab Von Hand gerollt mit ausgesuchten, hochwertigen Zutaten<br data-start=\"986\" data-end=\"989\" \/>\ud83c\udf1f F\u00fcr alle, die F\u00fclle leben und empfangen m\u00f6chten<\/p>\n<p data-start=\"1041\" data-end=\"1121\"><strong data-start=\"1041\" data-end=\"1121\">Der Engel der F\u00fclle erinnert dich: Alles, was du suchst, ist bereits in dir.<\/strong><\/p>\n<p data-start=\"1041\" data-end=\"1121\">Neben diesen R\u00e4ucherst\u00e4bchen gibt es bei uns noch viele weitere wundersch\u00f6ne D\u00fcfte. Einzeln oder in praktischen Packungen, die darauf warten, von dir entdeckt zu werden. Von sanft blumig bis warm und erdig ist f\u00fcr jeden Moment das Passende dabei. Und damit dein R\u00e4uchererlebnis vollkommen wird, findest du bei uns auch liebevoll gestaltete R\u00e4ucherst\u00e4bchenhalter. Ob f\u00fcr dich selbst oder als besonderes Geschenk f\u00fcr einen lieben Menschen. Unsere R\u00e4ucherst\u00e4bchen bringen Freude und Wohlgef\u00fchl in jeden Raum.<\/p>\n","protected":false},"excerpt":{"rendered":"<p>Engelr\u00e4ucherst\u00e4bchen \u2013 Engel der F\u00fclleDankbarkeit. Reichtum. Inneres Erbl\u00fchen. Der Engel der F\u00fclle l\u00e4dt dich ein, den Reichtum deines Lebens zu erkennen \u2013 im Innen wie im Au\u00dfen. Seine kraftvolle, sanfte Energie \u00f6ffnet dein Herz f\u00fcr Dankbarkeit, l\u00e4sst F\u00fclle flie\u00dfen und macht dir bewusst: Du bist bereits gesegnet. Die warme, balsamische Duftmischung tr\u00e4gt dich in einen [&hellip;]<\/p>\n<p><a class=\"read-more\" href=\"https:\/\/www.bynaldis-shop.com\/?product=engel-der-fuelle\">Mehr lesen<span class=\"meta-nav\">&rarr;<\/span><\/a><\/p>\n","protected":false},"featured_media":7539,"template":"","meta":[],"product_brand":[],"product_cat":[250],"product_tag":[],"class_list":{"0":"post-7538","1":"product","2":"type-product","3":"status-publish","4":"has-post-thumbnail","6":"product_cat-packung","8":"first","9":"instock","10":"taxable","11":"shipping-taxable","12":"purchasable","13":"product-type-simple"},"_links":{"self":[{"href":"https:\/\/www.bynaldis-shop.com\/index.php?rest_route=\/wp\/v2\/product\/7538","targetHints":{"allow":["GET"]}}],"collection":[{"href":"https:\/\/www.bynaldis-shop.com\/index.php?rest_route=\/wp\/v2\/product"}],"about":[{"href":"https:\/\/www.bynaldis-shop.com\/index.php?rest_route=\/wp\/v2\/types\/product"}],"wp:featuredmedia":[{"embeddable":true,"href":"https:\/\/www.bynaldis-shop.com\/index.php?rest_route=\/wp\/v2\/media\/7539"}],"wp:attachment":[{"href":"https:\/\/www.bynaldis-shop.com\/index.php?rest_route=%2Fwp%2Fv2%2Fmedia&parent=7538"}],"wp:term":[{"taxonomy":"product_brand","embeddable":true,"href":"https:\/\/www.bynaldis-shop.com\/index.php?rest_route=%2Fwp%2Fv2%2Fproduct_brand&post=7538"},{"taxonomy":"product_cat","embeddable":true,"href":"https:\/\/www.bynaldis-shop.com\/index.php?rest_route=%2Fwp%2Fv2%2Fproduct_cat&post=7538"},{"taxonomy":"product_tag","embeddable":true,"href":"https:\/\/www.bynaldis-shop.com\/index.php?rest_route=%2Fwp%2Fv2%2Fproduct_tag&post=7538"}],"curies":[{"name":"wp","href":"https:\/\/api.w.org\/{rel}","templated":true}]}}