{"id":7534,"date":"2024-02-08T19:03:13","date_gmt":"2024-02-08T18:03:13","guid":{"rendered":"https:\/\/www.bynaldis-shop.com\/?post_type=product&#038;p=7534"},"modified":"2025-10-21T16:21:39","modified_gmt":"2025-10-21T14:21:39","slug":"engel-der-liebe","status":"publish","type":"product","link":"https:\/\/www.bynaldis-shop.com\/?product=engel-der-liebe","title":{"rendered":"Engelr\u00e4ucherst\u00e4bchen \u2013 Engel der Liebe"},"content":{"rendered":"<p data-start=\"131\" data-end=\"223\"><strong data-start=\"131\" data-end=\"173\">Engelr\u00e4ucherst\u00e4bchen \u2013 Engel der Liebe<\/strong><br data-start=\"173\" data-end=\"176\" \/><em data-start=\"176\" data-end=\"223\">Herzensw\u00e4rme. Geborgenheit. Tiefe Verbindung.<\/em><\/p>\n<p data-start=\"225\" data-end=\"479\">Der <strong data-start=\"229\" data-end=\"248\">Engel der Liebe<\/strong> ber\u00fchrt dein Herz mit der Kraft der bedingungslosen Liebe \u2013 still, heilsam und weit. In seiner Gegenwart darf dein Herz weich werden, du darfst loslassen, vergeben und dich tief mit dir selbst und allem, was ist, verbunden f\u00fchlen.<\/p>\n<p data-start=\"481\" data-end=\"785\">Die Duftkomposition ist warm, sinnlich und umh\u00fcllend:<br data-start=\"534\" data-end=\"537\" \/>\ud83c\udf39 <strong data-start=\"540\" data-end=\"548\">Rose<\/strong> \u00f6ffnet das Herz f\u00fcr Liebe und Mitgef\u00fchl<br data-start=\"588\" data-end=\"591\" \/>\ud83c\udf3f <strong data-start=\"594\" data-end=\"604\">Styrax<\/strong> schenkt Geborgenheit und innere Sanftheit<br data-start=\"646\" data-end=\"649\" \/>\ud83c\udf33 <strong data-start=\"652\" data-end=\"666\">Sandelholz<\/strong> erdet und beruhigt<br data-start=\"685\" data-end=\"688\" \/>\ud83d\udd6f\ufe0f <strong data-start=\"692\" data-end=\"702\">Zimt\u00f6l<\/strong> w\u00e4rmt die Seele und bringt Freude<br data-start=\"736\" data-end=\"739\" \/>\ud83c\udf1f <strong data-start=\"742\" data-end=\"754\">Olibanum<\/strong> (Weihrauch) erhebt und reinigt<\/p>\n<p data-start=\"787\" data-end=\"968\">Diese handgerollten, naturreinen R\u00e4ucherst\u00e4bchen begleiten dich bei Herz\u00f6ffnungsritualen, in der Meditation oder immer dann, wenn du Liebe \u2013 in all ihren Formen \u2013 einladen m\u00f6chtest.<\/p>\n<p data-start=\"970\" data-end=\"1080\">\u2728 100\u202f% naturrein<br data-start=\"987\" data-end=\"990\" \/>\ud83c\udf38 Von Hand gefertigt nach eigener Rezeptur<br data-start=\"1033\" data-end=\"1036\" \/>\ud83d\udc96 Ein Duft wie eine Umarmung deiner Seele<\/p>\n<p data-start=\"1082\" data-end=\"1151\"><strong data-start=\"1082\" data-end=\"1151\">Der Engel der Liebe erinnert dich daran: Du bist geliebt \u2013 immer.<\/strong><\/p>\n<p data-start=\"1082\" data-end=\"1151\">Neben diesen R\u00e4ucherst\u00e4bchen gibt es bei uns noch viele weitere wundersch\u00f6ne D\u00fcfte. Einzeln oder in praktischen Packungen, die darauf warten, von dir entdeckt zu werden. Von sanft blumig bis warm und erdig ist f\u00fcr jeden Moment das Passende dabei. Und damit dein R\u00e4uchererlebnis vollkommen wird, findest du bei uns auch liebevoll gestaltete R\u00e4ucherst\u00e4bchenhalter. Ob f\u00fcr dich selbst oder als besonderes Geschenk f\u00fcr einen lieben Menschen. Unsere R\u00e4ucherst\u00e4bchen bringen Freude und Wohlgef\u00fchl in jeden Raum.<\/p>\n","protected":false},"excerpt":{"rendered":"<p>Engelr\u00e4ucherst\u00e4bchen \u2013 Engel der LiebeHerzensw\u00e4rme. Geborgenheit. Tiefe Verbindung. Der Engel der Liebe ber\u00fchrt dein Herz mit der Kraft der bedingungslosen Liebe \u2013 still, heilsam und weit. In seiner Gegenwart darf dein Herz weich werden, du darfst loslassen, vergeben und dich tief mit dir selbst und allem, was ist, verbunden f\u00fchlen. Die Duftkomposition ist warm, sinnlich [&hellip;]<\/p>\n<p><a class=\"read-more\" href=\"https:\/\/www.bynaldis-shop.com\/?product=engel-der-liebe\">Mehr lesen<span class=\"meta-nav\">&rarr;<\/span><\/a><\/p>\n","protected":false},"featured_media":7535,"template":"","meta":[],"product_brand":[],"product_cat":[250],"product_tag":[],"class_list":{"0":"post-7534","1":"product","2":"type-product","3":"status-publish","4":"has-post-thumbnail","6":"product_cat-packung","8":"first","9":"instock","10":"taxable","11":"shipping-taxable","12":"purchasable","13":"product-type-simple"},"_links":{"self":[{"href":"https:\/\/www.bynaldis-shop.com\/index.php?rest_route=\/wp\/v2\/product\/7534","targetHints":{"allow":["GET"]}}],"collection":[{"href":"https:\/\/www.bynaldis-shop.com\/index.php?rest_route=\/wp\/v2\/product"}],"about":[{"href":"https:\/\/www.bynaldis-shop.com\/index.php?rest_route=\/wp\/v2\/types\/product"}],"wp:featuredmedia":[{"embeddable":true,"href":"https:\/\/www.bynaldis-shop.com\/index.php?rest_route=\/wp\/v2\/media\/7535"}],"wp:attachment":[{"href":"https:\/\/www.bynaldis-shop.com\/index.php?rest_route=%2Fwp%2Fv2%2Fmedia&parent=7534"}],"wp:term":[{"taxonomy":"product_brand","embeddable":true,"href":"https:\/\/www.bynaldis-shop.com\/index.php?rest_route=%2Fwp%2Fv2%2Fproduct_brand&post=7534"},{"taxonomy":"product_cat","embeddable":true,"href":"https:\/\/www.bynaldis-shop.com\/index.php?rest_route=%2Fwp%2Fv2%2Fproduct_cat&post=7534"},{"taxonomy":"product_tag","embeddable":true,"href":"https:\/\/www.bynaldis-shop.com\/index.php?rest_route=%2Fwp%2Fv2%2Fproduct_tag&post=7534"}],"curies":[{"name":"wp","href":"https:\/\/api.w.org\/{rel}","templated":true}]}}