{"id":7520,"date":"2024-02-08T18:47:32","date_gmt":"2024-02-08T17:47:32","guid":{"rendered":"https:\/\/www.bynaldis-shop.com\/?post_type=product&#038;p=7520"},"modified":"2025-10-21T16:25:12","modified_gmt":"2025-10-21T14:25:12","slug":"chakra-je-2-stueck","status":"publish","type":"product","link":"https:\/\/www.bynaldis-shop.com\/?product=chakra-je-2-stueck","title":{"rendered":"Chakra R\u00e4ucherst\u00e4bchen-Set \u2013 7 D\u00fcfte f\u00fcr 7 Energiezentren"},"content":{"rendered":"<p data-start=\"185\" data-end=\"246\"><strong data-start=\"185\" data-end=\"246\">Chakra R\u00e4ucherst\u00e4bchen-Set \u2013 7 D\u00fcfte f\u00fcr 7 Energiezentren<\/strong><\/p>\n<p data-start=\"248\" data-end=\"414\">In dieser liebevoll zusammengestellten Packung findest du je <strong data-start=\"309\" data-end=\"354\">2 R\u00e4ucherst\u00e4bchen f\u00fcr jedes der 7 Chakren<\/strong> \u2013 insgesamt 14 St\u00fcck feinster, handgerollter Pflanzenkraft.<\/p>\n<p data-start=\"416\" data-end=\"778\">Nach dem Auslaufen unserer bisherigen Serie haben wir all unser Wissen geb\u00fcndelt und f\u00fcr jedes Chakra eine eigene Rezeptur aus <strong data-start=\"543\" data-end=\"622\">naturbelassenen Kr\u00e4utern, Bl\u00fcten, Wurzeln und 100\u202f% reinen \u00e4therischen \u00d6len<\/strong> entwickelt. Die Zutaten wurden sorgf\u00e4ltig ausgew\u00e4hlt, achtsam verarbeitet und zu einem Teig gerollt, der in reiner Handarbeit seine kraftvolle Form erh\u00e4lt.<\/p>\n<p data-start=\"780\" data-end=\"1029\">Diese R\u00e4ucherst\u00e4bchen dienen der <strong data-start=\"813\" data-end=\"873\">Aktivierung, Reinigung und Harmonisierung deiner Chakren<\/strong> \u2013 sie unterst\u00fctzen dich darin, Blockaden zu l\u00f6sen, dein inneres Gleichgewicht zu st\u00e4rken und die Verbindung zu deinen feinstofflichen K\u00f6rpern zu vertiefen.<\/p>\n<p data-start=\"1031\" data-end=\"1219\">\u2728 Enthalten: 7 Sorten \u00e0 2 St\u00e4bchen (14 St\u00fcck)<br data-start=\"1076\" data-end=\"1079\" \/>\ud83c\udf3f 100\u202f% nat\u00fcrliche Zutaten &amp; \u00e4therische \u00d6le<br data-start=\"1123\" data-end=\"1126\" \/>\ud83c\udf00 Glimmdauer: ca. 30\u201360 Minuten<br data-start=\"1158\" data-end=\"1161\" \/>\ud83d\udc9b Unterst\u00fctzt \u00d6ffnung &amp; Ausgleich der sieben Hauptchakren<\/p>\n<p data-start=\"1221\" data-end=\"1305\"><strong data-start=\"1221\" data-end=\"1305\">Ein sanfter Duftweg zu mehr Bewusstsein, innerer Balance und spiritueller Tiefe.<\/strong><\/p>\n<p data-start=\"1221\" data-end=\"1305\">Neben diesen R\u00e4ucherst\u00e4bchen gibt es bei uns noch viele weitere wundersch\u00f6ne D\u00fcfte. Einzeln oder in praktischen Packungen, die darauf warten, von dir entdeckt zu werden. Von sanft blumig bis warm und erdig ist f\u00fcr jeden Moment das Passende dabei. Und damit dein R\u00e4uchererlebnis vollkommen wird, findest du bei uns auch liebevoll gestaltete R\u00e4ucherst\u00e4bchenhalter. Ob f\u00fcr dich selbst oder als besonderes Geschenk f\u00fcr einen lieben Menschen. Unsere R\u00e4ucherst\u00e4bchen bringen Freude und Wohlgef\u00fchl in jeden Raum.<\/p>\n<p>&nbsp;<\/p>\n","protected":false},"excerpt":{"rendered":"<p>Chakra R\u00e4ucherst\u00e4bchen-Set \u2013 7 D\u00fcfte f\u00fcr 7 Energiezentren In dieser liebevoll zusammengestellten Packung findest du je 2 R\u00e4ucherst\u00e4bchen f\u00fcr jedes der 7 Chakren \u2013 insgesamt 14 St\u00fcck feinster, handgerollter Pflanzenkraft. Nach dem Auslaufen unserer bisherigen Serie haben wir all unser Wissen geb\u00fcndelt und f\u00fcr jedes Chakra eine eigene Rezeptur aus naturbelassenen Kr\u00e4utern, Bl\u00fcten, Wurzeln und [&hellip;]<\/p>\n<p><a class=\"read-more\" href=\"https:\/\/www.bynaldis-shop.com\/?product=chakra-je-2-stueck\">Mehr lesen<span class=\"meta-nav\">&rarr;<\/span><\/a><\/p>\n","protected":false},"featured_media":9034,"template":"","meta":[],"product_brand":[],"product_cat":[250],"product_tag":[],"class_list":{"0":"post-7520","1":"product","2":"type-product","3":"status-publish","4":"has-post-thumbnail","6":"product_cat-packung","8":"first","9":"instock","10":"taxable","11":"shipping-taxable","12":"purchasable","13":"product-type-simple"},"_links":{"self":[{"href":"https:\/\/www.bynaldis-shop.com\/index.php?rest_route=\/wp\/v2\/product\/7520","targetHints":{"allow":["GET"]}}],"collection":[{"href":"https:\/\/www.bynaldis-shop.com\/index.php?rest_route=\/wp\/v2\/product"}],"about":[{"href":"https:\/\/www.bynaldis-shop.com\/index.php?rest_route=\/wp\/v2\/types\/product"}],"wp:featuredmedia":[{"embeddable":true,"href":"https:\/\/www.bynaldis-shop.com\/index.php?rest_route=\/wp\/v2\/media\/9034"}],"wp:attachment":[{"href":"https:\/\/www.bynaldis-shop.com\/index.php?rest_route=%2Fwp%2Fv2%2Fmedia&parent=7520"}],"wp:term":[{"taxonomy":"product_brand","embeddable":true,"href":"https:\/\/www.bynaldis-shop.com\/index.php?rest_route=%2Fwp%2Fv2%2Fproduct_brand&post=7520"},{"taxonomy":"product_cat","embeddable":true,"href":"https:\/\/www.bynaldis-shop.com\/index.php?rest_route=%2Fwp%2Fv2%2Fproduct_cat&post=7520"},{"taxonomy":"product_tag","embeddable":true,"href":"https:\/\/www.bynaldis-shop.com\/index.php?rest_route=%2Fwp%2Fv2%2Fproduct_tag&post=7520"}],"curies":[{"name":"wp","href":"https:\/\/api.w.org\/{rel}","templated":true}]}}