{"id":7418,"date":"2024-01-20T16:23:57","date_gmt":"2024-01-20T15:23:57","guid":{"rendered":"https:\/\/www.bynaldis-shop.com\/?post_type=product&#038;p=7418"},"modified":"2025-10-14T12:25:00","modified_gmt":"2025-10-14T10:25:00","slug":"eierbecher","status":"publish","type":"product","link":"https:\/\/www.bynaldis-shop.com\/?product=eierbecher","title":{"rendered":"Hasen-Eierbecher aus Mangoholz \u2013 Nat\u00fcrlich charmant ins Osterfr\u00fchst\u00fcck"},"content":{"rendered":"<p data-start=\"159\" data-end=\"233\"><strong data-start=\"159\" data-end=\"233\">Hasen-Eierbecher aus Mangoholz \u2013 Nat\u00fcrlich charmant ins Osterfr\u00fchst\u00fcck<\/strong><\/p>\n<p data-start=\"235\" data-end=\"488\">Dieser handgefertigte <strong data-start=\"257\" data-end=\"284\">Eierbecher in Hasenform<\/strong> bringt ganz viel Herz und W\u00e4rme auf den Fr\u00fchst\u00fcckstisch. Aus <strong data-start=\"346\" data-end=\"371\">nat\u00fcrlichem Mangoholz<\/strong> gefertigt, vereint er liebevolles Design mit zeitloser Nat\u00fcrlichkeit \u2013 perfekt f\u00fcr die Osterzeit und dar\u00fcber hinaus.<\/p>\n<p data-start=\"490\" data-end=\"682\">Ob als kleine Aufmerksamkeit, Tischdeko oder einfach f\u00fcr den eigenen Fr\u00fchst\u00fccksgenuss: Der charmante Holz-Hase zaubert ein L\u00e4cheln auf jedes Gesicht und macht jedes Fr\u00fchst\u00fccksei zum Hingucker.<\/p>\n<p data-start=\"684\" data-end=\"834\">\ud83d\udc30 <strong data-start=\"687\" data-end=\"700\">Material:<\/strong> Mangoholz, Ma\u00dfe: 5 \u00d7 2 \u00d7 10\u202fcm<br data-start=\"731\" data-end=\"734\" \/>\ud83c\udf3f <strong data-start=\"737\" data-end=\"754\">Handgefertigt<\/strong> \u2013 jedes St\u00fcck ist ein Unikat<br data-start=\"783\" data-end=\"786\" \/>\ud83c\udf81 Ideal zum Verschenken oder gemeinsam Genie\u00dfen<\/p>\n<p data-start=\"836\" data-end=\"932\"><strong data-start=\"836\" data-end=\"932\">Bestell gleich f\u00fcr deine Lieben mit \u2013 und lasst euch das Hasenfr\u00fchst\u00fcck gemeinsam schmecken!<\/strong><\/p>\n","protected":false},"excerpt":{"rendered":"<p>Hasen-Eierbecher aus Mangoholz \u2013 Nat\u00fcrlich charmant ins Osterfr\u00fchst\u00fcck Dieser handgefertigte Eierbecher in Hasenform bringt ganz viel Herz und W\u00e4rme auf den Fr\u00fchst\u00fcckstisch. Aus nat\u00fcrlichem Mangoholz gefertigt, vereint er liebevolles Design mit zeitloser Nat\u00fcrlichkeit \u2013 perfekt f\u00fcr die Osterzeit und dar\u00fcber hinaus. Ob als kleine Aufmerksamkeit, Tischdeko oder einfach f\u00fcr den eigenen Fr\u00fchst\u00fccksgenuss: Der charmante Holz-Hase [&hellip;]<\/p>\n<p><a class=\"read-more\" href=\"https:\/\/www.bynaldis-shop.com\/?product=eierbecher\">Mehr lesen<span class=\"meta-nav\">&rarr;<\/span><\/a><\/p>\n","protected":false},"featured_media":7419,"template":"","meta":[],"product_brand":[],"product_cat":[211],"product_tag":[],"class_list":{"0":"post-7418","1":"product","2":"type-product","3":"status-publish","4":"has-post-thumbnail","6":"product_cat-ostern","8":"first","9":"instock","10":"taxable","11":"shipping-taxable","12":"purchasable","13":"product-type-simple"},"_links":{"self":[{"href":"https:\/\/www.bynaldis-shop.com\/index.php?rest_route=\/wp\/v2\/product\/7418","targetHints":{"allow":["GET"]}}],"collection":[{"href":"https:\/\/www.bynaldis-shop.com\/index.php?rest_route=\/wp\/v2\/product"}],"about":[{"href":"https:\/\/www.bynaldis-shop.com\/index.php?rest_route=\/wp\/v2\/types\/product"}],"wp:featuredmedia":[{"embeddable":true,"href":"https:\/\/www.bynaldis-shop.com\/index.php?rest_route=\/wp\/v2\/media\/7419"}],"wp:attachment":[{"href":"https:\/\/www.bynaldis-shop.com\/index.php?rest_route=%2Fwp%2Fv2%2Fmedia&parent=7418"}],"wp:term":[{"taxonomy":"product_brand","embeddable":true,"href":"https:\/\/www.bynaldis-shop.com\/index.php?rest_route=%2Fwp%2Fv2%2Fproduct_brand&post=7418"},{"taxonomy":"product_cat","embeddable":true,"href":"https:\/\/www.bynaldis-shop.com\/index.php?rest_route=%2Fwp%2Fv2%2Fproduct_cat&post=7418"},{"taxonomy":"product_tag","embeddable":true,"href":"https:\/\/www.bynaldis-shop.com\/index.php?rest_route=%2Fwp%2Fv2%2Fproduct_tag&post=7418"}],"curies":[{"name":"wp","href":"https:\/\/api.w.org\/{rel}","templated":true}]}}