{"id":3714,"date":"2020-11-23T10:37:55","date_gmt":"2020-11-23T09:37:55","guid":{"rendered":"https:\/\/www.bynaldis-shop.com\/?post_type=product&#038;p=3714"},"modified":"2025-10-28T11:58:27","modified_gmt":"2025-10-28T10:58:27","slug":"raecherstoevchen-blume","status":"publish","type":"product","link":"https:\/\/www.bynaldis-shop.com\/?product=raecherstoevchen-blume","title":{"rendered":"R\u00e4ucherst\u00f6vchen &#8211; Blume"},"content":{"rendered":"<p>Dieses besondere R\u00e4ucherst\u00f6vchen aus Ton begeistert mit seiner Einfachheit. Es ist ideal f\u00fcr die Beduftung in R\u00e4umen. Einfach ein Teelicht anz\u00fcnden und oben auf das Sieb R\u00e4uchermischungen oder einzelne Harze und Kr\u00e4uter legen. Die Kraft der Kr\u00e4uter mit all ihrer Wirkung genie\u00dfen und so eine Harmonie in seine R\u00e4ume und sich selbst bringen. Eventuell zwischendurch verbrannte Kr\u00e4uter entfernen und neue dazulegen. Nach Beendigung der R\u00e4ucherung das Sieb mit der kleinen B\u00fcrste reinigen. B\u00fcrste und Sieb sind jederzeit einzeln nachkaufbar.<\/p>\n<p>Genie\u00dfe die Kraft der Kr\u00e4uter und lass Dich ein auf Deine eigene ganz besondere Duftreise.<\/p>\n<p>H\u00f6he 8,5 cm, Durchmesser ca. 8 cm, R\u00e4uchersieb Durchmesser 6 cm<\/p>\n","protected":false},"excerpt":{"rendered":"<p>Dieses besondere R\u00e4ucherst\u00f6vchen aus Ton begeistert mit seiner Einfachheit. Es ist ideal f\u00fcr die Beduftung in R\u00e4umen. Einfach ein Teelicht anz\u00fcnden und oben auf das Sieb R\u00e4uchermischungen oder einzelne Harze und Kr\u00e4uter legen. Die Kraft der Kr\u00e4uter mit all ihrer Wirkung genie\u00dfen und so eine Harmonie in seine R\u00e4ume und sich selbst bringen. Eventuell zwischendurch [&hellip;]<\/p>\n<p><a class=\"read-more\" href=\"https:\/\/www.bynaldis-shop.com\/?product=raecherstoevchen-blume\">Mehr lesen<span class=\"meta-nav\">&rarr;<\/span><\/a><\/p>\n","protected":false},"featured_media":7838,"template":"","meta":[],"product_brand":[],"product_cat":[197],"product_tag":[],"class_list":{"0":"post-3714","1":"product","2":"type-product","3":"status-publish","4":"has-post-thumbnail","6":"product_cat-raeucherzubehoer","8":"first","9":"instock","10":"taxable","11":"shipping-taxable","12":"purchasable","13":"product-type-simple"},"_links":{"self":[{"href":"https:\/\/www.bynaldis-shop.com\/index.php?rest_route=\/wp\/v2\/product\/3714","targetHints":{"allow":["GET"]}}],"collection":[{"href":"https:\/\/www.bynaldis-shop.com\/index.php?rest_route=\/wp\/v2\/product"}],"about":[{"href":"https:\/\/www.bynaldis-shop.com\/index.php?rest_route=\/wp\/v2\/types\/product"}],"wp:featuredmedia":[{"embeddable":true,"href":"https:\/\/www.bynaldis-shop.com\/index.php?rest_route=\/wp\/v2\/media\/7838"}],"wp:attachment":[{"href":"https:\/\/www.bynaldis-shop.com\/index.php?rest_route=%2Fwp%2Fv2%2Fmedia&parent=3714"}],"wp:term":[{"taxonomy":"product_brand","embeddable":true,"href":"https:\/\/www.bynaldis-shop.com\/index.php?rest_route=%2Fwp%2Fv2%2Fproduct_brand&post=3714"},{"taxonomy":"product_cat","embeddable":true,"href":"https:\/\/www.bynaldis-shop.com\/index.php?rest_route=%2Fwp%2Fv2%2Fproduct_cat&post=3714"},{"taxonomy":"product_tag","embeddable":true,"href":"https:\/\/www.bynaldis-shop.com\/index.php?rest_route=%2Fwp%2Fv2%2Fproduct_tag&post=3714"}],"curies":[{"name":"wp","href":"https:\/\/api.w.org\/{rel}","templated":true}]}}