{"id":2817,"date":"2020-03-30T10:21:04","date_gmt":"2020-03-30T08:21:04","guid":{"rendered":"https:\/\/www.bynaldis-shop.com\/?post_type=product&#038;p=2817"},"modified":"2025-10-28T12:04:53","modified_gmt":"2025-10-28T11:04:53","slug":"kohle-gross","status":"publish","type":"product","link":"https:\/\/www.bynaldis-shop.com\/?product=kohle-gross","title":{"rendered":"Kohle &#8211; gro\u00df"},"content":{"rendered":"<p>Schnellz\u00fcnderkohle f\u00fcr besondere Augenblicke und Zeremonien. Vielleicht auch f\u00fcr einen besonderen Heilkreis oder f\u00fcr ein Loslass Thema Deines Wunsches. Die Kohle entweder auf ein Kohlesiebgef\u00e4\u00df legen oder direkt in ein Gef\u00e4\u00df mit viel Sand. Einfach anz\u00fcnden, vielleicht auch an mehreren Stellen &#8211; je nach Kohlegr\u00f6\u00dfe und schon z\u00fcndet sich die Kohle mit all ihrer Feuerkraft selbst durch. Bestens geeignet f\u00fcr lose Kr\u00e4uter oder R\u00e4uchermischungen. Die Kohle erlischt nach ca. 1,5 h von selbst. Ein besonderes Geschenk, um so die Kraft der Pflanzengeister intensiv zu sp\u00fcren.<\/p>\n<p>\u00d8 5 cm, 1 Rolle \u00e0 10 Kohlest\u00fccke<\/p>\n","protected":false},"excerpt":{"rendered":"<p>Schnellz\u00fcnderkohle f\u00fcr besondere Augenblicke und Zeremonien. Vielleicht auch f\u00fcr einen besonderen Heilkreis oder f\u00fcr ein Loslass Thema Deines Wunsches. Die Kohle entweder auf ein Kohlesiebgef\u00e4\u00df legen oder direkt in ein Gef\u00e4\u00df mit viel Sand. Einfach anz\u00fcnden, vielleicht auch an mehreren Stellen &#8211; je nach Kohlegr\u00f6\u00dfe und schon z\u00fcndet sich die Kohle mit all ihrer Feuerkraft [&hellip;]<\/p>\n<p><a class=\"read-more\" href=\"https:\/\/www.bynaldis-shop.com\/?product=kohle-gross\">Mehr lesen<span class=\"meta-nav\">&rarr;<\/span><\/a><\/p>\n","protected":false},"featured_media":7848,"template":"","meta":[],"product_brand":[],"product_cat":[197],"product_tag":[],"class_list":{"0":"post-2817","1":"product","2":"type-product","3":"status-publish","4":"has-post-thumbnail","6":"product_cat-raeucherzubehoer","8":"first","9":"instock","10":"taxable","11":"shipping-taxable","12":"purchasable","13":"product-type-simple"},"_links":{"self":[{"href":"https:\/\/www.bynaldis-shop.com\/index.php?rest_route=\/wp\/v2\/product\/2817","targetHints":{"allow":["GET"]}}],"collection":[{"href":"https:\/\/www.bynaldis-shop.com\/index.php?rest_route=\/wp\/v2\/product"}],"about":[{"href":"https:\/\/www.bynaldis-shop.com\/index.php?rest_route=\/wp\/v2\/types\/product"}],"wp:featuredmedia":[{"embeddable":true,"href":"https:\/\/www.bynaldis-shop.com\/index.php?rest_route=\/wp\/v2\/media\/7848"}],"wp:attachment":[{"href":"https:\/\/www.bynaldis-shop.com\/index.php?rest_route=%2Fwp%2Fv2%2Fmedia&parent=2817"}],"wp:term":[{"taxonomy":"product_brand","embeddable":true,"href":"https:\/\/www.bynaldis-shop.com\/index.php?rest_route=%2Fwp%2Fv2%2Fproduct_brand&post=2817"},{"taxonomy":"product_cat","embeddable":true,"href":"https:\/\/www.bynaldis-shop.com\/index.php?rest_route=%2Fwp%2Fv2%2Fproduct_cat&post=2817"},{"taxonomy":"product_tag","embeddable":true,"href":"https:\/\/www.bynaldis-shop.com\/index.php?rest_route=%2Fwp%2Fv2%2Fproduct_tag&post=2817"}],"curies":[{"name":"wp","href":"https:\/\/api.w.org\/{rel}","templated":true}]}}