{"id":1606,"date":"2018-11-07T12:58:58","date_gmt":"2018-11-07T11:58:58","guid":{"rendered":"https:\/\/www.bynaldis-shop.com\/?post_type=product&#038;p=1606"},"modified":"2025-10-14T11:03:57","modified_gmt":"2025-10-14T09:03:57","slug":"krafttiere","status":"publish","type":"product","link":"https:\/\/www.bynaldis-shop.com\/?product=krafttiere","title":{"rendered":"Buch Krafttiere von Jeanne Ruland"},"content":{"rendered":"<p data-start=\"192\" data-end=\"365\">In einer Welt voller Stimmen spricht das Krafttier die Sprache Deiner Seele. Es tritt aus dem Verborgenen hervor, wenn Du bereit bist, zu lauschen \u2013 leise, kraftvoll, uralt.<\/p>\n<p data-start=\"367\" data-end=\"617\">Es erinnert Dich an das, was Du l\u00e4ngst bist: wild und frei, verwurzelt und gef\u00fchrt. Es bringt Dir Weisheit aus anderen Welten, zeigt Dir Wege durch Nebel und Nacht. Es schenkt Dir Mut, Deine Wahrheit zu leben \u2013 sanft oder mit der Kraft eines Sturmes.<\/p>\n<p data-start=\"619\" data-end=\"849\">Wenn Dein Krafttier Dich ruft, halte inne. Sp\u00fcre seine N\u00e4he. Es ist nicht au\u00dferhalb von Dir \u2013 es ist ein Teil von Dir. Eine Erinnerung daran, dass Du getragen bist. Besch\u00fctzt. Und verbunden \u2013 mit allem, was war, ist und sein wird.<\/p>\n<p data-start=\"619\" data-end=\"849\">\u00dcber 100 Tiere warten auf Dich auf 300 Seiten<\/p>\n<p data-start=\"619\" data-end=\"849\">Entdecke in unserem Shop auch viele weitere spannende B\u00fccher zur Herzensliebe, Kinder, R\u00e4ucherstoffen, Ritualen, Naturwissen und Spiritualit\u00e4t. Jedes einzelne liebevoll gestaltet, um dich auf deinem pers\u00f6nlichen Weg zu begleiten und zu inspirieren.<\/p>\n","protected":false},"excerpt":{"rendered":"<p>In einer Welt voller Stimmen spricht das Krafttier die Sprache Deiner Seele. Es tritt aus dem Verborgenen hervor, wenn Du bereit bist, zu lauschen \u2013 leise, kraftvoll, uralt. Es erinnert Dich an das, was Du l\u00e4ngst bist: wild und frei, verwurzelt und gef\u00fchrt. Es bringt Dir Weisheit aus anderen Welten, zeigt Dir Wege durch Nebel [&hellip;]<\/p>\n<p><a class=\"read-more\" href=\"https:\/\/www.bynaldis-shop.com\/?product=krafttiere\">Mehr lesen<span class=\"meta-nav\">&rarr;<\/span><\/a><\/p>\n","protected":false},"featured_media":5185,"template":"","meta":[],"product_brand":[],"product_cat":[87],"product_tag":[],"class_list":{"0":"post-1606","1":"product","2":"type-product","3":"status-publish","4":"has-post-thumbnail","6":"product_cat-buecher","8":"first","9":"instock","10":"taxable","11":"shipping-taxable","12":"purchasable","13":"product-type-simple"},"_links":{"self":[{"href":"https:\/\/www.bynaldis-shop.com\/index.php?rest_route=\/wp\/v2\/product\/1606","targetHints":{"allow":["GET"]}}],"collection":[{"href":"https:\/\/www.bynaldis-shop.com\/index.php?rest_route=\/wp\/v2\/product"}],"about":[{"href":"https:\/\/www.bynaldis-shop.com\/index.php?rest_route=\/wp\/v2\/types\/product"}],"wp:featuredmedia":[{"embeddable":true,"href":"https:\/\/www.bynaldis-shop.com\/index.php?rest_route=\/wp\/v2\/media\/5185"}],"wp:attachment":[{"href":"https:\/\/www.bynaldis-shop.com\/index.php?rest_route=%2Fwp%2Fv2%2Fmedia&parent=1606"}],"wp:term":[{"taxonomy":"product_brand","embeddable":true,"href":"https:\/\/www.bynaldis-shop.com\/index.php?rest_route=%2Fwp%2Fv2%2Fproduct_brand&post=1606"},{"taxonomy":"product_cat","embeddable":true,"href":"https:\/\/www.bynaldis-shop.com\/index.php?rest_route=%2Fwp%2Fv2%2Fproduct_cat&post=1606"},{"taxonomy":"product_tag","embeddable":true,"href":"https:\/\/www.bynaldis-shop.com\/index.php?rest_route=%2Fwp%2Fv2%2Fproduct_tag&post=1606"}],"curies":[{"name":"wp","href":"https:\/\/api.w.org\/{rel}","templated":true}]}}