{"id":1576,"date":"2018-11-07T10:07:14","date_gmt":"2018-11-07T09:07:14","guid":{"rendered":"https:\/\/www.bynaldis-shop.com\/?post_type=product&#038;p=1576"},"modified":"2025-10-15T14:52:05","modified_gmt":"2025-10-15T12:52:05","slug":"leuchtende-baerenherzen","status":"publish","type":"product","link":"https:\/\/www.bynaldis-shop.com\/?product=leuchtende-baerenherzen","title":{"rendered":"Buch Leuchtende B\u00e4renherzen &#8211; Ein Buch von Diana Naldi &#8211; vorbestellbar"},"content":{"rendered":"<p data-start=\"190\" data-end=\"216\"><strong data-start=\"190\" data-end=\"216\">Leuchtende B\u00e4renherzen<\/strong><\/p>\n<p data-start=\"218\" data-end=\"313\">\u201eMein Name ist Bruno. Und wer bist du?\u201c<br data-start=\"257\" data-end=\"260\" \/>\u201eLuna\u201c, ert\u00f6nte eine freche, doch warmherzige Stimme.<\/p>\n<p data-start=\"315\" data-end=\"687\">So beginnt die zauberhafte Geschichte der kleinen B\u00e4renfamilie \u2013 eine Reise voller Liebe, Mut und Hoffnung, die tief ins Herz ber\u00fchrt. Dieses besondere Buch ist mehr als nur eine Erz\u00e4hlung f\u00fcr Kinder; es ist ein liebevoller Begleiter f\u00fcr alle Menschen, die das Gl\u00fcck der Familie sch\u00e4tzen, den g\u00f6ttlichen Segen sp\u00fcren und sich nach tiefem Vertrauen und Geborgenheit sehnen.<\/p>\n<p data-start=\"689\" data-end=\"1093\">In einer Welt, die oft unruhig und schnelllebig ist, \u00f6ffnet \u201eLeuchtende B\u00e4renherzen\u201c eine Oase der Ruhe und des Friedens. Es erinnert uns daran, wie wichtig es ist, sich aufeinander zu verlassen, gemeinsam durch Herausforderungen zu gehen und das Licht der Liebe in unseren Herzen erstrahlen zu lassen. Mit jeder Seite w\u00e4chst der Glaube an die Kraft des Mutes und der Freude, die uns tragen und sch\u00fctzen.<\/p>\n<p data-start=\"1095\" data-end=\"1429\">Dieses Buch schenkt Kindern und Erwachsenen gleicherma\u00dfen die M\u00f6glichkeit, in die zauberhafte Welt von Bruno, Luna und ihrer Familie einzutauchen \u2013 eine Welt voller W\u00e4rme, Vertrauen und g\u00f6ttlichem Schutz. Es l\u00e4dt ein, das eigene Herz zu \u00f6ffnen, das Gl\u00fcck bewusst zu leben und sich vom liebevollen Licht der Familie ber\u00fchren zu lassen.<\/p>\n<p data-start=\"1431\" data-end=\"1607\">\u201eLeuchtende B\u00e4renherzen\u201c ist ein kostbarer Schatz, der Mut macht, Freude schenkt und die Seele n\u00e4hrt \u2013 ein Geschenk voller Liebe, das lange nachklingt und das Herz weit \u00f6ffnet.<\/p>\n<p data-start=\"122\" data-end=\"156\"><strong data-start=\"122\" data-end=\"156\">\u00dcber die Autorin \u2013 Diana Naldi<\/strong><\/p>\n<p data-start=\"158\" data-end=\"450\">Diana Naldi schreibt aus tiefstem Herzen f\u00fcr Kinder und Erwachsene, die das Licht, die Liebe und die Magie des Lebens sp\u00fcren m\u00f6chten. Ihre Geschichten und Werke sind gepr\u00e4gt von einer liebevollen Verbindung zur Natur, zur Familie und zu den unsichtbaren, sch\u00fctzenden Kr\u00e4ften, die uns umgeben.<\/p>\n<p data-start=\"452\" data-end=\"754\">Mit viel Feingef\u00fchl und einer gro\u00dfen Portion Herzensw\u00e4rme schafft Diana R\u00e4ume, in denen Mut, Vertrauen und Geborgenheit wachsen k\u00f6nnen. Ihre Texte laden ein, das Leben achtsam und voller Freude zu betrachten, sich vom g\u00f6ttlichen Schutz getragen zu wissen und die eigene Herzensw\u00e4rme leuchten zu lassen.<\/p>\n<p data-start=\"756\" data-end=\"1051\">Sie ist gl\u00fccklich verheiratet, lebt mit ihrem Mann, zwei S\u00f6hnen und ihren Tieren eine liebevolle Familie und erf\u00fcllt ihre Berufung mit gro\u00dfer Dankbarkeit. Diana folgt ihrem inneren Auftrag, als Wegbegleiterin und Lichtbringerin Menschen mit Worten und Geschichten zu ber\u00fchren und zu inspirieren.<\/p>\n<p data-start=\"1053\" data-end=\"1255\">Als kreative Seele und sanfte Wegbegleiterin m\u00f6chte Diana mit ihren B\u00fcchern Menschen aller Altersgruppen ber\u00fchren, inspirieren und ihnen ein Gef\u00fchl von Zuhause schenken \u2013 in sich selbst und in der Welt.<\/p>\n<p data-start=\"1053\" data-end=\"1255\">Entdecke in unserem Shop auch viele weitere spannende B\u00fccher zur Herzensliebe, Kinder, R\u00e4ucherstoffen, Ritualen, Naturwissen und Spiritualit\u00e4t. Jedes einzelne liebevoll gestaltet, um dich auf deinem pers\u00f6nlichen Weg zu begleiten und zu inspirieren.<\/p>\n","protected":false},"excerpt":{"rendered":"<p>Leuchtende B\u00e4renherzen \u201eMein Name ist Bruno. Und wer bist du?\u201c\u201eLuna\u201c, ert\u00f6nte eine freche, doch warmherzige Stimme. So beginnt die zauberhafte Geschichte der kleinen B\u00e4renfamilie \u2013 eine Reise voller Liebe, Mut und Hoffnung, die tief ins Herz ber\u00fchrt. Dieses besondere Buch ist mehr als nur eine Erz\u00e4hlung f\u00fcr Kinder; es ist ein liebevoller Begleiter f\u00fcr alle [&hellip;]<\/p>\n<p><a class=\"read-more\" href=\"https:\/\/www.bynaldis-shop.com\/?product=leuchtende-baerenherzen\">Mehr lesen<span class=\"meta-nav\">&rarr;<\/span><\/a><\/p>\n","protected":false},"featured_media":9019,"template":"","meta":[],"product_brand":[],"product_cat":[268],"product_tag":[],"class_list":{"0":"post-1576","1":"product","2":"type-product","3":"status-publish","4":"has-post-thumbnail","6":"product_cat-demnaechst-lieferbar","8":"first","9":"instock","10":"taxable","11":"shipping-taxable","12":"purchasable","13":"product-type-simple"},"_links":{"self":[{"href":"https:\/\/www.bynaldis-shop.com\/index.php?rest_route=\/wp\/v2\/product\/1576","targetHints":{"allow":["GET"]}}],"collection":[{"href":"https:\/\/www.bynaldis-shop.com\/index.php?rest_route=\/wp\/v2\/product"}],"about":[{"href":"https:\/\/www.bynaldis-shop.com\/index.php?rest_route=\/wp\/v2\/types\/product"}],"wp:featuredmedia":[{"embeddable":true,"href":"https:\/\/www.bynaldis-shop.com\/index.php?rest_route=\/wp\/v2\/media\/9019"}],"wp:attachment":[{"href":"https:\/\/www.bynaldis-shop.com\/index.php?rest_route=%2Fwp%2Fv2%2Fmedia&parent=1576"}],"wp:term":[{"taxonomy":"product_brand","embeddable":true,"href":"https:\/\/www.bynaldis-shop.com\/index.php?rest_route=%2Fwp%2Fv2%2Fproduct_brand&post=1576"},{"taxonomy":"product_cat","embeddable":true,"href":"https:\/\/www.bynaldis-shop.com\/index.php?rest_route=%2Fwp%2Fv2%2Fproduct_cat&post=1576"},{"taxonomy":"product_tag","embeddable":true,"href":"https:\/\/www.bynaldis-shop.com\/index.php?rest_route=%2Fwp%2Fv2%2Fproduct_tag&post=1576"}],"curies":[{"name":"wp","href":"https:\/\/api.w.org\/{rel}","templated":true}]}}